565
CDUS43 KSGF 040626
CLIJLN


CLIMATE REPORT
NATIONAL WEATHER SERVICE SPRINGFIELD MO
1226 AM CST MON DEC 4 2017


...................................

...THE JOPLIN MO CLIMATE SUMMARY FOR DECEMBER 3 2017...

CLIMATE NORMAL PERIOD 1981 TO 2010
CLIMATE RECORD PERIOD 1902 TO 2017


WEATHER ITEM   OBSERVED TIME   RECORD YEAR NORMAL DEPARTURE LAST
                VALUE   (LST)  VALUE       VALUE  FROM      YEAR
                                                  NORMAL
..................................................................
TEMPERATURE (F)
 YESTERDAY
  MAXIMUM         73R   130 PM  73    2012  51     22       53
  MINIMUM         44    312 AM  10    2006  31     13       40
  AVERAGE         59                        41     18       47

PRECIPITATION (IN)
  YESTERDAY        0.00          1.27 1999   0.11  -0.11     0.06
  MONTH TO DATE    0.00                      0.33  -0.33     0.06
  SINCE DEC 1      0.00                      0.33  -0.33     0.06
  SINCE JAN 1     45.00                     44.06   0.94    38.70

DEGREE DAYS
 HEATING
  YESTERDAY        6                        24    -18       18
  MONTH TO DATE   32                        72    -40       61
  SINCE DEC 1     32                        72    -40       61
  SINCE JUL 1    677                       829   -152      516

 COOLING
  YESTERDAY        0                         0      0        0
  MONTH TO DATE    0                         0      0        0
  SINCE DEC 1      0                         0      0        0
  SINCE JAN 1   1750                      1698     52     1878
..................................................................


WIND (MPH)
  HIGHEST WIND SPEED    25   HIGHEST WIND DIRECTION     S (180)
  HIGHEST GUST SPEED    33   HIGHEST GUST DIRECTION     S (190)
  AVERAGE WIND SPEED    12.3


SKY COVER
  AVERAGE SKY COVER 0.1


WEATHER CONDITIONS
 THE FOLLOWING WEATHER WAS RECORDED YESTERDAY.
  NO SIGNIFICANT WEATHER WAS OBSERVED.


RELATIVE HUMIDITY (PERCENT)
 HIGHEST    93           200 AM
 LOWEST     57           200 PM
 AVERAGE    75

..........................................................


THE JOPLIN MO CLIMATE NORMALS FOR TODAY
                         NORMAL    RECORD    YEAR
 MAXIMUM TEMPERATURE (F)   50        74      2001
 MINIMUM TEMPERATURE (F)   30        11      2006


SUNRISE AND SUNSET
DECEMBER  4 2017......SUNRISE   716 AM CST   SUNSET   501 PM CST
DECEMBER  5 2017......SUNRISE   717 AM CST   SUNSET   501 PM CST


-  INDICATES NEGATIVE NUMBERS.
R  INDICATES RECORD WAS SET OR TIED.
MM INDICATES DATA IS MISSING.
T  INDICATES TRACE AMOUNT.




$$
