000
CDUS43 KSGF 200630
CLIJLN


CLIMATE REPORT
NATIONAL WEATHER SERVICE SPRINGFIELD MO
1229 AM CST THU NOV 20 2014


...................................

...THE JOPLIN MO CLIMATE SUMMARY FOR NOVEMBER 19 2014...

CLIMATE NORMAL PERIOD 1981 TO 2010
CLIMATE RECORD PERIOD 1902 TO 2014


WEATHER ITEM   OBSERVED TIME   RECORD YEAR NORMAL DEPARTURE LAST
                VALUE   (LST)  VALUE       VALUE  FROM      YEAR
                                                  NORMAL
..................................................................
TEMPERATURE (F)
 YESTERDAY
  MAXIMUM         52    256 PM  75    1950  57     -5       60
  MINIMUM         27   1042 PM  21    1969  37    -10       42
  AVERAGE         40                        47     -7       51

PRECIPITATION (IN)
  YESTERDAY        0.00          1.54 1994   0.12  -0.12     0.00
  MONTH TO DATE    1.42                      2.47  -1.05     1.62
  SINCE SEP 1     13.90                     11.45   2.45     6.34
  SINCE JAN 1     29.34                     42.42 -13.08    41.80

DEGREE DAYS
 HEATING
  YESTERDAY       25                        18      7       14
  MONTH TO DATE  485                       273    212      296
  SINCE SEP 1    697                       524    173      573
  SINCE JUL 1    698                       525    173      573

 COOLING
  YESTERDAY        0                         0      0        0
  MONTH TO DATE    0                         5     -5        0
  SINCE SEP 1    250                       269    -19      304
  SINCE JAN 1   1583                      1696   -113     1568
..................................................................


WIND (MPH)
  HIGHEST WIND SPEED    28   HIGHEST WIND DIRECTION    SW (210)
  HIGHEST GUST SPEED    35   HIGHEST GUST DIRECTION    SW (210)
  AVERAGE WIND SPEED    11.9


SKY COVER
  AVERAGE SKY COVER 0.0


WEATHER CONDITIONS
 THE FOLLOWING WEATHER WAS RECORDED YESTERDAY.
  NO SIGNIFICANT WEATHER WAS OBSERVED.


RELATIVE HUMIDITY (PERCENT)
 HIGHEST    78           900 PM
 LOWEST     37           400 AM
 AVERAGE    58

..........................................................


THE JOPLIN MO CLIMATE NORMALS FOR TODAY
                         NORMAL    RECORD    YEAR
 MAXIMUM TEMPERATURE (F)   57        75      2007
 MINIMUM TEMPERATURE (F)   36        21      2006


SUNRISE AND SUNSET
NOVEMBER 20 2014......SUNRISE   702 AM CST   SUNSET   505 PM CST
NOVEMBER 21 2014......SUNRISE   703 AM CST   SUNSET   504 PM CST


-  INDICATES NEGATIVE NUMBERS.
R  INDICATES RECORD WAS SET OR TIED.
MM INDICATES DATA IS MISSING.
T  INDICATES TRACE AMOUNT.




$$
