000
CDUS43 KSGF 190634
CLIJLN


CLIMATE REPORT
NATIONAL WEATHER SERVICE SPRINGFIELD MO
133 AM CDT FRI MAY 19 2017


...................................

...THE JOPLIN MO CLIMATE SUMMARY FOR MAY 18 2017...

CLIMATE NORMAL PERIOD 1981 TO 2010
CLIMATE RECORD PERIOD 1902 TO 2017


WEATHER ITEM   OBSERVED TIME   RECORD YEAR NORMAL DEPARTURE LAST
                VALUE   (LST)  VALUE       VALUE  FROM      YEAR
                                                  NORMAL
..................................................................
TEMPERATURE (F)
 YESTERDAY
  MAXIMUM         87    244 PM  90    1987  78      9       69
  MINIMUM         64   1159 PM  39    2002  57      7       47
  AVERAGE         76                        67      9       58

PRECIPITATION (IN)
  YESTERDAY        0.41          1.47 1978   0.18   0.23      T
  MONTH TO DATE    4.00                      3.40   0.60     4.11
  SINCE MAR 1     17.94                     11.29   6.65    11.23
  SINCE JAN 1     21.93                     15.64   6.29    11.90

DEGREE DAYS
 HEATING
  YESTERDAY        0                         2     -2        7
  MONTH TO DATE   44                        51     -7      106
  SINCE MAR 1    599                       800   -201      622
  SINCE JUL 1   3151                      4054   -903     3372

 COOLING
  YESTERDAY       11                         4      7        0
  MONTH TO DATE   79                        56     23       24
  SINCE MAR 1    143                       109     34       46
  SINCE JAN 1    153                       110     43       47
..................................................................


WIND (MPH)
  HIGHEST WIND SPEED    37   HIGHEST WIND DIRECTION     W (250)
  HIGHEST GUST SPEED    45   HIGHEST GUST DIRECTION    SW (240)
  AVERAGE WIND SPEED    12.2


SKY COVER
  AVERAGE SKY COVER 0.2


WEATHER CONDITIONS
 THE FOLLOWING WEATHER WAS RECORDED YESTERDAY.
  THUNDERSTORM
  HEAVY RAIN
  RAIN
  LIGHT RAIN
  FOG


RELATIVE HUMIDITY (PERCENT)
 HIGHEST    90           400 AM
 LOWEST     51           200 PM
 AVERAGE    71

..........................................................


THE JOPLIN MO CLIMATE NORMALS FOR TODAY
                         NORMAL    RECORD    YEAR
 MAXIMUM TEMPERATURE (F)   78        91      1987
                                             2006
 MINIMUM TEMPERATURE (F)   57        43      1993
                                             2002


SUNRISE AND SUNSET
MAY 19 2017...........SUNRISE   606 AM CDT   SUNSET   823 PM CDT
MAY 20 2017...........SUNRISE   606 AM CDT   SUNSET   824 PM CDT


-  INDICATES NEGATIVE NUMBERS.
R  INDICATES RECORD WAS SET OR TIED.
MM INDICATES DATA IS MISSING.
T  INDICATES TRACE AMOUNT.




$$
