000
CDUS43 KSGF 022232
CLIJLN


CLIMATE REPORT
NATIONAL WEATHER SERVICE SPRINGFIELD MO
432 PM CST MON JAN 2 2017


...................................

...THE JOPLIN MO CLIMATE SUMMARY FOR JANUARY 2 2017...
VALID AS OF 0400 PM LOCAL TIME.

CLIMATE NORMAL PERIOD 1981 TO 2010
CLIMATE RECORD PERIOD 1902 TO 2017


WEATHER ITEM   OBSERVED TIME   RECORD YEAR NORMAL DEPARTURE LAST
                VALUE   (LST)  VALUE       VALUE  FROM      YEAR
                                                  NORMAL
..................................................................
TEMPERATURE (F)
 TODAY
  MAXIMUM         60    207 PM  75    1997  44     16       50
  MINIMUM         46   1207 AM  -3    2001  25     21       26
  AVERAGE         53                        35     18       38

PRECIPITATION (IN)
  TODAY            0.02          1.19 1951   0.08  -0.06     0.00
  MONTH TO DATE    0.02                      0.15  -0.13     0.00
  SINCE DEC 1      0.61                      2.97  -2.36     9.77
  SINCE JAN 1      0.02                      0.15  -0.13     0.00

DEGREE DAYS
 HEATING
  TODAY           12                        30    -18       27
  MONTH TO DATE   35                        60    -25       60
  SINCE DEC 1    912                       920     -8      697
  SINCE JUL 1   1367                      1677   -310     1315

 COOLING
  TODAY            0                         0      0        0
  MONTH TO DATE    0                         0      0        0
  SINCE DEC 1      0                         0      0        3
  SINCE JAN 1      0                         0      0        0
..................................................................


WIND (MPH)
  HIGHEST WIND SPEED    14   HIGHEST WIND DIRECTION    SE (120)
  HIGHEST GUST SPEED    19   HIGHEST GUST DIRECTION    SE (140)


SKY COVER
  AVERAGE SKY COVER 0.9


WEATHER CONDITIONS
 THE FOLLOWING WEATHER WAS RECORDED TODAY.
  LIGHT RAIN
  FOG


RELATIVE HUMIDITY (PERCENT)
 HIGHEST   100           200 AM
 LOWEST     80          1100 AM
 AVERAGE    90

..........................................................


THE JOPLIN MO CLIMATE NORMALS FOR TOMORROW
                         NORMAL    RECORD    YEAR
 MAXIMUM TEMPERATURE (F)   44        74      2009
 MINIMUM TEMPERATURE (F)   25         0      1959


SUNRISE AND SUNSET
JANUARY  2 2017.......SUNRISE   732 AM CST   SUNSET   513 PM CST
JANUARY  3 2017.......SUNRISE   732 AM CST   SUNSET   514 PM CST


-  INDICATES NEGATIVE NUMBERS.
R  INDICATES RECORD WAS SET OR TIED.
MM INDICATES DATA IS MISSING.
T  INDICATES TRACE AMOUNT.




$$
