000
CDUS43 KSGF 150645
CLIJLN


CLIMATE REPORT
NATIONAL WEATHER SERVICE SPRINGFIELD MO
145 AM CDT FRI APR 15 2016


...................................

...THE JOPLIN MO CLIMATE SUMMARY FOR APRIL 14 2016...

CLIMATE NORMAL PERIOD 1981 TO 2010
CLIMATE RECORD PERIOD 1902 TO 2016


WEATHER ITEM   OBSERVED TIME   RECORD YEAR NORMAL DEPARTURE LAST
                VALUE   (LST)  VALUE       VALUE  FROM      YEAR
                                                  NORMAL
..................................................................
TEMPERATURE (F)
 YESTERDAY
  MAXIMUM         72    438 PM  88    2006  70      2       66
  MINIMUM         46    616 AM  28    2014  46      0       51
                                      2008
                                      1950
  AVERAGE         59                        58      1       59

PRECIPITATION (IN)
  YESTERDAY        0.00          2.58 1999   0.14  -0.14      T
  MONTH TO DATE    0.95                      1.79  -0.84     2.12
  SINCE MAR 1      3.52                      5.21  -1.69     3.95
  SINCE JAN 1      4.19                      9.56  -5.37     5.47

DEGREE DAYS
 HEATING
  YESTERDAY        6                         8     -2        6
  MONTH TO DATE  116                       141    -25       92
  SINCE MAR 1    478                       649   -171      582
  SINCE JUL 1   3228                      3903   -675     4118

 COOLING
  YESTERDAY        0                         1     -1        0
  MONTH TO DATE    3                        14    -11       32
  SINCE MAR 1      6                        23    -17       32
  SINCE JAN 1      7                        24    -17       32
..................................................................


WIND (MPH)
  HIGHEST WIND SPEED    16   HIGHEST WIND DIRECTION     E (110)
  HIGHEST GUST SPEED    19   HIGHEST GUST DIRECTION     E (110)
  AVERAGE WIND SPEED     5.3


SKY COVER
  AVERAGE SKY COVER 0.3


WEATHER CONDITIONS
 THE FOLLOWING WEATHER WAS RECORDED YESTERDAY.
  NO SIGNIFICANT WEATHER WAS OBSERVED.


RELATIVE HUMIDITY (PERCENT)
 HIGHEST    71          1200 AM
 LOWEST     40          1100 AM
 AVERAGE    56

..........................................................


THE JOPLIN MO CLIMATE NORMALS FOR TODAY
                         NORMAL    RECORD    YEAR
 MAXIMUM TEMPERATURE (F)   70        86      2006
                                             2002
 MINIMUM TEMPERATURE (F)   47        25      2014


SUNRISE AND SUNSET
APRIL 15 2016.........SUNRISE   643 AM CDT   SUNSET   753 PM CDT
APRIL 16 2016.........SUNRISE   642 AM CDT   SUNSET   754 PM CDT


-  INDICATES NEGATIVE NUMBERS.
R  INDICATES RECORD WAS SET OR TIED.
MM INDICATES DATA IS MISSING.
T  INDICATES TRACE AMOUNT.




$$
