000
CDUS43 KSGF 082129
CLIJLN


CLIMATE REPORT
NATIONAL WEATHER SERVICE SPRINGFIELD MO
429 PM CDT FRI JUL 8 2016


...................................

...THE JOPLIN MO CLIMATE SUMMARY FOR JULY 8 2016...
VALID AS OF 0400 PM LOCAL TIME.

CLIMATE NORMAL PERIOD 1981 TO 2010
CLIMATE RECORD PERIOD 1902 TO 2016


WEATHER ITEM   OBSERVED TIME   RECORD YEAR NORMAL DEPARTURE LAST
                VALUE   (LST)  VALUE       VALUE  FROM      YEAR
                                                  NORMAL
..................................................................
TEMPERATURE (F)
 TODAY
  MAXIMUM         87    242 PM 101    1980  90     -3       73
  MINIMUM         66   1212 AM  56    1958  70     -4       66
  AVERAGE         77                        80     -3       70

PRECIPITATION (IN)
  TODAY            0.52          3.14 2015   0.15   0.37     3.14
  MONTH TO DATE    3.21                      1.13   2.08     4.16
  SINCE JUN 1      9.33                      6.99   2.34    11.83
  SINCE JAN 1     23.43                     24.94  -1.51    29.54

DEGREE DAYS
 HEATING
  TODAY            0                         0      0        0
  MONTH TO DATE    0                         0      0        0
  SINCE JUN 1      0                         5     -5        0
  SINCE JUL 1      0                         0      0        0

 COOLING
  TODAY           12                        15     -3        5
  MONTH TO DATE  114                       116     -2       94
  SINCE JUN 1    537                       434    103      479
  SINCE JAN 1    651                       614     37      623
..................................................................


WIND (MPH)
  HIGHEST WIND SPEED    20   HIGHEST WIND DIRECTION     N (340)
  HIGHEST GUST SPEED    26   HIGHEST GUST DIRECTION    SW (220)


SKY COVER
  AVERAGE SKY COVER 0.2


WEATHER CONDITIONS
 THE FOLLOWING WEATHER WAS RECORDED TODAY.
  THUNDERSTORM
  HEAVY RAIN
  LIGHT RAIN
  FOG


RELATIVE HUMIDITY (PERCENT)
 HIGHEST    90           300 AM
 LOWEST     65           100 PM
 AVERAGE    78

..........................................................


THE JOPLIN MO CLIMATE NORMALS FOR TOMORROW
                         NORMAL    RECORD    YEAR
 MAXIMUM TEMPERATURE (F)   90       102      1980
 MINIMUM TEMPERATURE (F)   70        56      1952


SUNRISE AND SUNSET
JULY  8 2016..........SUNRISE   606 AM CDT   SUNSET   841 PM CDT
JULY  9 2016..........SUNRISE   606 AM CDT   SUNSET   840 PM CDT


-  INDICATES NEGATIVE NUMBERS.
R  INDICATES RECORD WAS SET OR TIED.
MM INDICATES DATA IS MISSING.
T  INDICATES TRACE AMOUNT.




$$
