000
CDUS43 KSGF 260629
CLIJLN


CLIMATE REPORT
NATIONAL WEATHER SERVICE SPRINGFIELD MO
1228 AM CST SUN NOV 26 2017


...................................

...THE JOPLIN MO CLIMATE SUMMARY FOR NOVEMBER 25 2017...

CLIMATE NORMAL PERIOD 1981 TO 2010
CLIMATE RECORD PERIOD 1902 TO 2017


WEATHER ITEM   OBSERVED TIME   RECORD YEAR NORMAL DEPARTURE LAST
                VALUE   (LST)  VALUE       VALUE  FROM      YEAR
                                                  NORMAL
..................................................................
TEMPERATURE (F)
 YESTERDAY
  MAXIMUM         62    232 PM  78    1965  54      8       50
  MINIMUM         34   1159 PM  14    1950  34      0       32
  AVERAGE         48                        44      4       41

PRECIPITATION (IN)
  YESTERDAY        0.00          0.96 1952   0.13  -0.13     0.00
  MONTH TO DATE    0.26                      3.19  -2.93     0.87
  SINCE SEP 1      6.06                     12.17  -6.11     8.86
  SINCE JAN 1     44.74                     43.14   1.60    38.64

DEGREE DAYS
 HEATING
  YESTERDAY       17                        21     -4       24
  MONTH TO DATE  365                       393    -28      264
  SINCE SEP 1    596                       644    -48      366
  SINCE JUL 1    596                       645    -49      366

 COOLING
  YESTERDAY        0                         0      0        0
  MONTH TO DATE    1                         5     -4       27
  SINCE SEP 1    318                       269     49      391
  SINCE JAN 1   1750                      1696     54     1878
..................................................................


WIND (MPH)
  HIGHEST WIND SPEED    17   HIGHEST WIND DIRECTION     N (360)
  HIGHEST GUST SPEED    28   HIGHEST GUST DIRECTION     N (360)
  AVERAGE WIND SPEED     7.3


SKY COVER
  AVERAGE SKY COVER 0.1


WEATHER CONDITIONS
 THE FOLLOWING WEATHER WAS RECORDED YESTERDAY.
  FOG
  HAZE


RELATIVE HUMIDITY (PERCENT)
 HIGHEST    83           700 AM
 LOWEST     35           400 PM
 AVERAGE    59

..........................................................


THE JOPLIN MO CLIMATE NORMALS FOR TODAY
                         NORMAL    RECORD    YEAR
 MAXIMUM TEMPERATURE (F)   54        78      1990
 MINIMUM TEMPERATURE (F)   33        11      1975
                                             1977


SUNRISE AND SUNSET
NOVEMBER 26 2017......SUNRISE   708 AM CST   SUNSET   502 PM CST
NOVEMBER 27 2017......SUNRISE   709 AM CST   SUNSET   502 PM CST


-  INDICATES NEGATIVE NUMBERS.
R  INDICATES RECORD WAS SET OR TIED.
MM INDICATES DATA IS MISSING.
T  INDICATES TRACE AMOUNT.




$$
