000
CDUS43 KSGF 130633
CLIJLN


CLIMATE REPORT
NATIONAL WEATHER SERVICE SPRINGFIELD MO
133 AM CDT TUE SEP 13 2016


...................................

...THE JOPLIN MO CLIMATE SUMMARY FOR SEPTEMBER 12 2016...

CLIMATE NORMAL PERIOD 1981 TO 2010
CLIMATE RECORD PERIOD 1902 TO 2016


WEATHER ITEM   OBSERVED TIME   RECORD YEAR NORMAL DEPARTURE LAST
                VALUE   (LST)  VALUE       VALUE  FROM      YEAR
                                                  NORMAL
..................................................................
TEMPERATURE (F)
 YESTERDAY
  MAXIMUM         86    226 PM  97    1956  84      2       71
  MINIMUM         62    620 AM  46    1959  61      1       48
  AVERAGE         74                        72      2       60

PRECIPITATION (IN)
  YESTERDAY        0.00          1.12 2000   0.18  -0.18     0.00
  MONTH TO DATE    2.62                      1.94   0.68     0.94
  SINCE SEP 1      2.62                      1.94   0.68     0.94
  SINCE JAN 1     32.40                     32.91  -0.51    39.64

DEGREE DAYS
 HEATING
  YESTERDAY        0                         1     -1        5
  MONTH TO DATE    0                         1     -1        5
  SINCE SEP 1      0                         1     -1        5
  SINCE JUL 1      0                         2     -2        6

 COOLING
  YESTERDAY        9                         8      1        0
  MONTH TO DATE  115                       118     -3      147
  SINCE SEP 1    115                       118     -3      147
  SINCE JAN 1   1602                      1545     57     1533
..................................................................


WIND (MPH)
  HIGHEST WIND SPEED    16   HIGHEST WIND DIRECTION     S (170)
  HIGHEST GUST SPEED    22   HIGHEST GUST DIRECTION     S (170)
  AVERAGE WIND SPEED     8.6


SKY COVER
  AVERAGE SKY COVER 0.0


WEATHER CONDITIONS
 THE FOLLOWING WEATHER WAS RECORDED YESTERDAY.
  HAZE


RELATIVE HUMIDITY (PERCENT)
 HIGHEST    78           100 AM
 LOWEST     48           400 PM
 AVERAGE    63

..........................................................


THE JOPLIN MO CLIMATE NORMALS FOR TODAY
                         NORMAL    RECORD    YEAR
 MAXIMUM TEMPERATURE (F)   83       100      2011
 MINIMUM TEMPERATURE (F)   61        39      1902


SUNRISE AND SUNSET
SEPTEMBER 13 2016.....SUNRISE   659 AM CDT   SUNSET   728 PM CDT
SEPTEMBER 14 2016.....SUNRISE   700 AM CDT   SUNSET   726 PM CDT


-  INDICATES NEGATIVE NUMBERS.
R  INDICATES RECORD WAS SET OR TIED.
MM INDICATES DATA IS MISSING.
T  INDICATES TRACE AMOUNT.




$$
