000
CDUS43 KSGF 240630
CLIJLN


CLIMATE REPORT
NATIONAL WEATHER SERVICE SPRINGFIELD MO
1230 AM CST THU NOV 24 2016


...................................

...THE JOPLIN MO CLIMATE SUMMARY FOR NOVEMBER 23 2016...

CLIMATE NORMAL PERIOD 1981 TO 2010
CLIMATE RECORD PERIOD 1902 TO 2016


WEATHER ITEM   OBSERVED TIME   RECORD YEAR NORMAL DEPARTURE LAST
                VALUE   (LST)  VALUE       VALUE  FROM      YEAR
                                                  NORMAL
..................................................................
TEMPERATURE (F)
 YESTERDAY
  MAXIMUM         58   1256 AM  76    2006  55      3       63
                                      1966
  MINIMUM         43   1159 PM  13    1950  35      8       38
  AVERAGE         51                        45      6       51

PRECIPITATION (IN)
  YESTERDAY        0.01          0.50 2014   0.12  -0.11     0.00
  MONTH TO DATE    0.87                      2.94  -2.07     4.82
  SINCE SEP 1      8.86                     11.92  -3.06     6.64
  SINCE JAN 1     38.64                     42.89  -4.25    45.34

DEGREE DAYS
 HEATING
  YESTERDAY       14                        20     -6       14
  MONTH TO DATE  225                       351   -126      293
  SINCE SEP 1    327                       602   -275      481
  SINCE JUL 1    327                       603   -276      482

 COOLING
  YESTERDAY        0                         0      0        0
  MONTH TO DATE   27                         5     22        2
  SINCE SEP 1    391                       269    122      317
  SINCE JAN 1   1878                      1696    182     1703
..................................................................


WIND (MPH)
  HIGHEST WIND SPEED    18   HIGHEST WIND DIRECTION    NW (310)
  HIGHEST GUST SPEED    23   HIGHEST GUST DIRECTION    NW (310)
  AVERAGE WIND SPEED     8.6


SKY COVER
  AVERAGE SKY COVER 0.9


WEATHER CONDITIONS
 THE FOLLOWING WEATHER WAS RECORDED YESTERDAY.
  LIGHT RAIN
  FOG


RELATIVE HUMIDITY (PERCENT)
 HIGHEST   100           200 AM
 LOWEST     82           400 PM
 AVERAGE    91

..........................................................


THE JOPLIN MO CLIMATE NORMALS FOR TODAY
                         NORMAL    RECORD    YEAR
 MAXIMUM TEMPERATURE (F)   55        76      2006
 MINIMUM TEMPERATURE (F)   34        10      1950


SUNRISE AND SUNSET
NOVEMBER 24 2016......SUNRISE   707 AM CST   SUNSET   503 PM CST
NOVEMBER 25 2016......SUNRISE   708 AM CST   SUNSET   502 PM CST


-  INDICATES NEGATIVE NUMBERS.
R  INDICATES RECORD WAS SET OR TIED.
MM INDICATES DATA IS MISSING.
T  INDICATES TRACE AMOUNT.




$$
