000
CDUS43 KSGF 010707
CLIJLN


CLIMATE REPORT
NATIONAL WEATHER SERVICE SPRINGFIELD MO
206 AM CDT TUE AUG 1 2017


...................................

...THE JOPLIN MO CLIMATE SUMMARY FOR JULY 31 2017...

CLIMATE NORMAL PERIOD 1981 TO 2010
CLIMATE RECORD PERIOD 1902 TO 2017


WEATHER ITEM   OBSERVED TIME   RECORD YEAR NORMAL DEPARTURE LAST
                VALUE   (LST)  VALUE       VALUE  FROM      YEAR
                                                  NORMAL
..................................................................
TEMPERATURE (F)
 YESTERDAY
  MAXIMUM         91    204 PM 104    1980  92     -1       94
  MINIMUM         64    454 AM  51    1971  70     -6       72
  AVERAGE         78                        81     -3       83

PRECIPITATION (IN)
  YESTERDAY        T             3.08 1989   0.10  -0.10     0.00
  MONTH TO DATE    3.11                      3.81  -0.70     5.30
  SINCE JUN 1      7.29                      9.67  -2.38    11.42
  SINCE JAN 1     33.22                     27.62   5.60    25.52

DEGREE DAYS
 HEATING
  YESTERDAY        0                         0      0        0
  MONTH TO DATE    0                         0      0        0
  SINCE JUN 1      0                         5     -5        0
  SINCE JUL 1      0                         0      0        0

 COOLING
  YESTERDAY       13                        16     -3       18
  MONTH TO DATE  537                       473     64      495
  SINCE JUN 1    866                       791     75      918
  SINCE JAN 1   1073                       971    102     1032
..................................................................


WIND (MPH)
  HIGHEST WIND SPEED    13   HIGHEST WIND DIRECTION     W (270)
  HIGHEST GUST SPEED    22   HIGHEST GUST DIRECTION     S (160)
  AVERAGE WIND SPEED     5.6


SKY COVER
  AVERAGE SKY COVER 0.0


WEATHER CONDITIONS
 THE FOLLOWING WEATHER WAS RECORDED YESTERDAY.
  LIGHT RAIN


RELATIVE HUMIDITY (PERCENT)
 HIGHEST    93           500 AM
 LOWEST     38           100 PM
 AVERAGE    66

..........................................................


THE JOPLIN MO CLIMATE NORMALS FOR TODAY
                         NORMAL    RECORD    YEAR
 MAXIMUM TEMPERATURE (F)   92       108      2011
 MINIMUM TEMPERATURE (F)   70        57      1992


SUNRISE AND SUNSET
AUGUST  1 2017........SUNRISE   623 AM CDT   SUNSET   825 PM CDT
AUGUST  2 2017........SUNRISE   624 AM CDT   SUNSET   824 PM CDT


-  INDICATES NEGATIVE NUMBERS.
R  INDICATES RECORD WAS SET OR TIED.
MM INDICATES DATA IS MISSING.
T  INDICATES TRACE AMOUNT.




$$
