000
CDUS43 KSGF 162226
CLIJLN


CLIMATE REPORT
NATIONAL WEATHER SERVICE SPRINGFIELD MO
525 PM CDT SAT APR 16 2016


...................................

...THE JOPLIN MO CLIMATE SUMMARY FOR APRIL 16 2016...
VALID TODAY AS OF 0500 PM LOCAL TIME.

CLIMATE NORMAL PERIOD 1981 TO 2010
CLIMATE RECORD PERIOD 1902 TO 2016


WEATHER ITEM   OBSERVED TIME   RECORD YEAR NORMAL DEPARTURE LAST
                VALUE   (LST)  VALUE       VALUE  FROM      YEAR
                                                  NORMAL
..................................................................
TEMPERATURE (F)
 TODAY
  MAXIMUM         73    239 PM  91    2006  70      3       76
  MINIMUM         58    603 AM  29    1953  47     11       54
  AVERAGE         66                        59      7       65

PRECIPITATION (IN)
  TODAY            0.00          0.93 1957   0.15  -0.15     0.00
  MONTH TO DATE    0.95                      2.09  -1.14     2.23
  SINCE MAR 1      3.52                      5.51  -1.99     4.06
  SINCE JAN 1      4.19                      9.86  -5.67     5.58

DEGREE DAYS
 HEATING
  TODAY            0                         8     -8        0
  MONTH TO DATE  121                       157    -36       98
  SINCE MAR 1    483                       665   -182      588
  SINCE JUL 1   3233                      3919   -686     4124

 COOLING
  TODAY            1                         1      0        0
  MONTH TO DATE    4                        16    -12       32
  SINCE MAR 1      7                        25    -18       32
  SINCE JAN 1      8                        26    -18       32
..................................................................


WIND (MPH)
  HIGHEST WIND SPEED    21   HIGHEST WIND DIRECTION    SE (120)
  HIGHEST GUST SPEED    27   HIGHEST GUST DIRECTION     E (110)


SKY COVER
  AVERAGE SKY COVER 0.5


WEATHER CONDITIONS
 THE FOLLOWING WEATHER WAS RECORDED TODAY.
  NO SIGNIFICANT WEATHER WAS OBSERVED.


RELATIVE HUMIDITY (PERCENT)
 HIGHEST    87           500 AM
 LOWEST     61           200 PM
 AVERAGE    74

..........................................................


THE JOPLIN MO CLIMATE NORMALS FOR TOMORROW
                         NORMAL    RECORD    YEAR
 MAXIMUM TEMPERATURE (F)   71        91      2006
 MINIMUM TEMPERATURE (F)   47        30      1953
                                             1956


SUNRISE AND SUNSET
APRIL 16 2016.........SUNRISE   642 AM CDT   SUNSET   754 PM CDT
APRIL 17 2016.........SUNRISE   640 AM CDT   SUNSET   755 PM CDT


-  INDICATES NEGATIVE NUMBERS.
R  INDICATES RECORD WAS SET OR TIED.
MM INDICATES DATA IS MISSING.
T  INDICATES TRACE AMOUNT.




$$
