000
CDUS43 KSGF 092227
CLIJLN


CLIMATE REPORT
NATIONAL WEATHER SERVICE SPRINGFIELD MO
527 PM CDT FRI JUN 9 2017


...................................

...THE JOPLIN MO CLIMATE SUMMARY FOR JUNE 9 2017...
VALID TODAY AS OF 0500 PM LOCAL TIME.

CLIMATE NORMAL PERIOD 1981 TO 2010
CLIMATE RECORD PERIOD 1902 TO 2017


WEATHER ITEM   OBSERVED TIME   RECORD YEAR NORMAL DEPARTURE LAST
                VALUE   (LST)  VALUE       VALUE  FROM      YEAR
                                                  NORMAL
..................................................................
TEMPERATURE (F)
 TODAY
  MAXIMUM         84    337 PM  97    1953  84      0       89
  MINIMUM         59    508 AM  50    1978  63     -4       69
  AVERAGE         72                        74     -2       79

PRECIPITATION (IN)
  TODAY            0.00          2.43 1995   0.21  -0.21     0.00
  MONTH TO DATE    1.01                      1.84  -0.83     1.04
  SINCE JUN 1      1.01                      1.84  -0.83     1.04
  SINCE JAN 1     26.94                     19.79   7.15    15.14

DEGREE DAYS
 HEATING
  TODAY            0                         0      0        0
  MONTH TO DATE    0                         2     -2        0
  SINCE JUN 1      0                         2     -2        0
  SINCE JUL 1   3169                      4071   -902     3389

 COOLING
  TODAY            7                         9     -2       14
  MONTH TO DATE   72                        71      1       74
  SINCE JUN 1     72                        71      1       74
  SINCE JAN 1    279                       251     28      188
..................................................................


WIND (MPH)
  HIGHEST WIND SPEED    15   HIGHEST WIND DIRECTION     S (190)
  HIGHEST GUST SPEED    20   HIGHEST GUST DIRECTION     S (180)


SKY COVER
  AVERAGE SKY COVER 0.1


WEATHER CONDITIONS
 THE FOLLOWING WEATHER WAS RECORDED TODAY.
  NO SIGNIFICANT WEATHER WAS OBSERVED.


RELATIVE HUMIDITY (PERCENT)
 HIGHEST    84          1200 AM
 LOWEST     47           400 PM
 AVERAGE    66

..........................................................


THE JOPLIN MO CLIMATE NORMALS FOR TOMORROW
                         NORMAL    RECORD    YEAR
 MAXIMUM TEMPERATURE (F)   84        99      1953
 MINIMUM TEMPERATURE (F)   64        44      1988


SUNRISE AND SUNSET
JUNE  9 2017..........SUNRISE   558 AM CDT   SUNSET   837 PM CDT
JUNE 10 2017..........SUNRISE   557 AM CDT   SUNSET   838 PM CDT


-  INDICATES NEGATIVE NUMBERS.
R  INDICATES RECORD WAS SET OR TIED.
MM INDICATES DATA IS MISSING.
T  INDICATES TRACE AMOUNT.




$$
