000
CDUS43 KSGF 130627
CLIJLN


CLIMATE REPORT
NATIONAL WEATHER SERVICE SPRINGFIELD MO
127 AM CDT WED AUG 13 2014


...................................

...THE JOPLIN MO CLIMATE SUMMARY FOR AUGUST 12 2014...

CLIMATE NORMAL PERIOD 1981 TO 2010
CLIMATE RECORD PERIOD 1902 TO 2014


WEATHER ITEM   OBSERVED TIME   RECORD YEAR NORMAL DEPARTURE LAST
                VALUE   (LST)  VALUE       VALUE  FROM      YEAR
                                                  NORMAL
..................................................................
TEMPERATURE (F)
 YESTERDAY
  MAXIMUM         82    342 PM 104    1999  92    -10       85
  MINIMUM         58   1111 PM  48    2004  69    -11       70
  AVERAGE         70                        80    -10       78

PRECIPITATION (IN)
  YESTERDAY        0.00          1.19 1961   0.11  -0.11     0.24
  MONTH TO DATE    1.48                      1.22   0.26     4.60
  SINCE JUN 1      6.65                     10.89  -4.24    13.07
  SINCE JAN 1     15.40                     28.84 -13.44    35.46

DEGREE DAYS
 HEATING
  YESTERDAY        0                         0      0        0
  MONTH TO DATE    0                         0      0        0
  SINCE JUN 1      3                         5     -2       12
  SINCE JUL 1      1                         0      1        0

 COOLING
  YESTERDAY        5                        15    -10       13
  MONTH TO DATE  149                       191    -42      154
  SINCE JUN 1    782                       982   -200      885
  SINCE JAN 1    995                      1162   -167     1029
..................................................................


WIND (MPH)
  HIGHEST WIND SPEED    17   HIGHEST WIND DIRECTION    NW (330)
  HIGHEST GUST SPEED    23   HIGHEST GUST DIRECTION    NW (320)
  AVERAGE WIND SPEED     6.5


SKY COVER
  AVERAGE SKY COVER 0.0


WEATHER CONDITIONS
 THE FOLLOWING WEATHER WAS RECORDED YESTERDAY.
  NO SIGNIFICANT WEATHER WAS OBSERVED.


RELATIVE HUMIDITY (PERCENT)
 HIGHEST    93           500 AM
 LOWEST     33           500 PM
 AVERAGE    63

..........................................................


THE JOPLIN MO CLIMATE NORMALS FOR TODAY
                         NORMAL    RECORD    YEAR
 MAXIMUM TEMPERATURE (F)   92       103      1956
 MINIMUM TEMPERATURE (F)   69        49      2004


SUNRISE AND SUNSET
AUGUST 13 2014........SUNRISE   633 AM CDT   SUNSET   812 PM CDT
AUGUST 14 2014........SUNRISE   634 AM CDT   SUNSET   811 PM CDT


-  INDICATES NEGATIVE NUMBERS.
R  INDICATES RECORD WAS SET OR TIED.
MM INDICATES DATA IS MISSING.
T  INDICATES TRACE AMOUNT.




$$
