000
CDUS43 KSGF 012129
CLIJLN


CLIMATE REPORT
NATIONAL WEATHER SERVICE SPRINGFIELD MO
428 PM CDT TUE APR 1 2014


...................................

...THE JOPLIN MO CLIMATE SUMMARY FOR APRIL 1 2014...
VALID AS OF 0400 PM LOCAL TIME.

CLIMATE NORMAL PERIOD 1981 TO 2010
CLIMATE RECORD PERIOD 1902 TO 2014


WEATHER ITEM   OBSERVED TIME   RECORD YEAR NORMAL DEPARTURE LAST
                VALUE   (LST)  VALUE       VALUE  FROM      YEAR
                                                  NORMAL
..................................................................
TEMPERATURE (F)
 TODAY
  MAXIMUM         50   1259 PM  88    2012  65    -15       51
  MINIMUM         33    430 AM  26    1972  42     -9       40
  AVERAGE         42                        54    -12       46

PRECIPITATION (IN)
  TODAY            0.04          1.61 1988   0.12  -0.08     0.01
  MONTH TO DATE    0.04                      0.12  -0.08     0.01
  SINCE MAR 1      1.92                      3.54  -1.62     2.71
  SINCE JAN 1      2.77                      7.89  -5.12     7.86

DEGREE DAYS
 HEATING
  TODAY           23                        12     11       19
  MONTH TO DATE   23                        12     11       19
  SINCE MAR 1    686                       520    166      676
  SINCE JUL 1   4535                      3774    761     3792

 COOLING
  TODAY            0                         1     -1        0
  MONTH TO DATE    0                         1     -1        0
  SINCE MAR 1      0                        10    -10        0
  SINCE JAN 1      0                        11    -11        1
..................................................................


WIND (MPH)
  HIGHEST WIND SPEED    16   HIGHEST WIND DIRECTION    NW (330)
  HIGHEST GUST SPEED    19   HIGHEST GUST DIRECTION    NW (320)


SKY COVER
  AVERAGE SKY COVER 0.7


WEATHER CONDITIONS
 THE FOLLOWING WEATHER WAS RECORDED TODAY.
  THUNDERSTORM
  HEAVY RAIN
  LIGHT RAIN


RELATIVE HUMIDITY (PERCENT)
 HIGHEST    64           400 AM
 LOWEST     42           100 AM
 AVERAGE    53

..........................................................


THE JOPLIN MO CLIMATE NORMALS FOR TOMORROW
                         NORMAL    RECORD    YEAR
 MAXIMUM TEMPERATURE (F)   66        86      2007
 MINIMUM TEMPERATURE (F)   43        25      1992


SUNRISE AND SUNSET
APRIL  1 2014.........SUNRISE   704 AM CDT   SUNSET   741 PM CDT
APRIL  2 2014.........SUNRISE   702 AM CDT   SUNSET   741 PM CDT


-  INDICATES NEGATIVE NUMBERS.
R  INDICATES RECORD WAS SET OR TIED.
MM INDICATES DATA IS MISSING.
T  INDICATES TRACE AMOUNT.




$$
