000
CDUS43 KSGF 210625
CLIJLN


CLIMATE REPORT
NATIONAL WEATHER SERVICE SPRINGFIELD MO
125 AM CDT SUN SEP 21 2014


...................................

...THE JOPLIN MO CLIMATE SUMMARY FOR SEPTEMBER 20 2014...

CLIMATE NORMAL PERIOD 1981 TO 2010
CLIMATE RECORD PERIOD 1902 TO 2014


WEATHER ITEM   OBSERVED TIME   RECORD YEAR NORMAL DEPARTURE LAST
                VALUE   (LST)  VALUE       VALUE  FROM      YEAR
                                                  NORMAL
..................................................................
TEMPERATURE (F)
 YESTERDAY
  MAXIMUM         85    316 PM  99    1954  80      5       71
  MINIMUM         66    527 AM  38    1991  57      9       52
  AVERAGE         76                        69      7       62

PRECIPITATION (IN)
  YESTERDAY        0.00          1.07 1992   0.17  -0.17    MM
  MONTH TO DATE    4.52                      3.33   1.19      T
  SINCE SEP 1      4.52                      3.33   1.19      T
  SINCE JAN 1     19.96                     34.30 -14.34    35.46

DEGREE DAYS
 HEATING
  YESTERDAY        0                         2     -2        3
  MONTH TO DATE   22                        11     11        3
  SINCE SEP 1     22                        11     11        3
  SINCE JUL 1     23                        12     11        3

 COOLING
  YESTERDAY       11                         6      5        0
  MONTH TO DATE  157                       171    -14      224
  SINCE SEP 1    157                       171    -14      224
  SINCE JAN 1   1490                      1598   -108     1488
..................................................................


WIND (MPH)
  HIGHEST WIND SPEED    17   HIGHEST WIND DIRECTION     S (200)
  HIGHEST GUST SPEED    22   HIGHEST GUST DIRECTION    SW (220)
  AVERAGE WIND SPEED     9.3


SKY COVER
  AVERAGE SKY COVER 0.2


WEATHER CONDITIONS
 THE FOLLOWING WEATHER WAS RECORDED YESTERDAY.
  FOG


RELATIVE HUMIDITY (PERCENT)
 HIGHEST   100          1200 AM
 LOWEST     61           300 PM
 AVERAGE    81

..........................................................


THE JOPLIN MO CLIMATE NORMALS FOR TODAY
                         NORMAL    RECORD    YEAR
 MAXIMUM TEMPERATURE (F)   80        95      1956
 MINIMUM TEMPERATURE (F)   57        35      1983


SUNRISE AND SUNSET
SEPTEMBER 21 2014.....SUNRISE   705 AM CDT   SUNSET   716 PM CDT
SEPTEMBER 22 2014.....SUNRISE   706 AM CDT   SUNSET   715 PM CDT


-  INDICATES NEGATIVE NUMBERS.
R  INDICATES RECORD WAS SET OR TIED.
MM INDICATES DATA IS MISSING.
T  INDICATES TRACE AMOUNT.




$$
