000
CDUS43 KSGF 060630
CLIJLN


CLIMATE REPORT
NATIONAL WEATHER SERVICE SPRINGFIELD MO
1230 AM CST FRI JAN 6 2017


...................................

...THE JOPLIN MO CLIMATE SUMMARY FOR JANUARY 5 2017...

CLIMATE NORMAL PERIOD 1981 TO 2010
CLIMATE RECORD PERIOD 1902 TO 2017


WEATHER ITEM   OBSERVED TIME   RECORD YEAR NORMAL DEPARTURE LAST
                VALUE   (LST)  VALUE       VALUE  FROM      YEAR
                                                  NORMAL
..................................................................
TEMPERATURE (F)
 YESTERDAY
  MAXIMUM         25   1217 AM  71    2008  44    -19       42
  MINIMUM         12   1159 PM  -5    1959  25    -13       24
  AVERAGE         19                        35    -16       33

PRECIPITATION (IN)
  YESTERDAY        0.02          1.33 2005   0.07  -0.05     0.00
  MONTH TO DATE    0.04                      0.36  -0.32     0.00
  SINCE DEC 1      0.63                      3.18  -2.55     9.77
  SINCE JAN 1      0.04                      0.36  -0.32     0.00

DEGREE DAYS
 HEATING
  YESTERDAY       46                        30     16       32
  MONTH TO DATE  153                       150      3      124
  SINCE DEC 1   1030                      1010     20      761
  SINCE JUL 1   1485                      1767   -282     1379

 COOLING
  YESTERDAY        0                         0      0        0
  MONTH TO DATE    0                         0      0        0
  SINCE DEC 1      0                         0      0        3
  SINCE JAN 1      0                         0      0        0
..................................................................


WIND (MPH)
  HIGHEST WIND SPEED    18   HIGHEST WIND DIRECTION     N (360)
  HIGHEST GUST SPEED    MM   HIGHEST GUST DIRECTION    MM
  AVERAGE WIND SPEED    11.1


SKY COVER
  AVERAGE SKY COVER 0.8


WEATHER CONDITIONS
 THE FOLLOWING WEATHER WAS RECORDED YESTERDAY.
  LIGHT SNOW
  FOG


RELATIVE HUMIDITY (PERCENT)
 HIGHEST    92           500 AM
 LOWEST     55          1200 AM
 AVERAGE    74

..........................................................


THE JOPLIN MO CLIMATE NORMALS FOR TODAY
                         NORMAL    RECORD    YEAR
 MAXIMUM TEMPERATURE (F)   44        74      2008
 MINIMUM TEMPERATURE (F)   25        -9      2014


SUNRISE AND SUNSET
JANUARY  6 2017.......SUNRISE   732 AM CST   SUNSET   516 PM CST
JANUARY  7 2017.......SUNRISE   732 AM CST   SUNSET   517 PM CST


-  INDICATES NEGATIVE NUMBERS.
R  INDICATES RECORD WAS SET OR TIED.
MM INDICATES DATA IS MISSING.
T  INDICATES TRACE AMOUNT.




$$
