000
CDUS43 KSGF 090631
CLIJLN


CLIMATE REPORT
NATIONAL WEATHER SERVICE SPRINGFIELD MO
130 AM CDT TUE SEP 9 2014


...................................

...THE JOPLIN MO CLIMATE SUMMARY FOR SEPTEMBER 8 2014...

CLIMATE NORMAL PERIOD 1981 TO 2010
CLIMATE RECORD PERIOD 1902 TO 2014


WEATHER ITEM   OBSERVED TIME   RECORD YEAR NORMAL DEPARTURE LAST
                VALUE   (LST)  VALUE       VALUE  FROM      YEAR
                                                  NORMAL
..................................................................
TEMPERATURE (F)
 YESTERDAY
  MAXIMUM         86    249 PM  98    1955  86      0       96
  MINIMUM         61    307 AM  45    1956  63     -2       74
  AVERAGE         74                        74      0       85

PRECIPITATION (IN)
  YESTERDAY        0.00          5.20 2007   0.15  -0.15     0.00
  MONTH TO DATE    3.03                      1.26   1.77      T
  SINCE SEP 1      3.03                      1.26   1.77      T
  SINCE JAN 1     18.47                     32.23 -13.76    35.46

DEGREE DAYS
 HEATING
  YESTERDAY        0                         0      0        0
  MONTH TO DATE    0                         0      0        0
  SINCE SEP 1      0                         0      0        0
  SINCE JUL 1      1                         1      0        0

 COOLING
  YESTERDAY        9                         9      0       20
  MONTH TO DATE   80                        84     -4      101
  SINCE SEP 1     80                        84     -4      101
  SINCE JAN 1   1413                      1511    -98     1365
..................................................................


WIND (MPH)
  HIGHEST WIND SPEED    17   HIGHEST WIND DIRECTION     S (190)
  HIGHEST GUST SPEED    22   HIGHEST GUST DIRECTION    SW (210)
  AVERAGE WIND SPEED     8.7


SKY COVER
  AVERAGE SKY COVER 0.3


WEATHER CONDITIONS
 THE FOLLOWING WEATHER WAS RECORDED YESTERDAY.
  NO SIGNIFICANT WEATHER WAS OBSERVED.


RELATIVE HUMIDITY (PERCENT)
 HIGHEST    93           100 AM
 LOWEST     55           200 PM
 AVERAGE    74

..........................................................


THE JOPLIN MO CLIMATE NORMALS FOR TODAY
                         NORMAL    RECORD    YEAR
 MAXIMUM TEMPERATURE (F)   85       100      1947
 MINIMUM TEMPERATURE (F)   62        49      2004


SUNRISE AND SUNSET
SEPTEMBER  9 2014.....SUNRISE   655 AM CDT   SUNSET   735 PM CDT
SEPTEMBER 10 2014.....SUNRISE   656 AM CDT   SUNSET   733 PM CDT


-  INDICATES NEGATIVE NUMBERS.
R  INDICATES RECORD WAS SET OR TIED.
MM INDICATES DATA IS MISSING.
T  INDICATES TRACE AMOUNT.




$$
