000
CDUS43 KSGF 050629
CLIJLN


CLIMATE REPORT
NATIONAL WEATHER SERVICE SPRINGFIELD MO
126 AM CDT SAT JUL 5 2014


...................................

...THE JOPLIN MO CLIMATE SUMMARY FOR JULY 4 2014...

CLIMATE NORMAL PERIOD 1981 TO 2010
CLIMATE RECORD PERIOD 1902 TO 2014


WEATHER ITEM   OBSERVED TIME   RECORD YEAR NORMAL DEPARTURE LAST
                VALUE   (LST)  VALUE       VALUE  FROM      YEAR
                                                  NORMAL
..................................................................
TEMPERATURE (F)
 YESTERDAY
  MAXIMUM         86    254 PM 102    1954  90     -4       87
  MINIMUM         57    500 AM  56    1968  69    -12       63
  AVERAGE         72                        80     -8       75

PRECIPITATION (IN)
  YESTERDAY        0.00          2.92 1983   0.14  -0.14     0.06
  MONTH TO DATE    T                         0.57  -0.57     0.06
  SINCE JUN 1      3.93                      6.43  -2.50     5.45
  SINCE JAN 1     12.68                     24.38 -11.70    27.84

DEGREE DAYS
 HEATING
  YESTERDAY        0                         0      0        0
  MONTH TO DATE    0                         0      0        0
  SINCE JUN 1      2                         5     -3       12
  SINCE JUL 1      0                         0      0        0

 COOLING
  YESTERDAY        7                        14     -7       10
  MONTH TO DATE   24                        56    -32       22
  SINCE JUN 1    327                       374    -47      345
  SINCE JAN 1    540                       554    -14      489
..................................................................


WIND (MPH)
  HIGHEST WIND SPEED    12   HIGHEST WIND DIRECTION    SE (140)
  HIGHEST GUST SPEED    17   HIGHEST GUST DIRECTION     S (170)
  AVERAGE WIND SPEED     5.8


SKY COVER
  AVERAGE SKY COVER 0.1


WEATHER CONDITIONS
 THE FOLLOWING WEATHER WAS RECORDED YESTERDAY.
  HAZE


RELATIVE HUMIDITY (PERCENT)
 HIGHEST    93           300 AM
 LOWEST     40           300 PM
 AVERAGE    67

..........................................................


THE JOPLIN MO CLIMATE NORMALS FOR TODAY
                         NORMAL    RECORD    YEAR
 MAXIMUM TEMPERATURE (F)   90       105      1954
 MINIMUM TEMPERATURE (F)   70        51      1972
                                             1997


SUNRISE AND SUNSET
JULY  5 2014..........SUNRISE   604 AM CDT   SUNSET   841 PM CDT
JULY  6 2014..........SUNRISE   604 AM CDT   SUNSET   841 PM CDT


-  INDICATES NEGATIVE NUMBERS.
R  INDICATES RECORD WAS SET OR TIED.
MM INDICATES DATA IS MISSING.
T  INDICATES TRACE AMOUNT.




$$
