000
CDUS43 KSGF 060646
CLIJLN


CLIMATE REPORT
NATIONAL WEATHER SERVICE SPRINGFIELD MO
145 AM CDT WED SEP 6 2017


...................................

...THE JOPLIN MO CLIMATE SUMMARY FOR SEPTEMBER 5 2017...

CLIMATE NORMAL PERIOD 1981 TO 2010
CLIMATE RECORD PERIOD 1902 TO 2017


WEATHER ITEM   OBSERVED TIME   RECORD YEAR NORMAL DEPARTURE LAST
                VALUE   (LST)  VALUE       VALUE  FROM      YEAR
                                                  NORMAL
..................................................................
TEMPERATURE (F)
 YESTERDAY
  MAXIMUM         79    337 PM 103    1998  87     -8       91
  MINIMUM         55   1159 PM  44    1974  64     -9       69
  AVERAGE         67                        75     -8       80

PRECIPITATION (IN)
  YESTERDAY        0.00          1.68 1951   0.17  -0.17     0.00
  MONTH TO DATE    0.00                      0.80  -0.80     0.00
  SINCE SEP 1      0.00                      0.80  -0.80     0.00
  SINCE JAN 1     38.68                     31.77   6.91    29.78

DEGREE DAYS
 HEATING
  YESTERDAY        0                         0      0        0
  MONTH TO DATE    0                         0      0        0
  SINCE SEP 1      0                         0      0        0
  SINCE JUL 1      0                         1     -1        0

 COOLING
  YESTERDAY        2                        10     -8       15
  MONTH TO DATE   49                        55     -6       38
  SINCE SEP 1     49                        55     -6       38
  SINCE JAN 1   1481                      1482     -1     1525
..................................................................


WIND (MPH)
  HIGHEST WIND SPEED    20   HIGHEST WIND DIRECTION     N (340)
  HIGHEST GUST SPEED    26   HIGHEST GUST DIRECTION    NW (330)
  AVERAGE WIND SPEED     8.5


SKY COVER
  AVERAGE SKY COVER 0.3


WEATHER CONDITIONS
 THE FOLLOWING WEATHER WAS RECORDED YESTERDAY.
  NO SIGNIFICANT WEATHER WAS OBSERVED.


RELATIVE HUMIDITY (PERCENT)
 HIGHEST    78           700 AM
 LOWEST     30           400 PM
 AVERAGE    54

..........................................................


THE JOPLIN MO CLIMATE NORMALS FOR TODAY
                         NORMAL    RECORD    YEAR
 MAXIMUM TEMPERATURE (F)   86       101      1954
 MINIMUM TEMPERATURE (F)   63        44      1988


SUNRISE AND SUNSET
SEPTEMBER  6 2017.....SUNRISE   653 AM CDT   SUNSET   739 PM CDT
SEPTEMBER  7 2017.....SUNRISE   654 AM CDT   SUNSET   737 PM CDT


-  INDICATES NEGATIVE NUMBERS.
R  INDICATES RECORD WAS SET OR TIED.
MM INDICATES DATA IS MISSING.
T  INDICATES TRACE AMOUNT.




$$
