000
CDUS43 KSGF 190627
CLIJLN


CLIMATE REPORT
NATIONAL WEATHER SERVICE SPRINGFIELD MO
1226 AM CST FRI DEC 19 2014


...................................

...THE JOPLIN MO CLIMATE SUMMARY FOR DECEMBER 18 2014...

CLIMATE NORMAL PERIOD 1981 TO 2010
CLIMATE RECORD PERIOD 1902 TO 2014


WEATHER ITEM   OBSERVED TIME   RECORD YEAR NORMAL DEPARTURE LAST
                VALUE   (LST)  VALUE       VALUE  FROM      YEAR
                                                  NORMAL
..................................................................
TEMPERATURE (F)
 YESTERDAY
  MAXIMUM         39    406 PM  69    2002  46     -7       64
  MINIMUM         33    123 AM   1    1964  27      6       31
  AVERAGE         36                        36      0       48

PRECIPITATION (IN)
  YESTERDAY        0.05          1.07 1995   0.09  -0.04     0.00
  MONTH TO DATE    1.60                      1.76  -0.16     0.48
  SINCE DEC 1      1.60                      1.76  -0.16     0.48
  SINCE JAN 1     31.47                     45.49 -14.02    43.08

DEGREE DAYS
 HEATING
  YESTERDAY       29                        29      0       17
  MONTH TO DATE  414                       476    -62      586
  SINCE DEC 1    414                       476    -62      586
  SINCE JUL 1   1327                      1233     94     1474

 COOLING
  YESTERDAY        0                         0      0        0
  MONTH TO DATE    0                         0      0        0
  SINCE DEC 1      0                         0      0        0
  SINCE JAN 1   1583                      1698   -115     1568
..................................................................


WIND (MPH)
  HIGHEST WIND SPEED     7   HIGHEST WIND DIRECTION     N (10)
  HIGHEST GUST SPEED     9   HIGHEST GUST DIRECTION     E (70)
  AVERAGE WIND SPEED     4.2


SKY COVER
  AVERAGE SKY COVER 0.9


WEATHER CONDITIONS
 THE FOLLOWING WEATHER WAS RECORDED YESTERDAY.
  LIGHT RAIN
  FOG


RELATIVE HUMIDITY (PERCENT)
 HIGHEST   100           200 AM
 LOWEST     85           100 PM
 AVERAGE    93

..........................................................


THE JOPLIN MO CLIMATE NORMALS FOR TODAY
                         NORMAL    RECORD    YEAR
 MAXIMUM TEMPERATURE (F)   46        72      1978
 MINIMUM TEMPERATURE (F)   27         0      1983


SUNRISE AND SUNSET
DECEMBER 19 2014......SUNRISE   727 AM CST   SUNSET   503 PM CST
DECEMBER 20 2014......SUNRISE   727 AM CST   SUNSET   504 PM CST


-  INDICATES NEGATIVE NUMBERS.
R  INDICATES RECORD WAS SET OR TIED.
MM INDICATES DATA IS MISSING.
T  INDICATES TRACE AMOUNT.




$$
