000
CDUS43 KSGF 240630
CLIJLN


CLIMATE REPORT
NATIONAL WEATHER SERVICE SPRINGFIELD MO
130 AM CDT SAT JUN 24 2017


...................................

...THE JOPLIN MO CLIMATE SUMMARY FOR JUNE 23 2017...

CLIMATE NORMAL PERIOD 1981 TO 2010
CLIMATE RECORD PERIOD 1902 TO 2017


WEATHER ITEM   OBSERVED TIME   RECORD YEAR NORMAL DEPARTURE LAST
                VALUE   (LST)  VALUE       VALUE  FROM      YEAR
                                                  NORMAL
..................................................................
TEMPERATURE (F)
 YESTERDAY
  MAXIMUM         85    422 PM  98    2009  88     -3       97
                                      1988
  MINIMUM         67   1036 PM  52    2004  67      0       71
  AVERAGE         76                        78     -2       84

PRECIPITATION (IN)
  YESTERDAY        0.54          5.22 1976   0.20   0.34     0.65
  MONTH TO DATE    3.01                      4.65  -1.64     1.84
  SINCE JUN 1      3.01                      4.65  -1.64     1.84
  SINCE JAN 1     28.94                     22.60   6.34    15.94

DEGREE DAYS
 HEATING
  YESTERDAY        0                         0      0        0
  MONTH TO DATE    0                         2     -2        0
  SINCE JUN 1      0                         2     -2        0
  SINCE JUL 1   3169                      4071   -902     3389

 COOLING
  YESTERDAY       11                        13     -2       19
  MONTH TO DATE  252                       225     27      314
  SINCE JUN 1    252                       225     27      314
  SINCE JAN 1    459                       405     54      428
..................................................................


WIND (MPH)
  HIGHEST WIND SPEED    28   HIGHEST WIND DIRECTION     N (340)
  HIGHEST GUST SPEED    35   HIGHEST GUST DIRECTION     N (340)
  AVERAGE WIND SPEED     8.1


SKY COVER
  AVERAGE SKY COVER 0.3


WEATHER CONDITIONS
 THE FOLLOWING WEATHER WAS RECORDED YESTERDAY.
  THUNDERSTORM
  HEAVY RAIN
  RAIN
  LIGHT RAIN
  FOG


RELATIVE HUMIDITY (PERCENT)
 HIGHEST   100           100 AM
 LOWEST     44           500 PM
 AVERAGE    72

..........................................................


THE JOPLIN MO CLIMATE NORMALS FOR TODAY
                         NORMAL    RECORD    YEAR
 MAXIMUM TEMPERATURE (F)   88       100      1954
 MINIMUM TEMPERATURE (F)   68        51      1961


SUNRISE AND SUNSET
JUNE 24 2017..........SUNRISE   559 AM CDT   SUNSET   842 PM CDT
JUNE 25 2017..........SUNRISE   559 AM CDT   SUNSET   842 PM CDT


-  INDICATES NEGATIVE NUMBERS.
R  INDICATES RECORD WAS SET OR TIED.
MM INDICATES DATA IS MISSING.
T  INDICATES TRACE AMOUNT.




$$
