000
CDUS43 KSGF 010631
CLIJLN


CLIMATE REPORT
NATIONAL WEATHER SERVICE SPRINGFIELD MO
131 AM CDT SAT AUG 1 2015


...................................

...THE JOPLIN MO CLIMATE SUMMARY FOR JULY 31 2015...

CLIMATE NORMAL PERIOD 1981 TO 2010
CLIMATE RECORD PERIOD 1902 TO 2015


WEATHER ITEM   OBSERVED TIME   RECORD YEAR NORMAL DEPARTURE LAST
                VALUE   (LST)  VALUE       VALUE  FROM      YEAR
                                                  NORMAL
..................................................................
TEMPERATURE (F)
 YESTERDAY
  MAXIMUM         92    359 PM 104    1980  92      0       83
  MINIMUM         65   1152 PM  51    1971  70     -5       64
  AVERAGE         79                        81     -2       74

PRECIPITATION (IN)
  YESTERDAY        0.00          3.08 1989   0.10  -0.10     0.00
  MONTH TO DATE    5.09                      3.81   1.28     1.24
  SINCE JUN 1     12.76                      9.67   3.09     5.17
  SINCE JAN 1     30.47                     27.62   2.85    13.92

DEGREE DAYS
 HEATING
  YESTERDAY        0                         0      0        0
  MONTH TO DATE    0                         0      0        1
  SINCE JUN 1      0                         5     -5        3
  SINCE JUL 1      0                         0      0        1

 COOLING
  YESTERDAY       14                        16     -2        9
  MONTH TO DATE  504                       473     31      330
  SINCE JUN 1    889                       791     98      633
  SINCE JAN 1   1033                       971     62      846
..................................................................


WIND (MPH)
  HIGHEST WIND SPEED    12   HIGHEST WIND DIRECTION     S (170)
  HIGHEST GUST SPEED    16   HIGHEST GUST DIRECTION     W (260)
  AVERAGE WIND SPEED     3.9


SKY COVER
  AVERAGE SKY COVER 0.1


WEATHER CONDITIONS
 THE FOLLOWING WEATHER WAS RECORDED YESTERDAY.
  NO SIGNIFICANT WEATHER WAS OBSERVED.


RELATIVE HUMIDITY (PERCENT)
 HIGHEST    84           400 AM
 LOWEST     38          1200 PM
 AVERAGE    61

..........................................................


THE JOPLIN MO CLIMATE NORMALS FOR TODAY
                         NORMAL    RECORD    YEAR
 MAXIMUM TEMPERATURE (F)   92       108      2011
 MINIMUM TEMPERATURE (F)   70        57      1992


SUNRISE AND SUNSET
AUGUST  1 2015........SUNRISE   623 AM CDT   SUNSET   825 PM CDT
AUGUST  2 2015........SUNRISE   623 AM CDT   SUNSET   825 PM CDT


-  INDICATES NEGATIVE NUMBERS.
R  INDICATES RECORD WAS SET OR TIED.
MM INDICATES DATA IS MISSING.
T  INDICATES TRACE AMOUNT.




$$
