000
CDUS43 KSGF 012126
CLIJLN


CLIMATE REPORT
NATIONAL WEATHER SERVICE SPRINGFIELD MO
426 PM CDT SUN MAY 1 2016


...................................

...THE JOPLIN MO CLIMATE SUMMARY FOR MAY 1 2016...
VALID AS OF 0400 PM LOCAL TIME.

CLIMATE NORMAL PERIOD 1981 TO 2010
CLIMATE RECORD PERIOD 1902 TO 2016


WEATHER ITEM   OBSERVED TIME   RECORD YEAR NORMAL DEPARTURE LAST
                VALUE   (LST)  VALUE       VALUE  FROM      YEAR
                                                  NORMAL
..................................................................
TEMPERATURE (F)
 TODAY
  MAXIMUM         64    259 PM  91    1952  74    -10       75
  MINIMUM         43    516 AM  30    1960  52     -9       42
  AVERAGE         54                        63     -9       59

PRECIPITATION (IN)
  TODAY            0.00          3.12 1977   0.19  -0.19     0.00
  MONTH TO DATE    0.00                      0.19  -0.19     0.00
  SINCE MAR 1      7.12                      8.08  -0.96     5.78
  SINCE JAN 1      7.79                     12.43  -4.64     7.30

DEGREE DAYS
 HEATING
  TODAY           11                         4      7        6
  MONTH TO DATE   11                         4      7        6
  SINCE MAR 1    527                       753   -226      693
  SINCE JUL 1   3277                      4007   -730     4229

 COOLING
  TODAY            0                         2     -2        0
  MONTH TO DATE    0                         2     -2        0
  SINCE MAR 1     22                        55    -33       35
  SINCE JAN 1     23                        56    -33       35
..................................................................


WIND (MPH)
  HIGHEST WIND SPEED    18   HIGHEST WIND DIRECTION     W (280)
  HIGHEST GUST SPEED    26   HIGHEST GUST DIRECTION     W (250)


SKY COVER
  AVERAGE SKY COVER 0.2


WEATHER CONDITIONS
 THE FOLLOWING WEATHER WAS RECORDED TODAY.
  NO SIGNIFICANT WEATHER WAS OBSERVED.


RELATIVE HUMIDITY (PERCENT)
 HIGHEST   100           600 AM
 LOWEST     55           100 PM
 AVERAGE    78

..........................................................


THE JOPLIN MO CLIMATE NORMALS FOR TOMORROW
                         NORMAL    RECORD    YEAR
 MAXIMUM TEMPERATURE (F)   75        89      1968
 MINIMUM TEMPERATURE (F)   52        31      1961


SUNRISE AND SUNSET
MAY  1 2016...........SUNRISE   623 AM CDT   SUNSET   808 PM CDT
MAY  2 2016...........SUNRISE   622 AM CDT   SUNSET   809 PM CDT


-  INDICATES NEGATIVE NUMBERS.
R  INDICATES RECORD WAS SET OR TIED.
MM INDICATES DATA IS MISSING.
T  INDICATES TRACE AMOUNT.




$$
