000
CDUS43 KSGF 092229
CLIJLN


CLIMATE REPORT
NATIONAL WEATHER SERVICE SPRINGFIELD MO
429 PM CST THU MAR 9 2017


...................................

...THE JOPLIN MO CLIMATE SUMMARY FOR MARCH 9 2017...
VALID AS OF 0400 PM LOCAL TIME.

CLIMATE NORMAL PERIOD 1981 TO 2010
CLIMATE RECORD PERIOD 1902 TO 2017


WEATHER ITEM   OBSERVED TIME   RECORD YEAR NORMAL DEPARTURE LAST
                VALUE   (LST)  VALUE       VALUE  FROM      YEAR
                                                  NORMAL
..................................................................
TEMPERATURE (F)
 TODAY
  MAXIMUM         81R   235 PM  78    1986  58     23       64
  MINIMUM         53    658 AM  12    1996  36     17       50
  AVERAGE         67                        47     20       57

PRECIPITATION (IN)
  TODAY            0.00          1.51 1974   0.10  -0.10     0.02
  MONTH TO DATE    0.41                      0.93  -0.52     0.74
  SINCE MAR 1      0.41                      0.93  -0.52     0.74
  SINCE JAN 1      4.40                      5.28  -0.88     1.41

DEGREE DAYS
 HEATING
  TODAY            0                        18    -18        8
  MONTH TO DATE  102                       177    -75       96
  SINCE MAR 1    102                       177    -75       96
  SINCE JUL 1   2654                      3431   -777     2846

 COOLING
  TODAY            2                         0      2        0
  MONTH TO DATE    2                         0      2        1
  SINCE MAR 1      2                         0      2        1
  SINCE JAN 1     12                         1     11        2
..................................................................


WIND (MPH)
  HIGHEST WIND SPEED    26   HIGHEST WIND DIRECTION    SW (220)
  HIGHEST GUST SPEED    35   HIGHEST GUST DIRECTION    SW (230)


SKY COVER
  AVERAGE SKY COVER 0.1


WEATHER CONDITIONS
 THE FOLLOWING WEATHER WAS RECORDED TODAY.
  NO SIGNIFICANT WEATHER WAS OBSERVED.


RELATIVE HUMIDITY (PERCENT)
 HIGHEST    58          1000 AM
 LOWEST     36           100 AM
 AVERAGE    47

..........................................................


THE JOPLIN MO CLIMATE NORMALS FOR TOMORROW
                         NORMAL    RECORD    YEAR
 MAXIMUM TEMPERATURE (F)   58        82      1972
 MINIMUM TEMPERATURE (F)   36         4      1948


SUNRISE AND SUNSET
MARCH  9 2017.........SUNRISE   637 AM CST   SUNSET   620 PM CST
MARCH 10 2017.........SUNRISE   636 AM CST   SUNSET   621 PM CST


-  INDICATES NEGATIVE NUMBERS.
R  INDICATES RECORD WAS SET OR TIED.
MM INDICATES DATA IS MISSING.
T  INDICATES TRACE AMOUNT.




$$
