000
CDUS43 KSGF 140633
CLIJLN


CLIMATE REPORT
NATIONAL WEATHER SERVICE SPRINGFIELD MO
1233 AM CST SUN DEC 14 2014


...................................

...THE JOPLIN MO CLIMATE SUMMARY FOR DECEMBER 13 2014...

CLIMATE NORMAL PERIOD 1981 TO 2010
CLIMATE RECORD PERIOD 1902 TO 2014


WEATHER ITEM   OBSERVED TIME   RECORD YEAR NORMAL DEPARTURE LAST
                VALUE   (LST)  VALUE       VALUE  FROM      YEAR
                                                  NORMAL
..................................................................
TEMPERATURE (F)
 YESTERDAY
  MAXIMUM         62    414 PM  76    1948  47     15       38
  MINIMUM         49    713 AM   4    1961  28     21       31
  AVERAGE         56                        37     19       35

PRECIPITATION (IN)
  YESTERDAY        0.00          2.41 1992   0.09  -0.09     0.29
  MONTH TO DATE    0.52                      1.30  -0.78     0.44
  SINCE DEC 1      0.52                      1.30  -0.78     0.44
  SINCE JAN 1     30.39                     45.03 -14.64    43.04

DEGREE DAYS
 HEATING
  YESTERDAY        9                        28    -19       30
  MONTH TO DATE  294                       335    -41      461
  SINCE DEC 1    294                       335    -41      461
  SINCE JUL 1   1207                      1092    115     1349

 COOLING
  YESTERDAY        0                         0      0        0
  MONTH TO DATE    0                         0      0        0
  SINCE DEC 1      0                         0      0        0
  SINCE JAN 1   1583                      1698   -115     1568
..................................................................


WIND (MPH)
  HIGHEST WIND SPEED    14   HIGHEST WIND DIRECTION     S (170)
  HIGHEST GUST SPEED    30   HIGHEST GUST DIRECTION    SW (220)
  AVERAGE WIND SPEED     7.6


SKY COVER
  AVERAGE SKY COVER 0.8


WEATHER CONDITIONS
 THE FOLLOWING WEATHER WAS RECORDED YESTERDAY.
  FOG
  HAZE


RELATIVE HUMIDITY (PERCENT)
 HIGHEST   100           400 AM
 LOWEST     72           300 PM
 AVERAGE    86

..........................................................


THE JOPLIN MO CLIMATE NORMALS FOR TODAY
                         NORMAL    RECORD    YEAR
 MAXIMUM TEMPERATURE (F)   47        71      2008
 MINIMUM TEMPERATURE (F)   28         2      1963
                                             1985


SUNRISE AND SUNSET
DECEMBER 14 2014......SUNRISE   724 AM CST   SUNSET   502 PM CST
DECEMBER 15 2014......SUNRISE   724 AM CST   SUNSET   502 PM CST


-  INDICATES NEGATIVE NUMBERS.
R  INDICATES RECORD WAS SET OR TIED.
MM INDICATES DATA IS MISSING.
T  INDICATES TRACE AMOUNT.




$$
