000
CDUS43 KSGF 210627
CLIJLN


CLIMATE REPORT
NATIONAL WEATHER SERVICE SPRINGFIELD MO
126 AM CDT SAT MAR 21 2015


...................................

...THE JOPLIN MO CLIMATE SUMMARY FOR MARCH 20 2015...

CLIMATE NORMAL PERIOD 1981 TO 2010
CLIMATE RECORD PERIOD 1902 TO 2015


WEATHER ITEM   OBSERVED TIME   RECORD YEAR NORMAL DEPARTURE LAST
                VALUE   (LST)  VALUE       VALUE  FROM      YEAR
                                                  NORMAL
..................................................................
TEMPERATURE (F)
 YESTERDAY
  MAXIMUM         61    333 PM  81    1975  61      0       68
  MINIMUM         35    654 AM  12    1965  39     -4       33
  AVERAGE         48                        50     -2       51

PRECIPITATION (IN)
  YESTERDAY        T             2.03 1962   0.11  -0.11     0.00
  MONTH TO DATE    1.26                      2.11  -0.85     1.74
  SINCE MAR 1      1.26                      2.11  -0.85     1.74
  SINCE JAN 1      2.78                      6.46  -3.68     2.59

DEGREE DAYS
 HEATING
  YESTERDAY       17                        15      2       14
  MONTH TO DATE  374                       359     15      467
  SINCE MAR 1    374                       359     15      467
  SINCE JUL 1   3910                      3613    297     4316

 COOLING
  YESTERDAY        0                         0      0        0
  MONTH TO DATE    0                         0      0        0
  SINCE MAR 1      0                         0      0        0
  SINCE JAN 1      0                         1     -1        0
..................................................................


WIND (MPH)
  HIGHEST WIND SPEED     7   HIGHEST WIND DIRECTION     S (200)
  HIGHEST GUST SPEED     8   HIGHEST GUST DIRECTION    NW (330)
  AVERAGE WIND SPEED     2.5


SKY COVER
  AVERAGE SKY COVER 0.4


WEATHER CONDITIONS
 THE FOLLOWING WEATHER WAS RECORDED YESTERDAY.
  FOG
  FOG W/VISIBILITY <= 1/4 MILE


RELATIVE HUMIDITY (PERCENT)
 HIGHEST   100           300 AM
 LOWEST     44           200 PM
 AVERAGE    72

..........................................................


THE JOPLIN MO CLIMATE NORMALS FOR TODAY
                         NORMAL    RECORD    YEAR
 MAXIMUM TEMPERATURE (F)   62        84      1997
 MINIMUM TEMPERATURE (F)   39        13      1974


SUNRISE AND SUNSET
MARCH 21 2015.........SUNRISE   720 AM CDT   SUNSET   731 PM CDT
MARCH 22 2015.........SUNRISE   719 AM CDT   SUNSET   731 PM CDT


-  INDICATES NEGATIVE NUMBERS.
R  INDICATES RECORD WAS SET OR TIED.
MM INDICATES DATA IS MISSING.
T  INDICATES TRACE AMOUNT.




$$
