000
CDUS43 KSGF 142129
CLIJLN


CLIMATE REPORT
NATIONAL WEATHER SERVICE SPRINGFIELD MO
429 PM CDT WED SEP 14 2016


...................................

...THE JOPLIN MO CLIMATE SUMMARY FOR SEPTEMBER 14 2016...
VALID AS OF 0400 PM LOCAL TIME.

CLIMATE NORMAL PERIOD 1981 TO 2010
CLIMATE RECORD PERIOD 1902 TO 2016


WEATHER ITEM   OBSERVED TIME   RECORD YEAR NORMAL DEPARTURE LAST
                VALUE   (LST)  VALUE       VALUE  FROM      YEAR
                                                  NORMAL
..................................................................
TEMPERATURE (F)
 TODAY
  MAXIMUM         84    257 PM 100    1956  83      1       80
  MINIMUM         67    622 AM  41    1974  60      7       62
  AVERAGE         76                        72      4       71

PRECIPITATION (IN)
  TODAY            0.00          2.18 1972   0.17  -0.17      T
  MONTH TO DATE    2.62                      2.29   0.33     0.94
  SINCE SEP 1      2.62                      2.29   0.33     0.94
  SINCE JAN 1     32.40                     33.26  -0.86    39.64

DEGREE DAYS
 HEATING
  TODAY            0                         1     -1        0
  MONTH TO DATE    0                         3     -3        5
  SINCE SEP 1      0                         3     -3        5
  SINCE JUL 1      0                         4     -4        6

 COOLING
  TODAY           11                         7      4        6
  MONTH TO DATE  139                       133      6      154
  SINCE SEP 1    139                       133      6      154
  SINCE JAN 1   1626                      1560     66     1540
..................................................................


WIND (MPH)
  HIGHEST WIND SPEED    12   HIGHEST WIND DIRECTION     N (20)
  HIGHEST GUST SPEED    20   HIGHEST GUST DIRECTION     N (10)


SKY COVER
  AVERAGE SKY COVER 0.1


WEATHER CONDITIONS
 THE FOLLOWING WEATHER WAS RECORDED TODAY.
  FOG


RELATIVE HUMIDITY (PERCENT)
 HIGHEST   100           500 AM
 LOWEST     61           300 PM
 AVERAGE    81

..........................................................


THE JOPLIN MO CLIMATE NORMALS FOR TOMORROW
                         NORMAL    RECORD    YEAR
 MAXIMUM TEMPERATURE (F)   83        98      1956
 MINIMUM TEMPERATURE (F)   60        41      1961
                                             1993


SUNRISE AND SUNSET
SEPTEMBER 14 2016.....SUNRISE   700 AM CDT   SUNSET   726 PM CDT
SEPTEMBER 15 2016.....SUNRISE   700 AM CDT   SUNSET   725 PM CDT


-  INDICATES NEGATIVE NUMBERS.
R  INDICATES RECORD WAS SET OR TIED.
MM INDICATES DATA IS MISSING.
T  INDICATES TRACE AMOUNT.




$$
