000
CDUS43 KSGF 022326
CLIJLN


CLIMATE REPORT
NATIONAL WEATHER SERVICE SPRINGFIELD MO
526 PM CST SAT DEC 2 2017


...................................

...THE JOPLIN MO CLIMATE SUMMARY FOR DECEMBER 2 2017...
VALID TODAY AS OF 0500 PM LOCAL TIME.

CLIMATE NORMAL PERIOD 1981 TO 2010
CLIMATE RECORD PERIOD 1902 TO 2017


WEATHER ITEM   OBSERVED TIME   RECORD YEAR NORMAL DEPARTURE LAST
                VALUE   (LST)  VALUE       VALUE  FROM      YEAR
                                                  NORMAL
..................................................................
TEMPERATURE (F)
 TODAY
  MAXIMUM         67    310 PM  74    1970  51     16       58
  MINIMUM         44    739 AM   6    2006  31     13       35
  AVERAGE         56                        41     15       47

PRECIPITATION (IN)
  TODAY            0.00          0.97 1990   0.11  -0.11     0.00
  MONTH TO DATE    0.00                      0.22  -0.22     0.00
  SINCE DEC 1      0.00                      0.22  -0.22     0.00
  SINCE JAN 1     45.00                     43.95   1.05    38.64

DEGREE DAYS
 HEATING
  TODAY            9                        24    -15       18
  MONTH TO DATE   26                        48    -22       43
  SINCE DEC 1     26                        48    -22       43
  SINCE JUL 1    671                       805   -134      498

 COOLING
  TODAY            0                         0      0        0
  MONTH TO DATE    0                         0      0        0
  SINCE DEC 1      0                         0      0        0
  SINCE JAN 1   1750                      1698     52     1878
..................................................................


WIND (MPH)
  HIGHEST WIND SPEED    10   HIGHEST WIND DIRECTION    SW (220)
  HIGHEST GUST SPEED    13   HIGHEST GUST DIRECTION    SW (220)


SKY COVER
  AVERAGE SKY COVER 0.3


WEATHER CONDITIONS
 THE FOLLOWING WEATHER WAS RECORDED TODAY.
  NO SIGNIFICANT WEATHER WAS OBSERVED.


RELATIVE HUMIDITY (PERCENT)
 HIGHEST    76           800 AM
 LOWEST     48           200 PM
 AVERAGE    62

..........................................................


THE JOPLIN MO CLIMATE NORMALS FOR TOMORROW
                         NORMAL    RECORD    YEAR
 MAXIMUM TEMPERATURE (F)   51        73      2012
 MINIMUM TEMPERATURE (F)   31        10      2006


SUNRISE AND SUNSET
DECEMBER  2 2017......SUNRISE   714 AM CST   SUNSET   501 PM CST
DECEMBER  3 2017......SUNRISE   715 AM CST   SUNSET   501 PM CST


-  INDICATES NEGATIVE NUMBERS.
R  INDICATES RECORD WAS SET OR TIED.
MM INDICATES DATA IS MISSING.
T  INDICATES TRACE AMOUNT.




$$
