645
CDUS43 KSGF 260626
CLIJLN


CLIMATE REPORT
NATIONAL WEATHER SERVICE SPRINGFIELD MO
126 AM CDT TUE APR 26 2016


...................................

...THE JOPLIN MO CLIMATE SUMMARY FOR APRIL 25 2016...

CLIMATE NORMAL PERIOD 1981 TO 2010
CLIMATE RECORD PERIOD 1902 TO 2016


WEATHER ITEM   OBSERVED TIME   RECORD YEAR NORMAL DEPARTURE LAST
                VALUE   (LST)  VALUE       VALUE  FROM      YEAR
                                                  NORMAL
..................................................................
TEMPERATURE (F)
 YESTERDAY
  MAXIMUM         78    439 PM  87    1949  73      5       76
                                      1986
  MINIMUM         63    534 AM  31    1976  50     13       55
  AVERAGE         71                        61     10       66

PRECIPITATION (IN)
  YESTERDAY        0.00          3.45 1999   0.18  -0.18     0.00
  MONTH TO DATE    1.86                      3.56  -1.70     3.95
  SINCE MAR 1      4.43                      6.98  -2.55     5.78
  SINCE JAN 1      5.10                     11.33  -6.23     7.30

DEGREE DAYS
 HEATING
  YESTERDAY        0                         6     -6        0
  MONTH TO DATE  138                       217    -79      155
  SINCE MAR 1    500                       725   -225      645
  SINCE JUL 1   3250                      3979   -729     4181

 COOLING
  YESTERDAY        6                         2      4        1
  MONTH TO DATE   16                        34    -18       35
  SINCE MAR 1     19                        43    -24       35
  SINCE JAN 1     20                        44    -24       35
..................................................................


WIND (MPH)
  HIGHEST WIND SPEED    18   HIGHEST WIND DIRECTION     S (190)
  HIGHEST GUST SPEED    24   HIGHEST GUST DIRECTION    SW (210)
  AVERAGE WIND SPEED    12.1


SKY COVER
  AVERAGE SKY COVER 0.7


WEATHER CONDITIONS
 THE FOLLOWING WEATHER WAS RECORDED YESTERDAY.
  NO SIGNIFICANT WEATHER WAS OBSERVED.


RELATIVE HUMIDITY (PERCENT)
 HIGHEST    81           900 AM
 LOWEST     60           500 PM
 AVERAGE    71

..........................................................


THE JOPLIN MO CLIMATE NORMALS FOR TODAY
                         NORMAL    RECORD    YEAR
 MAXIMUM TEMPERATURE (F)   73        90      1987
                                             1989
 MINIMUM TEMPERATURE (F)   50        27      1976


SUNRISE AND SUNSET
APRIL 26 2016.........SUNRISE   629 AM CDT   SUNSET   803 PM CDT
APRIL 27 2016.........SUNRISE   627 AM CDT   SUNSET   804 PM CDT


-  INDICATES NEGATIVE NUMBERS.
R  INDICATES RECORD WAS SET OR TIED.
MM INDICATES DATA IS MISSING.
T  INDICATES TRACE AMOUNT.




$$
