049
CDUS43 KSGF 190627
CLIJLN


CLIMATE REPORT
NATIONAL WEATHER SERVICE SPRINGFIELD MO
1226 AM CST FRI JAN 19 2018


...................................

...THE JOPLIN MO CLIMATE SUMMARY FOR JANUARY 18 2018...

CLIMATE NORMAL PERIOD 1981 TO 2010
CLIMATE RECORD PERIOD 1902 TO 2018


WEATHER ITEM   OBSERVED TIME   RECORD YEAR NORMAL DEPARTURE LAST
                VALUE   (LST)  VALUE       VALUE  FROM      YEAR
                                                  NORMAL
..................................................................
TEMPERATURE (F)
 YESTERDAY
  MAXIMUM         42    455 PM  66    1951  45     -3       54
  MINIMUM         16   1214 AM  -8    1984  25     -9       34
  AVERAGE         29                        35     -6       44

PRECIPITATION (IN)
  YESTERDAY        0.00          0.94 1996   0.07  -0.07      T
  MONTH TO DATE    0.46                      1.20  -0.74     2.47
  SINCE DEC 1      1.83                      4.02  -2.19     3.06
  SINCE JAN 1      0.46                      1.20  -0.74     2.47

DEGREE DAYS
 HEATING
  YESTERDAY       36                        30      6       21
  MONTH TO DATE  720                       540    180      511
  SINCE DEC 1   1561                      1400    161     1388
  SINCE JUL 1   2206                      2157     49     1843

 COOLING
  YESTERDAY        0                         0      0        0
  MONTH TO DATE    0                         0      0        0
  SINCE DEC 1      0                         0      0        0
  SINCE JAN 1      0                         0      0        0
..................................................................


WIND (MPH)
  HIGHEST WIND SPEED    24   HIGHEST WIND DIRECTION     S (200)
  HIGHEST GUST SPEED    30   HIGHEST GUST DIRECTION    SW (210)
  AVERAGE WIND SPEED    15.3


SKY COVER
  AVERAGE SKY COVER 0.0


WEATHER CONDITIONS
 THE FOLLOWING WEATHER WAS RECORDED YESTERDAY.
  NO SIGNIFICANT WEATHER WAS OBSERVED.


RELATIVE HUMIDITY (PERCENT)
 HIGHEST    67          1200 AM
 LOWEST     40           100 PM
 AVERAGE    54

..........................................................


THE JOPLIN MO CLIMATE NORMALS FOR TODAY
                         NORMAL    RECORD    YEAR
 MAXIMUM TEMPERATURE (F)   45        70      1952
                                             1972
 MINIMUM TEMPERATURE (F)   25        -8      1984


SUNRISE AND SUNSET
JANUARY 19 2018.......SUNRISE   729 AM CST   SUNSET   529 PM CST
JANUARY 20 2018.......SUNRISE   729 AM CST   SUNSET   530 PM CST


-  INDICATES NEGATIVE NUMBERS.
R  INDICATES RECORD WAS SET OR TIED.
MM INDICATES DATA IS MISSING.
T  INDICATES TRACE AMOUNT.




$$
