000
CDUS43 KSGF 290628
CLIJLN


CLIMATE REPORT
NATIONAL WEATHER SERVICE SPRINGFIELD MO
1227 AM CST THU JAN 29 2015


...................................

...THE JOPLIN MO CLIMATE SUMMARY FOR JANUARY 28 2015...

CLIMATE NORMAL PERIOD 1981 TO 2010
CLIMATE RECORD PERIOD 1902 TO 2015


WEATHER ITEM   OBSERVED TIME   RECORD YEAR NORMAL DEPARTURE LAST
                VALUE   (LST)  VALUE       VALUE  FROM      YEAR
                                                  NORMAL
..................................................................
TEMPERATURE (F)
 YESTERDAY
  MAXIMUM         76R   154 PM  73    2013  46     30       23
  MINIMUM         48    407 AM  -2    1948  26     22        9
  AVERAGE         62                        36     26       16

PRECIPITATION (IN)
  YESTERDAY        0.00          1.95 2001   0.07  -0.07     0.00
  MONTH TO DATE    0.45                      1.83  -1.38     0.57
  SINCE DEC 1      2.29                      4.65  -2.36     1.95
  SINCE JAN 1      0.45                      1.83  -1.38     0.57

DEGREE DAYS
 HEATING
  YESTERDAY        3                        29    -26       49
  MONTH TO DATE  843                       838      5      966
  SINCE DEC 1   1616                      1698    -82     1948
  SINCE JUL 1   2529                      2455     74     2836

 COOLING
  YESTERDAY        0                         0      0        0
  MONTH TO DATE    0                         0      0        0
  SINCE DEC 1      0                         0      0        0
  SINCE JAN 1      0                         0      0        0
..................................................................


WIND (MPH)
  HIGHEST WIND SPEED    31   HIGHEST WIND DIRECTION    SW (210)
  HIGHEST GUST SPEED    41   HIGHEST GUST DIRECTION     S (200)
  AVERAGE WIND SPEED    16.7


SKY COVER
  AVERAGE SKY COVER 0.0


WEATHER CONDITIONS
 THE FOLLOWING WEATHER WAS RECORDED YESTERDAY.
  NO SIGNIFICANT WEATHER WAS OBSERVED.


RELATIVE HUMIDITY (PERCENT)
 HIGHEST    52           800 AM
 LOWEST     29          1200 PM
 AVERAGE    41

..........................................................


THE JOPLIN MO CLIMATE NORMALS FOR TODAY
                         NORMAL    RECORD    YEAR
 MAXIMUM TEMPERATURE (F)   46        73      2011
 MINIMUM TEMPERATURE (F)   26        -4      1966
                                             1976


SUNRISE AND SUNSET
JANUARY 29 2015.......SUNRISE   723 AM CST   SUNSET   539 PM CST
JANUARY 30 2015.......SUNRISE   723 AM CST   SUNSET   540 PM CST


-  INDICATES NEGATIVE NUMBERS.
R  INDICATES RECORD WAS SET OR TIED.
MM INDICATES DATA IS MISSING.
T  INDICATES TRACE AMOUNT.




$$
