000
CDUS43 KSGF 180627
CLIJLN


CLIMATE REPORT
NATIONAL WEATHER SERVICE SPRINGFIELD MO
1226 AM CST THU JAN 18 2018


...................................

...THE JOPLIN MO CLIMATE SUMMARY FOR JANUARY 17 2018...

CLIMATE NORMAL PERIOD 1981 TO 2010
CLIMATE RECORD PERIOD 1902 TO 2018


WEATHER ITEM   OBSERVED TIME   RECORD YEAR NORMAL DEPARTURE LAST
                VALUE   (LST)  VALUE       VALUE  FROM      YEAR
                                                  NORMAL
..................................................................
TEMPERATURE (F)
 YESTERDAY
  MAXIMUM         22    401 PM  68    1952  45    -23       41
                                      1996
  MINIMUM         -4    701 AM  -7    1978  25    -29       37
  AVERAGE          9                        35    -26       39

PRECIPITATION (IN)
  YESTERDAY        0.00          1.47 2004   0.06  -0.06     0.00
  MONTH TO DATE    0.46                      1.13  -0.67     2.47
  SINCE DEC 1      1.83                      3.95  -2.12     3.06
  SINCE JAN 1      0.46                      1.13  -0.67     2.47

DEGREE DAYS
 HEATING
  YESTERDAY       56                        30     26       26
  MONTH TO DATE  684                       510    174      490
  SINCE DEC 1   1525                      1370    155     1367
  SINCE JUL 1   2170                      2127     43     1822

 COOLING
  YESTERDAY        0                         0      0        0
  MONTH TO DATE    0                         0      0        0
  SINCE DEC 1      0                         0      0        0
  SINCE JAN 1      0                         0      0        0
..................................................................


WIND (MPH)
  HIGHEST WIND SPEED    10   HIGHEST WIND DIRECTION     S (190)
  HIGHEST GUST SPEED    13   HIGHEST GUST DIRECTION    SW (210)
  AVERAGE WIND SPEED     5.1


SKY COVER
  AVERAGE SKY COVER 0.0


WEATHER CONDITIONS
 THE FOLLOWING WEATHER WAS RECORDED YESTERDAY.
  FOG


RELATIVE HUMIDITY (PERCENT)
 HIGHEST    95           900 AM
 LOWEST     62           200 PM
 AVERAGE    79

..........................................................


THE JOPLIN MO CLIMATE NORMALS FOR TODAY
                         NORMAL    RECORD    YEAR
 MAXIMUM TEMPERATURE (F)   45        66      1951
 MINIMUM TEMPERATURE (F)   25        -8      1984


SUNRISE AND SUNSET
JANUARY 18 2018.......SUNRISE   730 AM CST   SUNSET   528 PM CST
JANUARY 19 2018.......SUNRISE   729 AM CST   SUNSET   529 PM CST


-  INDICATES NEGATIVE NUMBERS.
R  INDICATES RECORD WAS SET OR TIED.
MM INDICATES DATA IS MISSING.
T  INDICATES TRACE AMOUNT.




$$
