000
CDUS43 KSGF 250632
CLIJLN


CLIMATE REPORT
NATIONAL WEATHER SERVICE SPRINGFIELD MO
130 AM CDT SAT MAR 25 2017


...................................

...THE JOPLIN MO CLIMATE SUMMARY FOR MARCH 24 2017...

CLIMATE NORMAL PERIOD 1981 TO 2010
CLIMATE RECORD PERIOD 1902 TO 2017


WEATHER ITEM   OBSERVED TIME   RECORD YEAR NORMAL DEPARTURE LAST
                VALUE   (LST)  VALUE       VALUE  FROM      YEAR
                                                  NORMAL
..................................................................
TEMPERATURE (F)
 YESTERDAY
  MAXIMUM         71    225 AM  86    1910  63      8       55
  MINIMUM         56   1011 PM  11    1974  40     16       31
  AVERAGE         64                        51     13       43

PRECIPITATION (IN)
  YESTERDAY        0.29          1.40 1973   0.11   0.18     0.00
  MONTH TO DATE    1.54                      2.56  -1.02     1.41
  SINCE MAR 1      1.54                      2.56  -1.02     1.41
  SINCE JAN 1      5.53                      6.91  -1.38     2.08

DEGREE DAYS
 HEATING
  YESTERDAY        1                        14    -13       22
  MONTH TO DATE  314                       417   -103      278
  SINCE MAR 1    314                       417   -103      278
  SINCE JUL 1   2866                      3671   -805     3028

 COOLING
  YESTERDAY        0                         0      0        0
  MONTH TO DATE   17                         0     17        3
  SINCE MAR 1     17                         0     17        3
  SINCE JAN 1     27                         1     26        4
..................................................................


WIND (MPH)
  HIGHEST WIND SPEED    30   HIGHEST WIND DIRECTION     S (180)
  HIGHEST GUST SPEED    40   HIGHEST GUST DIRECTION     S (180)
  AVERAGE WIND SPEED    16.5


SKY COVER
  AVERAGE SKY COVER 0.5


WEATHER CONDITIONS
 THE FOLLOWING WEATHER WAS RECORDED YESTERDAY.
  THUNDERSTORM
  LIGHT RAIN
  FOG


RELATIVE HUMIDITY (PERCENT)
 HIGHEST    97           400 PM
 LOWEST     34           600 AM
 AVERAGE    66

..........................................................


THE JOPLIN MO CLIMATE NORMALS FOR TODAY
                         NORMAL    RECORD    YEAR
 MAXIMUM TEMPERATURE (F)   63        88      1910
 MINIMUM TEMPERATURE (F)   40        12      1955


SUNRISE AND SUNSET
MARCH 25 2017.........SUNRISE   714 AM CDT   SUNSET   735 PM CDT
MARCH 26 2017.........SUNRISE   712 AM CDT   SUNSET   736 PM CDT


-  INDICATES NEGATIVE NUMBERS.
R  INDICATES RECORD WAS SET OR TIED.
MM INDICATES DATA IS MISSING.
T  INDICATES TRACE AMOUNT.




$$
