000
CDUS43 KSGF 250645
CLIJLN


CLIMATE REPORT
NATIONAL WEATHER SERVICE SPRINGFIELD MO
1244 AM CST SAT FEB 25 2017


...................................

...THE JOPLIN MO CLIMATE SUMMARY FOR FEBRUARY 24 2017...

CLIMATE NORMAL PERIOD 1981 TO 2010
CLIMATE RECORD PERIOD 1902 TO 2017


WEATHER ITEM   OBSERVED TIME   RECORD YEAR NORMAL DEPARTURE LAST
                VALUE   (LST)  VALUE       VALUE  FROM      YEAR
                                                  NORMAL
..................................................................
TEMPERATURE (F)
 YESTERDAY
  MAXIMUM         72   1211 AM  80    1956  53     19       48
  MINIMUM         29   1051 PM   3    1965  32     -3       31
  AVERAGE         51                        43      8       40

PRECIPITATION (IN)
  YESTERDAY        0.00          1.31 2011   0.10  -0.10     0.00
  MONTH TO DATE    0.26                      1.95  -1.69     0.37
  SINCE DEC 1      4.50                      6.80  -2.30    10.44
  SINCE JAN 1      3.91                      3.98  -0.07     0.67

DEGREE DAYS
 HEATING
  YESTERDAY       14                        22     -8       25
  MONTH TO DATE  366                       618   -252      528
  SINCE DEC 1   2023                      2410   -387     2045
  SINCE JUL 1   2478                      3167   -689     2663

 COOLING
  YESTERDAY        0                         0      0        0
  MONTH TO DATE    7                         0      7        1
  SINCE DEC 1      7                         0      7        4
  SINCE JAN 1      7                         0      7        1
..................................................................


WIND (MPH)
  HIGHEST WIND SPEED    29   HIGHEST WIND DIRECTION     S (200)
  HIGHEST GUST SPEED    36   HIGHEST GUST DIRECTION    SW (210)
  AVERAGE WIND SPEED    17.1


SKY COVER
  AVERAGE SKY COVER 0.7


WEATHER CONDITIONS
 THE FOLLOWING WEATHER WAS RECORDED YESTERDAY.
  NO SIGNIFICANT WEATHER WAS OBSERVED.


RELATIVE HUMIDITY (PERCENT)
 HIGHEST    93           400 AM
 LOWEST     44          1200 AM
 AVERAGE    69

..........................................................


THE JOPLIN MO CLIMATE NORMALS FOR TODAY
                         NORMAL    RECORD    YEAR
 MAXIMUM TEMPERATURE (F)   54        75      1981
 MINIMUM TEMPERATURE (F)   32         0      1965


SUNRISE AND SUNSET
FEBRUARY 25 2017......SUNRISE   654 AM CST   SUNSET   608 PM CST
FEBRUARY 26 2017......SUNRISE   653 AM CST   SUNSET   609 PM CST


-  INDICATES NEGATIVE NUMBERS.
R  INDICATES RECORD WAS SET OR TIED.
MM INDICATES DATA IS MISSING.
T  INDICATES TRACE AMOUNT.




$$
