000
CDUS43 KSGF 220627
CLIJLN


CLIMATE REPORT
NATIONAL WEATHER SERVICE SPRINGFIELD MO
127 AM CDT TUE APR 22 2014


...................................

...THE JOPLIN MO CLIMATE SUMMARY FOR APRIL 21 2014...

CLIMATE NORMAL PERIOD 1981 TO 2010
CLIMATE RECORD PERIOD 1902 TO 2014


WEATHER ITEM   OBSERVED TIME   RECORD YEAR NORMAL DEPARTURE LAST
                VALUE   (LST)  VALUE       VALUE  FROM      YEAR
                                                  NORMAL
..................................................................
TEMPERATURE (F)
 YESTERDAY
  MAXIMUM         68    520 PM  90    1963  72     -4       69
  MINIMUM         57   1159 PM  30    1966  49      8       50
                                      1978
  AVERAGE         63                        60      3       60

PRECIPITATION (IN)
  YESTERDAY        0.32          1.29 1996   0.16   0.16     0.00
  MONTH TO DATE    0.87                      2.86  -1.99     3.62
  SINCE MAR 1      2.75                      6.28  -3.53     6.32
  SINCE JAN 1      3.60                     10.63  -7.03    11.47

DEGREE DAYS
 HEATING
  YESTERDAY        2                         7     -5        5
  MONTH TO DATE  216                       193     23      241
  SINCE MAR 1    879                       701    178      898
  SINCE JUL 1   4728                      3955    773     4014

 COOLING
  YESTERDAY        0                         2     -2        0
  MONTH TO DATE   12                        26    -14       14
  SINCE MAR 1     12                        35    -23       14
  SINCE JAN 1     12                        36    -24       15
..................................................................


WIND (MPH)
  HIGHEST WIND SPEED    15   HIGHEST WIND DIRECTION    SW (220)
  HIGHEST GUST SPEED    19   HIGHEST GUST DIRECTION    SW (220)
  AVERAGE WIND SPEED     5.1


SKY COVER
  AVERAGE SKY COVER 0.8


WEATHER CONDITIONS
 THE FOLLOWING WEATHER WAS RECORDED YESTERDAY.
  HEAVY RAIN
  RAIN
  LIGHT RAIN
  FOG


RELATIVE HUMIDITY (PERCENT)
 HIGHEST   100          1100 PM
 LOWEST     67          1200 AM
 AVERAGE    84

..........................................................


THE JOPLIN MO CLIMATE NORMALS FOR TODAY
                         NORMAL    RECORD    YEAR
 MAXIMUM TEMPERATURE (F)   72        90      1965
 MINIMUM TEMPERATURE (F)   49        29      1986


SUNRISE AND SUNSET
APRIL 22 2014.........SUNRISE   634 AM CDT   SUNSET   759 PM CDT
APRIL 23 2014.........SUNRISE   633 AM CDT   SUNSET   800 PM CDT


-  INDICATES NEGATIVE NUMBERS.
R  INDICATES RECORD WAS SET OR TIED.
MM INDICATES DATA IS MISSING.
T  INDICATES TRACE AMOUNT.




$$
