000
CDUS43 KSGF 160636
CLIJLN


CLIMATE REPORT
NATIONAL WEATHER SERVICE SPRINGFIELD MO
1234 AM CST TUE DEC 16 2014


...................................

...THE JOPLIN MO CLIMATE SUMMARY FOR DECEMBER 15 2014...

CLIMATE NORMAL PERIOD 1981 TO 2010
CLIMATE RECORD PERIOD 1902 TO 2014


WEATHER ITEM   OBSERVED TIME   RECORD YEAR NORMAL DEPARTURE LAST
                VALUE   (LST)  VALUE       VALUE  FROM      YEAR
                                                  NORMAL
..................................................................
TEMPERATURE (F)
 YESTERDAY
  MAXIMUM         55   1241 AM  74    1984  47      8       50
  MINIMUM         37   1159 PM  -8    1989  27     10       18
  AVERAGE         46                        37      9       34

PRECIPITATION (IN)
  YESTERDAY        0.00          1.03 1992   0.09  -0.09     0.00
  MONTH TO DATE    1.22                      1.49  -0.27     0.48
  SINCE DEC 1      1.22                      1.49  -0.27     0.48
  SINCE JAN 1     31.09                     45.22 -14.13    43.08

DEGREE DAYS
 HEATING
  YESTERDAY       19                        28     -9       31
  MONTH TO DATE  319                       391    -72      529
  SINCE DEC 1    319                       391    -72      529
  SINCE JUL 1   1232                      1148     84     1417

 COOLING
  YESTERDAY        0                         0      0        0
  MONTH TO DATE    0                         0      0        0
  SINCE DEC 1      0                         0      0        0
  SINCE JAN 1   1583                      1698   -115     1568
..................................................................


WIND (MPH)
  HIGHEST WIND SPEED    25   HIGHEST WIND DIRECTION    SW (240)
  HIGHEST GUST SPEED    34   HIGHEST GUST DIRECTION     W (280)
  AVERAGE WIND SPEED    17.3


SKY COVER
  AVERAGE SKY COVER 0.7


WEATHER CONDITIONS
 THE FOLLOWING WEATHER WAS RECORDED YESTERDAY.
  NO SIGNIFICANT WEATHER WAS OBSERVED.


RELATIVE HUMIDITY (PERCENT)
 HIGHEST    93           100 AM
 LOWEST     64           900 PM
 AVERAGE    79

..........................................................


THE JOPLIN MO CLIMATE NORMALS FOR TODAY
                         NORMAL    RECORD    YEAR
 MAXIMUM TEMPERATURE (F)   47        72      2006
 MINIMUM TEMPERATURE (F)   27        -7      1989


SUNRISE AND SUNSET
DECEMBER 16 2014......SUNRISE   725 AM CST   SUNSET   502 PM CST
DECEMBER 17 2014......SUNRISE   726 AM CST   SUNSET   503 PM CST


-  INDICATES NEGATIVE NUMBERS.
R  INDICATES RECORD WAS SET OR TIED.
MM INDICATES DATA IS MISSING.
T  INDICATES TRACE AMOUNT.




$$
