000
CDUS43 KSGF 070636
CLIJLN


CLIMATE REPORT
NATIONAL WEATHER SERVICE SPRINGFIELD MO
136 AM CDT TUE JUL 7 2015


...................................

...THE JOPLIN MO CLIMATE SUMMARY FOR JULY 6 2015...

CLIMATE NORMAL PERIOD 1981 TO 2010
CLIMATE RECORD PERIOD 1902 TO 2015


WEATHER ITEM   OBSERVED TIME   RECORD YEAR NORMAL DEPARTURE LAST
                VALUE   (LST)  VALUE       VALUE  FROM      YEAR
                                                  NORMAL
..................................................................
TEMPERATURE (F)
 YESTERDAY
  MAXIMUM         88    409 PM 102    2012  90     -2       89
                                      1954
  MINIMUM         69   1047 PM  53    1972  70     -1       70
  AVERAGE         79                        80     -1       80

PRECIPITATION (IN)
  YESTERDAY        0.77          1.55 2010   0.14   0.63     0.41
  MONTH TO DATE    0.91                      0.85   0.06     0.41
  SINCE JUN 1      8.58                      6.71   1.87     4.34
  SINCE JAN 1     26.29                     24.66   1.63    13.09

DEGREE DAYS
 HEATING
  YESTERDAY        0                         0      0        0
  MONTH TO DATE    0                         0      0        0
  SINCE JUN 1      0                         5     -5        2
  SINCE JUL 1      0                         0      0        0

 COOLING
  YESTERDAY       14                        15     -1       15
  MONTH TO DATE   84                        86     -2       52
  SINCE JUN 1    469                       404     65      355
  SINCE JAN 1    613                       584     29      568
..................................................................


WIND (MPH)
  HIGHEST WIND SPEED    22   HIGHEST WIND DIRECTION     S (190)
  HIGHEST GUST SPEED    29   HIGHEST GUST DIRECTION     S (190)
  AVERAGE WIND SPEED    13.0


SKY COVER
  AVERAGE SKY COVER 0.2


WEATHER CONDITIONS
 THE FOLLOWING WEATHER WAS RECORDED YESTERDAY.
  THUNDERSTORM
  HEAVY RAIN
  RAIN
  LIGHT RAIN
  FOG


RELATIVE HUMIDITY (PERCENT)
 HIGHEST   100          1100 PM
 LOWEST     65           400 PM
 AVERAGE    83

..........................................................


THE JOPLIN MO CLIMATE NORMALS FOR TODAY
                         NORMAL    RECORD    YEAR
 MAXIMUM TEMPERATURE (F)   90       102      2012
 MINIMUM TEMPERATURE (F)   70        58      1952


SUNRISE AND SUNSET
JULY  7 2015..........SUNRISE   605 AM CDT   SUNSET   841 PM CDT
JULY  8 2015..........SUNRISE   605 AM CDT   SUNSET   841 PM CDT


-  INDICATES NEGATIVE NUMBERS.
R  INDICATES RECORD WAS SET OR TIED.
MM INDICATES DATA IS MISSING.
T  INDICATES TRACE AMOUNT.




$$
