000
CDUS43 KSGF 142236
CLIJLN


CLIMATE REPORT
NATIONAL WEATHER SERVICE SPRINGFIELD MO
435 PM CST SAT JAN 14 2017


...................................

...THE JOPLIN MO CLIMATE SUMMARY FOR JANUARY 14 2017...
VALID AS OF 0400 PM LOCAL TIME.

CLIMATE NORMAL PERIOD 1981 TO 2010
CLIMATE RECORD PERIOD 1902 TO 2017


WEATHER ITEM   OBSERVED TIME   RECORD YEAR NORMAL DEPARTURE LAST
                VALUE   (LST)  VALUE       VALUE  FROM      YEAR
                                                  NORMAL
..................................................................
TEMPERATURE (F)
 TODAY
  MAXIMUM         32    359 PM  71    1996  45    -13       64
  MINIMUM         29    940 AM  -7    1979  25      4       42
  AVERAGE         31                        35     -4       53

PRECIPITATION (IN)
  TODAY            0.07          0.44 2007   0.06   0.01     0.00
  MONTH TO DATE    0.75                      0.94  -0.19     0.27
  SINCE DEC 1      1.34                      3.76  -2.42    10.04
  SINCE JAN 1      0.75                      0.94  -0.19     0.27

DEGREE DAYS
 HEATING
  TODAY           34                        30      4       12
  MONTH TO DATE  426                       420      6      380
  SINCE DEC 1   1303                      1280     23     1017
  SINCE JUL 1   1758                      2037   -279     1635

 COOLING
  TODAY            0                         0      0        0
  MONTH TO DATE    0                         0      0        0
  SINCE DEC 1      0                         0      0        3
  SINCE JAN 1      0                         0      0        0
..................................................................


WIND (MPH)
  HIGHEST WIND SPEED    12   HIGHEST WIND DIRECTION     N (350)
  HIGHEST GUST SPEED    13   HIGHEST GUST DIRECTION     N (350)


SKY COVER
  AVERAGE SKY COVER 1.0


WEATHER CONDITIONS
 THE FOLLOWING WEATHER WAS RECORDED TODAY.
  LT FREEZING RAIN
  FOG


RELATIVE HUMIDITY (PERCENT)
 HIGHEST   100          1200 AM
 LOWEST     92          1000 AM
 AVERAGE    96

..........................................................


THE JOPLIN MO CLIMATE NORMALS FOR TOMORROW
                         NORMAL    RECORD    YEAR
 MAXIMUM TEMPERATURE (F)   45        68      1952
                                             1986
                                             1990
 MINIMUM TEMPERATURE (F)   25        -1      1979


SUNRISE AND SUNSET
JANUARY 14 2017.......SUNRISE   731 AM CST   SUNSET   524 PM CST
JANUARY 15 2017.......SUNRISE   731 AM CST   SUNSET   525 PM CST


-  INDICATES NEGATIVE NUMBERS.
R  INDICATES RECORD WAS SET OR TIED.
MM INDICATES DATA IS MISSING.
T  INDICATES TRACE AMOUNT.




$$
