000
CDUS43 KSGF 252227
CLIJLN


CLIMATE REPORT
NATIONAL WEATHER SERVICE SPRINGFIELD MO
526 PM CDT WED MAY 25 2016


...................................

...THE JOPLIN MO CLIMATE SUMMARY FOR MAY 25 2016...
VALID TODAY AS OF 0500 PM LOCAL TIME.

CLIMATE NORMAL PERIOD 1981 TO 2010
CLIMATE RECORD PERIOD 1902 TO 2016


WEATHER ITEM   OBSERVED TIME   RECORD YEAR NORMAL DEPARTURE LAST
                VALUE   (LST)  VALUE       VALUE  FROM      YEAR
                                                  NORMAL
..................................................................
TEMPERATURE (F)
 TODAY
  MAXIMUM         84    231 PM  92    2006  80      4       82
  MINIMUM         63    706 AM  44    1979  59      4       61
  AVERAGE         74                        69      5       72

PRECIPITATION (IN)
  TODAY            0.42          2.34 1968   0.16   0.26     0.12
  MONTH TO DATE    5.19                      4.62   0.57     8.95
  SINCE MAR 1     12.31                     12.51  -0.20    14.73
  SINCE JAN 1     12.98                     16.86  -3.88    16.25

DEGREE DAYS
 HEATING
  TODAY            0                         1     -1        0
  MONTH TO DATE  123                        60     63       63
  SINCE MAR 1    639                       809   -170      750
  SINCE JUL 1   3389                      4063   -674     4286

 COOLING
  TODAY            9                         5      4        7
  MONTH TO DATE   49                        89    -40       85
  SINCE MAR 1     71                       142    -71      120
  SINCE JAN 1     72                       143    -71      120
..................................................................


WIND (MPH)
  HIGHEST WIND SPEED    31   HIGHEST WIND DIRECTION    SW (220)
  HIGHEST GUST SPEED    43   HIGHEST GUST DIRECTION    SW (220)


SKY COVER
  AVERAGE SKY COVER 0.5


WEATHER CONDITIONS
 THE FOLLOWING WEATHER WAS RECORDED TODAY.
  THUNDERSTORM
  RAIN
  LIGHT RAIN
  FOG


RELATIVE HUMIDITY (PERCENT)
 HIGHEST    93          1200 AM
 LOWEST     54          1200 PM
 AVERAGE    74

..........................................................


THE JOPLIN MO CLIMATE NORMALS FOR TOMORROW
                         NORMAL    RECORD    YEAR
 MAXIMUM TEMPERATURE (F)   80        94      1953
 MINIMUM TEMPERATURE (F)   59        41      1988


SUNRISE AND SUNSET
MAY 25 2016...........SUNRISE   602 AM CDT   SUNSET   828 PM CDT
MAY 26 2016...........SUNRISE   602 AM CDT   SUNSET   829 PM CDT


-  INDICATES NEGATIVE NUMBERS.
R  INDICATES RECORD WAS SET OR TIED.
MM INDICATES DATA IS MISSING.
T  INDICATES TRACE AMOUNT.




$$
