000
CDUS43 KSGF 030631
CLIJLN


CLIMATE REPORT
NATIONAL WEATHER SERVICE SPRINGFIELD MO
128 AM CDT MON AUG 3 2015


...................................

...THE JOPLIN MO CLIMATE SUMMARY FOR AUGUST 2 2015...

CLIMATE NORMAL PERIOD 1981 TO 2010
CLIMATE RECORD PERIOD 1902 TO 2015


WEATHER ITEM   OBSERVED TIME   RECORD YEAR NORMAL DEPARTURE LAST
                VALUE   (LST)  VALUE       VALUE  FROM      YEAR
                                                  NORMAL
..................................................................
TEMPERATURE (F)
 YESTERDAY
  MAXIMUM         95    245 PM 110    2011  92      3       89
  MINIMUM         69    526 AM  55    1973  70     -1       61
  AVERAGE         82                        81      1       75

PRECIPITATION (IN)
  YESTERDAY        0.00          1.99 1981   0.10  -0.10     0.00
  MONTH TO DATE    0.00                      0.19  -0.19     0.00
  SINCE JUN 1     12.76                      9.86   2.90     5.17
  SINCE JAN 1     30.47                     27.81   2.66    13.92

DEGREE DAYS
 HEATING
  YESTERDAY        0                         0      0        0
  MONTH TO DATE    0                         0      0        0
  SINCE JUN 1      0                         5     -5        3
  SINCE JUL 1      0                         0      0        1

 COOLING
  YESTERDAY       17                        16      1       10
  MONTH TO DATE   29                        32     -3       19
  SINCE JUN 1    918                       823     95      652
  SINCE JAN 1   1062                      1003     59      865
..................................................................


WIND (MPH)
  HIGHEST WIND SPEED    21   HIGHEST WIND DIRECTION    SW (210)
  HIGHEST GUST SPEED    26   HIGHEST GUST DIRECTION    SW (210)
  AVERAGE WIND SPEED     8.5


SKY COVER
  AVERAGE SKY COVER 0.1


WEATHER CONDITIONS
 THE FOLLOWING WEATHER WAS RECORDED YESTERDAY.
  NO SIGNIFICANT WEATHER WAS OBSERVED.


RELATIVE HUMIDITY (PERCENT)
 HIGHEST    84           100 AM
 LOWEST     30           400 PM
 AVERAGE    57

..........................................................


THE JOPLIN MO CLIMATE NORMALS FOR TODAY
                         NORMAL    RECORD    YEAR
 MAXIMUM TEMPERATURE (F)   92       105      2012
                                             2011
 MINIMUM TEMPERATURE (F)   70        53      1950


SUNRISE AND SUNSET
AUGUST  3 2015........SUNRISE   624 AM CDT   SUNSET   824 PM CDT
AUGUST  4 2015........SUNRISE   625 AM CDT   SUNSET   823 PM CDT


-  INDICATES NEGATIVE NUMBERS.
R  INDICATES RECORD WAS SET OR TIED.
MM INDICATES DATA IS MISSING.
T  INDICATES TRACE AMOUNT.




$$
