000
CDUS43 KSGF 222133
CLIJLN


CLIMATE REPORT
NATIONAL WEATHER SERVICE SPRINGFIELD MO
432 PM CDT MON MAY 22 2017


...................................

...THE JOPLIN MO CLIMATE SUMMARY FOR MAY 22 2017...
VALID AS OF 0400 PM LOCAL TIME.

CLIMATE NORMAL PERIOD 1981 TO 2010
CLIMATE RECORD PERIOD 1902 TO 2017


WEATHER ITEM   OBSERVED TIME   RECORD YEAR NORMAL DEPARTURE LAST
                VALUE   (LST)  VALUE       VALUE  FROM      YEAR
                                                  NORMAL
..................................................................
TEMPERATURE (F)
 TODAY
  MAXIMUM         78    239 PM  93    1953  79     -1       80
  MINIMUM         52    440 AM  44    2015  58     -6       57
                                      2001
  AVERAGE         65                        68     -3       69

PRECIPITATION (IN)
  TODAY            0.00          1.86 1971   0.17  -0.17     0.00
  MONTH TO DATE    6.59                      4.13   2.46     4.30
  SINCE MAR 1     20.53                     12.02   8.51    11.42
  SINCE JAN 1     24.52                     16.37   8.15    12.09

DEGREE DAYS
 HEATING
  TODAY            0                         1     -1        0
  MONTH TO DATE   53                        57     -4      123
  SINCE MAR 1    608                       806   -198      639
  SINCE JUL 1   3160                      4060   -900     3389

 COOLING
  TODAY            0                         5     -5        4
  MONTH TO DATE   85                        74     11       28
  SINCE MAR 1    149                       127     22       50
  SINCE JAN 1    159                       128     31       51
..................................................................


WIND (MPH)
  HIGHEST WIND SPEED    15   HIGHEST WIND DIRECTION     S (200)
  HIGHEST GUST SPEED    18   HIGHEST GUST DIRECTION     S (200)


SKY COVER
  AVERAGE SKY COVER 0.1


WEATHER CONDITIONS
 THE FOLLOWING WEATHER WAS RECORDED TODAY.
  NO SIGNIFICANT WEATHER WAS OBSERVED.


RELATIVE HUMIDITY (PERCENT)
 HIGHEST    93           400 AM
 LOWEST     40           300 PM
 AVERAGE    67

..........................................................


THE JOPLIN MO CLIMATE NORMALS FOR TOMORROW
                         NORMAL    RECORD    YEAR
 MAXIMUM TEMPERATURE (F)   79        92      1996
 MINIMUM TEMPERATURE (F)   58        41      1963


SUNRISE AND SUNSET
MAY 22 2017...........SUNRISE   604 AM CDT   SUNSET   826 PM CDT
MAY 23 2017...........SUNRISE   604 AM CDT   SUNSET   826 PM CDT


-  INDICATES NEGATIVE NUMBERS.
R  INDICATES RECORD WAS SET OR TIED.
MM INDICATES DATA IS MISSING.
T  INDICATES TRACE AMOUNT.




$$
