000
CDUS43 KSGF 310628
CLIJLN


CLIMATE REPORT
NATIONAL WEATHER SERVICE SPRINGFIELD MO
128 AM CDT FRI OCT 31 2014


...................................

...THE JOPLIN MO CLIMATE SUMMARY FOR OCTOBER 30 2014...

CLIMATE NORMAL PERIOD 1981 TO 2010
CLIMATE RECORD PERIOD 1902 TO 2014


WEATHER ITEM   OBSERVED TIME   RECORD YEAR NORMAL DEPARTURE LAST
                VALUE   (LST)  VALUE       VALUE  FROM      YEAR
                                                  NORMAL
..................................................................
TEMPERATURE (F)
 YESTERDAY
  MAXIMUM         70    323 PM  86    1950  67      3       69
                                      1968
  MINIMUM         46    325 AM  23    1993  44      2       64
  AVERAGE         58                        56      2       67

PRECIPITATION (IN)
  YESTERDAY       MM             1.51 1972   0.13  MM        0.26
  MONTH TO DATE    7.95                      3.90   4.05     3.94
  SINCE SEP 1     12.48                      8.85   3.63     3.94
  SINCE JAN 1     27.92                     39.82 -11.90    39.40

DEGREE DAYS
 HEATING
  YESTERDAY        7                        10     -3        0
  MONTH TO DATE  160                       200    -40      257
  SINCE SEP 1    187                       241    -54      268
  SINCE JUL 1    188                       242    -54      268

 COOLING
  YESTERDAY        0                         1     -1        2
  MONTH TO DATE   54                        48      6       53
  SINCE SEP 1    250                       263    -13      304
  SINCE JAN 1   1583                      1690   -107     1568
..................................................................


WIND (MPH)
  HIGHEST WIND SPEED    26   HIGHEST WIND DIRECTION    SW (240)
  HIGHEST GUST SPEED    34   HIGHEST GUST DIRECTION    SW (230)
  AVERAGE WIND SPEED    12.1


SKY COVER
  AVERAGE SKY COVER 0.1


WEATHER CONDITIONS
 THE FOLLOWING WEATHER WAS RECORDED YESTERDAY.
  NO SIGNIFICANT WEATHER WAS OBSERVED.


RELATIVE HUMIDITY (PERCENT)
 HIGHEST    71           100 AM
 LOWEST     33           300 PM
 AVERAGE    52

..........................................................


THE JOPLIN MO CLIMATE NORMALS FOR TODAY
                         NORMAL    RECORD    YEAR
 MAXIMUM TEMPERATURE (F)   66        83      1950
 MINIMUM TEMPERATURE (F)   44        18      1993


SUNRISE AND SUNSET
OCTOBER 31 2014.......SUNRISE   741 AM CDT   SUNSET   621 PM CDT
NOVEMBER  1 2014......SUNRISE   742 AM CDT   SUNSET   620 PM CDT


-  INDICATES NEGATIVE NUMBERS.
R  INDICATES RECORD WAS SET OR TIED.
MM INDICATES DATA IS MISSING.
T  INDICATES TRACE AMOUNT.




$$
