000
CDUS43 KSGF 290627
CLIJLN


CLIMATE REPORT
NATIONAL WEATHER SERVICE SPRINGFIELD MO
127 AM CDT THU JUN 29 2017


...................................

...THE JOPLIN MO CLIMATE SUMMARY FOR JUNE 28 2017...

CLIMATE NORMAL PERIOD 1981 TO 2010
CLIMATE RECORD PERIOD 1902 TO 2017


WEATHER ITEM   OBSERVED TIME   RECORD YEAR NORMAL DEPARTURE LAST
                VALUE   (LST)  VALUE       VALUE  FROM      YEAR
                                                  NORMAL
..................................................................
TEMPERATURE (F)
 YESTERDAY
  MAXIMUM         89    334 PM 102    2012  89      0       92
  MINIMUM         70    537 AM  50    1967  68      2       67
  AVERAGE         80                        79      1       80

PRECIPITATION (IN)
  YESTERDAY        0.00          2.85 1999   0.17  -0.17     0.00
  MONTH TO DATE    3.62                      5.53  -1.91     5.61
  SINCE JUN 1      3.62                      5.53  -1.91     5.61
  SINCE JAN 1     29.55                     23.48   6.07    19.71

DEGREE DAYS
 HEATING
  YESTERDAY        0                         0      0        0
  MONTH TO DATE    0                         2     -2        0
  SINCE JUN 1      0                         2     -2        0
  SINCE JUL 1   3169                      4071   -902     3389

 COOLING
  YESTERDAY       15                        14      1       15
  MONTH TO DATE  301                       291     10      395
  SINCE JUN 1    301                       291     10      395
  SINCE JAN 1    508                       471     37      509
..................................................................


WIND (MPH)
  HIGHEST WIND SPEED    26   HIGHEST WIND DIRECTION     S (200)
  HIGHEST GUST SPEED    34   HIGHEST GUST DIRECTION     S (180)
  AVERAGE WIND SPEED    14.7


SKY COVER
  AVERAGE SKY COVER 0.1


WEATHER CONDITIONS
 THE FOLLOWING WEATHER WAS RECORDED YESTERDAY.
  NO SIGNIFICANT WEATHER WAS OBSERVED.


RELATIVE HUMIDITY (PERCENT)
 HIGHEST    84           500 AM
 LOWEST     53           500 PM
 AVERAGE    69

..........................................................


THE JOPLIN MO CLIMATE NORMALS FOR TODAY
                         NORMAL    RECORD    YEAR
 MAXIMUM TEMPERATURE (F)   89       103      1952
 MINIMUM TEMPERATURE (F)   69        58      1985


SUNRISE AND SUNSET
JUNE 29 2017..........SUNRISE   601 AM CDT   SUNSET   842 PM CDT
JUNE 30 2017..........SUNRISE   601 AM CDT   SUNSET   842 PM CDT


-  INDICATES NEGATIVE NUMBERS.
R  INDICATES RECORD WAS SET OR TIED.
MM INDICATES DATA IS MISSING.
T  INDICATES TRACE AMOUNT.




$$
