000
CDUS43 KSGF 300625
CLIJLN


CLIMATE REPORT
NATIONAL WEATHER SERVICE SPRINGFIELD MO
125 AM CDT TUE JUN 30 2015


...................................

...THE JOPLIN MO CLIMATE SUMMARY FOR JUNE 29 2015...

CLIMATE NORMAL PERIOD 1981 TO 2010
CLIMATE RECORD PERIOD 1902 TO 2015


WEATHER ITEM   OBSERVED TIME   RECORD YEAR NORMAL DEPARTURE LAST
                VALUE   (LST)  VALUE       VALUE  FROM      YEAR
                                                  NORMAL
..................................................................
TEMPERATURE (F)
 YESTERDAY
  MAXIMUM         87    409 PM 103    1952  89     -2       89
  MINIMUM         67    447 AM  58    1985  69     -2       70
  AVERAGE         77                        79     -2       80

PRECIPITATION (IN)
  YESTERDAY        0.00          2.79 1993   0.17  -0.17     0.00
  MONTH TO DATE    7.67                      5.70   1.97     3.93
  SINCE JUN 1      7.67                      5.70   1.97     3.93
  SINCE JAN 1     25.38                     23.65   1.73    12.68

DEGREE DAYS
 HEATING
  YESTERDAY        0                         0      0        0
  MONTH TO DATE    0                         2     -2        2
  SINCE JUN 1      0                         2     -2        2
  SINCE JUL 1   4290                      4071    219     4883

 COOLING
  YESTERDAY       12                        14     -2       15
  MONTH TO DATE  371                       305     66      284
  SINCE JUN 1    371                       305     66      284
  SINCE JAN 1    515                       485     30      497
..................................................................


WIND (MPH)
  HIGHEST WIND SPEED    14   HIGHEST WIND DIRECTION    NW (310)
  HIGHEST GUST SPEED    18   HIGHEST GUST DIRECTION    NW (310)
  AVERAGE WIND SPEED     5.5


SKY COVER
  AVERAGE SKY COVER 0.1


WEATHER CONDITIONS
 THE FOLLOWING WEATHER WAS RECORDED YESTERDAY.
  NO SIGNIFICANT WEATHER WAS OBSERVED.


RELATIVE HUMIDITY (PERCENT)
 HIGHEST    90           400 AM
 LOWEST     48          1200 PM
 AVERAGE    69

..........................................................


THE JOPLIN MO CLIMATE NORMALS FOR TODAY
                         NORMAL    RECORD    YEAR
 MAXIMUM TEMPERATURE (F)   89       100      2011
 MINIMUM TEMPERATURE (F)   69        56      1950
                                             1976


SUNRISE AND SUNSET
JUNE 30 2015..........SUNRISE   601 AM CDT   SUNSET   842 PM CDT
JULY  1 2015..........SUNRISE   601 AM CDT   SUNSET   842 PM CDT


-  INDICATES NEGATIVE NUMBERS.
R  INDICATES RECORD WAS SET OR TIED.
MM INDICATES DATA IS MISSING.
T  INDICATES TRACE AMOUNT.




$$
