000
CDUS43 KSGF 282129
CLIJLN


CLIMATE REPORT
NATIONAL WEATHER SERVICE SPRINGFIELD MO
429 PM CDT TUE OCT 28 2014


...................................

...THE JOPLIN MO CLIMATE SUMMARY FOR OCTOBER 28 2014...
VALID AS OF 0400 PM LOCAL TIME.

CLIMATE NORMAL PERIOD 1981 TO 2010
CLIMATE RECORD PERIOD 1902 TO 2014


WEATHER ITEM   OBSERVED TIME   RECORD YEAR NORMAL DEPARTURE LAST
                VALUE   (LST)  VALUE       VALUE  FROM      YEAR
                                                  NORMAL
..................................................................
TEMPERATURE (F)
 TODAY
  MAXIMUM         66    208 PM  84    1950  68     -2       70
  MINIMUM         45    706 AM  25    2012  45      0       43
  AVERAGE         56                        56      0       57

PRECIPITATION (IN)
  TODAY            T             1.27 1982   0.12  -0.12     0.02
  MONTH TO DATE    7.95                      3.64   4.31     1.54
  SINCE SEP 1     12.48                      8.59   3.89     1.54
  SINCE JAN 1     27.92                     39.56 -11.64    37.00

DEGREE DAYS
 HEATING
  TODAY            9                        10     -1        8
  MONTH TO DATE  138                       180    -42      254
  SINCE SEP 1    165                       221    -56      265
  SINCE JUL 1    166                       222    -56      265

 COOLING
  TODAY            0                         1     -1        0
  MONTH TO DATE   54                        46      8       51
  SINCE SEP 1    250                       261    -11      302
  SINCE JAN 1   1583                      1688   -105     1566
..................................................................


WIND (MPH)
  HIGHEST WIND SPEED    16   HIGHEST WIND DIRECTION     N (350)
  HIGHEST GUST SPEED    22   HIGHEST GUST DIRECTION     N (350)


SKY COVER
  AVERAGE SKY COVER 0.1


WEATHER CONDITIONS
 THE FOLLOWING WEATHER WAS RECORDED TODAY.
  THUNDERSTORM
  LIGHT RAIN


RELATIVE HUMIDITY (PERCENT)
 HIGHEST    93           700 AM
 LOWEST     37           200 PM
 AVERAGE    65

..........................................................


THE JOPLIN MO CLIMATE NORMALS FOR TOMORROW
                         NORMAL    RECORD    YEAR
 MAXIMUM TEMPERATURE (F)   67        87      1950
 MINIMUM TEMPERATURE (F)   45        25      1980


SUNRISE AND SUNSET
OCTOBER 28 2014.......SUNRISE   738 AM CDT   SUNSET   625 PM CDT
OCTOBER 29 2014.......SUNRISE   739 AM CDT   SUNSET   624 PM CDT


-  INDICATES NEGATIVE NUMBERS.
R  INDICATES RECORD WAS SET OR TIED.
MM INDICATES DATA IS MISSING.
T  INDICATES TRACE AMOUNT.




$$
