000
CDUS43 KSGF 092225
CLIJLN


CLIMATE REPORT
NATIONAL WEATHER SERVICE SPRINGFIELD MO
525 PM CDT WED JUL 9 2014


...................................

...THE JOPLIN MO CLIMATE SUMMARY FOR JULY 9 2014...
VALID TODAY AS OF 0500 PM LOCAL TIME.

CLIMATE NORMAL PERIOD 1981 TO 2010
CLIMATE RECORD PERIOD 1902 TO 2014


WEATHER ITEM   OBSERVED TIME   RECORD YEAR NORMAL DEPARTURE LAST
                VALUE   (LST)  VALUE       VALUE  FROM      YEAR
                                                  NORMAL
..................................................................
TEMPERATURE (F)
 TODAY
  MAXIMUM         88    228 PM 102    1980  90     -2       97
  MINIMUM         61    529 AM  56    1952  70     -9       76
  AVERAGE         75                        80     -5       87

PRECIPITATION (IN)
  TODAY            0.00          2.83 1950   0.14  -0.14     0.00
  MONTH TO DATE    0.42                      1.27  -0.85     0.09
  SINCE JUN 1      4.35                      7.13  -2.78     5.48
  SINCE JAN 1     13.10                     25.08 -11.98    27.87

DEGREE DAYS
 HEATING
  TODAY            0                         0      0        0
  MONTH TO DATE    0                         0      0        0
  SINCE JUN 1      2                         5     -3       12
  SINCE JUL 1      0                         0      0        0

 COOLING
  TODAY           10                        15     -5       22
  MONTH TO DATE   92                       131    -39      103
  SINCE JUN 1    395                       449    -54      426
  SINCE JAN 1    608                       629    -21      570
..................................................................


WIND (MPH)
  HIGHEST WIND SPEED    10   HIGHEST WIND DIRECTION     N (340)
  HIGHEST GUST SPEED    14   HIGHEST GUST DIRECTION    NW (330)


SKY COVER
  AVERAGE SKY COVER 0.0


WEATHER CONDITIONS
 THE FOLLOWING WEATHER WAS RECORDED TODAY.
  FOG


RELATIVE HUMIDITY (PERCENT)
 HIGHEST   100           400 AM
 LOWEST     30           300 PM
 AVERAGE    65

..........................................................


THE JOPLIN MO CLIMATE NORMALS FOR TOMORROW
                         NORMAL    RECORD    YEAR
 MAXIMUM TEMPERATURE (F)   90       106      2011
 MINIMUM TEMPERATURE (F)   70        57      1956


SUNRISE AND SUNSET
JULY  9 2014..........SUNRISE   606 AM CDT   SUNSET   840 PM CDT
JULY 10 2014..........SUNRISE   606 AM CDT   SUNSET   840 PM CDT


-  INDICATES NEGATIVE NUMBERS.
R  INDICATES RECORD WAS SET OR TIED.
MM INDICATES DATA IS MISSING.
T  INDICATES TRACE AMOUNT.




$$
