000
CDUS43 KSGF 170629
CLIJLN


CLIMATE REPORT
NATIONAL WEATHER SERVICE SPRINGFIELD MO
1229 AM CST WED DEC 17 2014


...................................

...THE JOPLIN MO CLIMATE SUMMARY FOR DECEMBER 16 2014...

CLIMATE NORMAL PERIOD 1981 TO 2010
CLIMATE RECORD PERIOD 1902 TO 2014


WEATHER ITEM   OBSERVED TIME   RECORD YEAR NORMAL DEPARTURE LAST
                VALUE   (LST)  VALUE       VALUE  FROM      YEAR
                                                  NORMAL
..................................................................
TEMPERATURE (F)
 YESTERDAY
  MAXIMUM         38    354 PM  72    2006  47     -9       62
  MINIMUM         27   1127 PM  -7    1989  27      0       38
  AVERAGE         33                        37     -4       50

PRECIPITATION (IN)
  YESTERDAY        T             0.76 2001   0.09  -0.09     0.00
  MONTH TO DATE    1.22                      1.58  -0.36     0.48
  SINCE DEC 1      1.22                      1.58  -0.36     0.48
  SINCE JAN 1     31.09                     45.31 -14.22    43.08

DEGREE DAYS
 HEATING
  YESTERDAY       32                        28      4       15
  MONTH TO DATE  351                       419    -68      544
  SINCE DEC 1    351                       419    -68      544
  SINCE JUL 1   1264                      1176     88     1432

 COOLING
  YESTERDAY        0                         0      0        0
  MONTH TO DATE    0                         0      0        0
  SINCE DEC 1      0                         0      0        0
  SINCE JAN 1   1583                      1698   -115     1568
..................................................................


WIND (MPH)
  HIGHEST WIND SPEED    25   HIGHEST WIND DIRECTION    NW (300)
  HIGHEST GUST SPEED    32   HIGHEST GUST DIRECTION     W (290)
  AVERAGE WIND SPEED     9.6


SKY COVER
  AVERAGE SKY COVER 0.7


WEATHER CONDITIONS
 THE FOLLOWING WEATHER WAS RECORDED YESTERDAY.
  NO SIGNIFICANT WEATHER WAS OBSERVED.


RELATIVE HUMIDITY (PERCENT)
 HIGHEST    85           800 PM
 LOWEST     64           400 PM
 AVERAGE    75

..........................................................


THE JOPLIN MO CLIMATE NORMALS FOR TODAY
                         NORMAL    RECORD    YEAR
 MAXIMUM TEMPERATURE (F)   46        68      1962
                                             2002
 MINIMUM TEMPERATURE (F)   27         1      1989


SUNRISE AND SUNSET
DECEMBER 17 2014......SUNRISE   726 AM CST   SUNSET   503 PM CST
DECEMBER 18 2014......SUNRISE   726 AM CST   SUNSET   503 PM CST


-  INDICATES NEGATIVE NUMBERS.
R  INDICATES RECORD WAS SET OR TIED.
MM INDICATES DATA IS MISSING.
T  INDICATES TRACE AMOUNT.




$$
