000
CDUS43 KSGF 182126
CLIJLN


CLIMATE REPORT
NATIONAL WEATHER SERVICE SPRINGFIELD MO
426 PM CDT MON AUG 18 2014


...................................

...THE JOPLIN MO CLIMATE SUMMARY FOR AUGUST 18 2014...
VALID AS OF 0400 PM LOCAL TIME.

CLIMATE NORMAL PERIOD 1981 TO 2010
CLIMATE RECORD PERIOD 1902 TO 2014


WEATHER ITEM   OBSERVED TIME   RECORD YEAR NORMAL DEPARTURE LAST
                VALUE   (LST)  VALUE       VALUE  FROM      YEAR
                                                  NORMAL
..................................................................
TEMPERATURE (F)
 TODAY
  MAXIMUM         93    247 PM 103    1970  91      2       84
  MINIMUM         66    417 AM  56    1992  69     -3       60
  AVERAGE         80                        80      0       72

PRECIPITATION (IN)
  TODAY            0.00          1.00 1965   0.10  -0.10     0.00
  MONTH TO DATE    1.49                      1.83  -0.34     4.60
  SINCE JUN 1      6.66                     11.50  -4.84    13.07
  SINCE JAN 1     15.41                     29.45 -14.04    35.46

DEGREE DAYS
 HEATING
  TODAY            0                         0      0        0
  MONTH TO DATE    0                         0      0        0
  SINCE JUN 1      3                         5     -2       12
  SINCE JUL 1      1                         0      1        0

 COOLING
  TODAY           15                        15      0        7
  MONTH TO DATE  222                       281    -59      182
  SINCE JUN 1    855                      1072   -217      913
  SINCE JAN 1   1068                      1252   -184     1057
..................................................................


WIND (MPH)
  HIGHEST WIND SPEED    16   HIGHEST WIND DIRECTION    NW (320)
  HIGHEST GUST SPEED    20   HIGHEST GUST DIRECTION    NW (320)


SKY COVER
  AVERAGE SKY COVER 0.0


WEATHER CONDITIONS
 THE FOLLOWING WEATHER WAS RECORDED TODAY.
  NO SIGNIFICANT WEATHER WAS OBSERVED.


RELATIVE HUMIDITY (PERCENT)
 HIGHEST   100           300 AM
 LOWEST     44           300 PM
 AVERAGE    72

..........................................................


THE JOPLIN MO CLIMATE NORMALS FOR TOMORROW
                         NORMAL    RECORD    YEAR
 MAXIMUM TEMPERATURE (F)   91       101      1962
                                             2003
 MINIMUM TEMPERATURE (F)   68        55      1950


SUNRISE AND SUNSET
AUGUST 18 2014........SUNRISE   637 AM CDT   SUNSET   806 PM CDT
AUGUST 19 2014........SUNRISE   638 AM CDT   SUNSET   805 PM CDT


-  INDICATES NEGATIVE NUMBERS.
R  INDICATES RECORD WAS SET OR TIED.
MM INDICATES DATA IS MISSING.
T  INDICATES TRACE AMOUNT.




$$
