000
CDUS43 KSGF 222227
CLIJLN


CLIMATE REPORT
NATIONAL WEATHER SERVICE SPRINGFIELD MO
526 PM CDT MON AUG 22 2016


...................................

...THE JOPLIN MO CLIMATE SUMMARY FOR AUGUST 22 2016...
VALID TODAY AS OF 0500 PM LOCAL TIME.

CLIMATE NORMAL PERIOD 1981 TO 2010
CLIMATE RECORD PERIOD 1902 TO 2016


WEATHER ITEM   OBSERVED TIME   RECORD YEAR NORMAL DEPARTURE LAST
                VALUE   (LST)  VALUE       VALUE  FROM      YEAR
                                                  NORMAL
..................................................................
TEMPERATURE (F)
 TODAY
  MAXIMUM         84    323 PM 103    1983  91     -7       83
                                      2003
  MINIMUM         59    405 AM  53    2009  68     -9       66
                                      1949
  AVERAGE         72                        79     -7       75

PRECIPITATION (IN)
  TODAY            0.00          4.28 1985   0.11  -0.11     3.32
  MONTH TO DATE    2.89                      2.26   0.63     7.42
  SINCE JUN 1     14.31                     11.93   2.38    20.18
  SINCE JAN 1     28.41                     29.88  -1.47    37.89

DEGREE DAYS
 HEATING
  TODAY            0                         0      0        0
  MONTH TO DATE    0                         0      0        1
  SINCE JUN 1      0                         5     -5        1
  SINCE JUL 1      0                         0      0        1

 COOLING
  TODAY            7                        14     -7       10
  MONTH TO DATE  321                       340    -19      281
  SINCE JUN 1   1239                      1131    108     1170
  SINCE JAN 1   1353                      1311     42     1314
..................................................................


WIND (MPH)
  HIGHEST WIND SPEED    14   HIGHEST WIND DIRECTION    SE (150)
  HIGHEST GUST SPEED    20   HIGHEST GUST DIRECTION     S (170)


SKY COVER
  AVERAGE SKY COVER 0.0


WEATHER CONDITIONS
 THE FOLLOWING WEATHER WAS RECORDED TODAY.
  NO SIGNIFICANT WEATHER WAS OBSERVED.


RELATIVE HUMIDITY (PERCENT)
 HIGHEST    90           100 AM
 LOWEST     43           200 PM
 AVERAGE    67

..........................................................


THE JOPLIN MO CLIMATE NORMALS FOR TOMORROW
                         NORMAL    RECORD    YEAR
 MAXIMUM TEMPERATURE (F)   91       102      1947
 MINIMUM TEMPERATURE (F)   68        53      2009


SUNRISE AND SUNSET
AUGUST 22 2016........SUNRISE   641 AM CDT   SUNSET   800 PM CDT
AUGUST 23 2016........SUNRISE   642 AM CDT   SUNSET   759 PM CDT


-  INDICATES NEGATIVE NUMBERS.
R  INDICATES RECORD WAS SET OR TIED.
MM INDICATES DATA IS MISSING.
T  INDICATES TRACE AMOUNT.




$$
