000
CDUS43 KSGF 312135
CLIJLN


CLIMATE REPORT
NATIONAL WEATHER SERVICE SPRINGFIELD MO
435 PM CDT SUN MAY 31 2015


...................................

...THE JOPLIN MO CLIMATE SUMMARY FOR MAY 31 2015...
VALID AS OF 0400 PM LOCAL TIME.

CLIMATE NORMAL PERIOD 1981 TO 2010
CLIMATE RECORD PERIOD 1902 TO 2015


WEATHER ITEM   OBSERVED TIME   RECORD YEAR NORMAL DEPARTURE LAST
                VALUE   (LST)  VALUE       VALUE  FROM      YEAR
                                                  NORMAL
..................................................................
TEMPERATURE (F)
 TODAY
  MAXIMUM         68   1255 PM  95    1949  82    -14       84
  MINIMUM         58    320 AM  46    1983  61     -3       66
  AVERAGE         63                        71     -8       75

PRECIPITATION (IN)
  TODAY            0.06          1.51 1958   0.19  -0.13      T
  MONTH TO DATE   10.41                      5.71   4.70     4.77
  SINCE MAR 1     16.19                     13.60   2.59     7.90
  SINCE JAN 1     17.71                     17.95  -0.24     8.75

DEGREE DAYS
 HEATING
  TODAY            2                         1      1        0
  MONTH TO DATE   67                        66      1      103
  SINCE MAR 1    754                       815    -61     1032
  SINCE JUL 1   4290                      4069    221     4881

 COOLING
  TODAY            0                         7     -7       10
  MONTH TO DATE  109                       126    -17      190
  SINCE MAR 1    144                       179    -35      213
  SINCE JAN 1    144                       180    -36      213
..................................................................


WIND (MPH)
  HIGHEST WIND SPEED    13   HIGHEST WIND DIRECTION     N (340)
  HIGHEST GUST SPEED    16   HIGHEST GUST DIRECTION    NE (30)


SKY COVER
  AVERAGE SKY COVER 1.0


WEATHER CONDITIONS
 THE FOLLOWING WEATHER WAS RECORDED TODAY.
  LIGHT RAIN
  FOG
  HAZE


RELATIVE HUMIDITY (PERCENT)
 HIGHEST    97           800 AM
 LOWEST     73           100 PM
 AVERAGE    85

..........................................................


THE JOPLIN MO CLIMATE NORMALS FOR TOMORROW
                         NORMAL    RECORD    YEAR
 MAXIMUM TEMPERATURE (F)   82        92      2010
                                             1951
 MINIMUM TEMPERATURE (F)   61        45      1964


SUNRISE AND SUNSET
MAY 31 2015...........SUNRISE   600 AM CDT   SUNSET   832 PM CDT
JUNE  1 2015..........SUNRISE   600 AM CDT   SUNSET   832 PM CDT


-  INDICATES NEGATIVE NUMBERS.
R  INDICATES RECORD WAS SET OR TIED.
MM INDICATES DATA IS MISSING.
T  INDICATES TRACE AMOUNT.




$$
