000
CDUS43 KSGF 312126
CLIJLN


CLIMATE REPORT
NATIONAL WEATHER SERVICE SPRINGFIELD MO
426 PM CDT SUN AUG 31 2014


...................................

...THE JOPLIN MO CLIMATE SUMMARY FOR AUGUST 31 2014...
VALID AS OF 0400 PM LOCAL TIME.

CLIMATE NORMAL PERIOD 1981 TO 2010
CLIMATE RECORD PERIOD 1902 TO 2014


WEATHER ITEM   OBSERVED TIME   RECORD YEAR NORMAL DEPARTURE LAST
                VALUE   (LST)  VALUE       VALUE  FROM      YEAR
                                                  NORMAL
..................................................................
TEMPERATURE (F)
 TODAY
  MAXIMUM         96    232 PM 105    2000  89      7       97
  MINIMUM         71    610 AM  49    2009  66      5       74
  AVERAGE         84                        77      7       86

PRECIPITATION (IN)
  TODAY            0.00          1.82 2012   0.13  -0.13     0.00
  MONTH TO DATE    1.52                      3.35  -1.83     4.60
  SINCE JUN 1      6.69                     13.02  -6.33    13.07
  SINCE JAN 1     15.44                     30.97 -15.53    35.46

DEGREE DAYS
 HEATING
  TODAY            0                         0      0        0
  MONTH TO DATE    0                         0      0        0
  SINCE JUN 1      3                         6     -3       12
  SINCE JUL 1      1                         1      0        0

 COOLING
  TODAY           19                        12      7       21
  MONTH TO DATE  487                       456     31      389
  SINCE JUN 1   1120                      1247   -127     1120
  SINCE JAN 1   1333                      1427    -94     1264
..................................................................


WIND (MPH)
  HIGHEST WIND SPEED    23   HIGHEST WIND DIRECTION    SW (210)
  HIGHEST GUST SPEED    37   HIGHEST GUST DIRECTION     S (200)


SKY COVER
  AVERAGE SKY COVER 0.1


WEATHER CONDITIONS
 THE FOLLOWING WEATHER WAS RECORDED TODAY.
  NO SIGNIFICANT WEATHER WAS OBSERVED.


RELATIVE HUMIDITY (PERCENT)
 HIGHEST    93           400 AM
 LOWEST     36           200 PM
 AVERAGE    65

..........................................................


THE JOPLIN MO CLIMATE NORMALS FOR TOMORROW
                         NORMAL    RECORD    YEAR
 MAXIMUM TEMPERATURE (F)   88       105      2000
 MINIMUM TEMPERATURE (F)   65        45      1949


SUNRISE AND SUNSET
AUGUST 31 2014........SUNRISE   648 AM CDT   SUNSET   748 PM CDT
SEPTEMBER  1 2014.....SUNRISE   649 AM CDT   SUNSET   747 PM CDT


-  INDICATES NEGATIVE NUMBERS.
R  INDICATES RECORD WAS SET OR TIED.
MM INDICATES DATA IS MISSING.
T  INDICATES TRACE AMOUNT.




$$
