000
CDUS43 KSGF 132245
CLIJLN


CLIMATE REPORT
NATIONAL WEATHER SERVICE SPRINGFIELD MO
445 PM CST FRI JAN 13 2017


...................................

...THE JOPLIN MO CLIMATE SUMMARY FOR JANUARY 13 2017...
VALID AS OF 0400 PM LOCAL TIME.

CLIMATE NORMAL PERIOD 1981 TO 2010
CLIMATE RECORD PERIOD 1902 TO 2017


WEATHER ITEM   OBSERVED TIME   RECORD YEAR NORMAL DEPARTURE LAST
                VALUE   (LST)  VALUE       VALUE  FROM      YEAR
                                                  NORMAL
..................................................................
TEMPERATURE (F)
 TODAY
  MAXIMUM         32    359 PM  70    1996  44    -12       56
  MINIMUM         28    125 AM  -4    1997  25      3       22
  AVERAGE         30                        35     -5       39

PRECIPITATION (IN)
  TODAY            0.60          1.56 1995   0.06   0.54     0.00
  MONTH TO DATE    0.64                      0.88  -0.24     0.27
  SINCE DEC 1      1.23                      3.70  -2.47    10.04
  SINCE JAN 1      0.64                      0.88  -0.24     0.27

DEGREE DAYS
 HEATING
  TODAY           35                        30      5       26
  MONTH TO DATE  392                       390      2      368
  SINCE DEC 1   1269                      1250     19     1005
  SINCE JUL 1   1724                      2007   -283     1623

 COOLING
  TODAY            0                         0      0        0
  MONTH TO DATE    0                         0      0        0
  SINCE DEC 1      0                         0      0        3
  SINCE JAN 1      0                         0      0        0
..................................................................


WIND (MPH)
  HIGHEST WIND SPEED    15   HIGHEST WIND DIRECTION    NE (60)
  HIGHEST GUST SPEED    20   HIGHEST GUST DIRECTION    NE (50)


SKY COVER
  AVERAGE SKY COVER 0.9


WEATHER CONDITIONS
 THE FOLLOWING WEATHER WAS RECORDED TODAY.
  FREEZING RAIN
  LT FREEZING RAIN
  FOG


RELATIVE HUMIDITY (PERCENT)
 HIGHEST   100           600 AM
 LOWEST     69          1200 AM
 AVERAGE    85

..........................................................


THE JOPLIN MO CLIMATE NORMALS FOR TOMORROW
                         NORMAL    RECORD    YEAR
 MAXIMUM TEMPERATURE (F)   45        71      1996
 MINIMUM TEMPERATURE (F)   25        -7      1979


SUNRISE AND SUNSET
JANUARY 13 2017.......SUNRISE   731 AM CST   SUNSET   523 PM CST
JANUARY 14 2017.......SUNRISE   731 AM CST   SUNSET   524 PM CST


-  INDICATES NEGATIVE NUMBERS.
R  INDICATES RECORD WAS SET OR TIED.
MM INDICATES DATA IS MISSING.
T  INDICATES TRACE AMOUNT.




$$
