000
CDUS43 KSGF 032127
CLIJLN


CLIMATE REPORT
NATIONAL WEATHER SERVICE SPRINGFIELD MO
427 PM CDT THU SEP 3 2015


...................................

...THE JOPLIN MO CLIMATE SUMMARY FOR SEPTEMBER 3 2015...
VALID AS OF 0400 PM LOCAL TIME.

CLIMATE NORMAL PERIOD 1981 TO 2010
CLIMATE RECORD PERIOD 1902 TO 2015


WEATHER ITEM   OBSERVED TIME   RECORD YEAR NORMAL DEPARTURE LAST
                VALUE   (LST)  VALUE       VALUE  FROM      YEAR
                                                  NORMAL
..................................................................
TEMPERATURE (F)
 TODAY
  MAXIMUM         88    259 PM 102    1954  88      0       92
                                      2000
  MINIMUM         69    606 AM  45    1974  65      4       69
  AVERAGE         79                        76      3       81

PRECIPITATION (IN)
  TODAY            0.00          2.73 2008   0.16  -0.16     0.00
  MONTH TO DATE    0.00                      0.48  -0.48     2.60
  SINCE SEP 1      0.00                      0.48  -0.48     2.60
  SINCE JAN 1     38.70                     31.45   7.25    18.04

DEGREE DAYS
 HEATING
  TODAY            0                         0      0        0
  MONTH TO DATE    0                         0      0        0
  SINCE SEP 1      0                         0      0        0
  SINCE JUL 1      1                         1      0        1

 COOLING
  TODAY           14                        11      3       16
  MONTH TO DATE   43                        34      9       35
  SINCE SEP 1     43                        34      9       35
  SINCE JAN 1   1429                      1461    -32     1368
..................................................................


WIND (MPH)
  HIGHEST WIND SPEED    15   HIGHEST WIND DIRECTION     S (200)
  HIGHEST GUST SPEED    21   HIGHEST GUST DIRECTION     S (180)


SKY COVER
  AVERAGE SKY COVER 0.1


WEATHER CONDITIONS
 THE FOLLOWING WEATHER WAS RECORDED TODAY.
  NO SIGNIFICANT WEATHER WAS OBSERVED.


RELATIVE HUMIDITY (PERCENT)
 HIGHEST    90           500 AM
 LOWEST     55          1200 PM
 AVERAGE    73

..........................................................


THE JOPLIN MO CLIMATE NORMALS FOR TOMORROW
                         NORMAL    RECORD    YEAR
 MAXIMUM TEMPERATURE (F)   87       102      1954
 MINIMUM TEMPERATURE (F)   64        41      1974


SUNRISE AND SUNSET
SEPTEMBER  3 2015.....SUNRISE   650 AM CDT   SUNSET   744 PM CDT
SEPTEMBER  4 2015.....SUNRISE   651 AM CDT   SUNSET   743 PM CDT


-  INDICATES NEGATIVE NUMBERS.
R  INDICATES RECORD WAS SET OR TIED.
MM INDICATES DATA IS MISSING.
T  INDICATES TRACE AMOUNT.




$$
