000
CDUS43 KSGF 262126
CLIJLN


CLIMATE REPORT
NATIONAL WEATHER SERVICE SPRINGFIELD MO
426 PM CDT SUN OCT 26 2014


...................................

...THE JOPLIN MO CLIMATE SUMMARY FOR OCTOBER 26 2014...
VALID AS OF 0400 PM LOCAL TIME.

CLIMATE NORMAL PERIOD 1981 TO 2010
CLIMATE RECORD PERIOD 1902 TO 2014


WEATHER ITEM   OBSERVED TIME   RECORD YEAR NORMAL DEPARTURE LAST
                VALUE   (LST)  VALUE       VALUE  FROM      YEAR
                                                  NORMAL
..................................................................
TEMPERATURE (F)
 TODAY
  MAXIMUM         85    140 PM  87    1950  68     17       63
  MINIMUM         63    310 AM  24    1957  46     17       44
  AVERAGE         74                        57     17       54

PRECIPITATION (IN)
  TODAY            0.00          1.82 1973   0.12  -0.12     0.00
  MONTH TO DATE    7.61                      3.39   4.22     1.52
  SINCE SEP 1     12.14                      8.34   3.80     1.52
  SINCE JAN 1     27.58                     39.31 -11.73    36.98

DEGREE DAYS
 HEATING
  TODAY            0                         9     -9       11
  MONTH TO DATE  129                       161    -32      228
  SINCE SEP 1    156                       202    -46      239
  SINCE JUL 1    157                       203    -46      239

 COOLING
  TODAY            9                         1      8        0
  MONTH TO DATE   49                        44      5       51
  SINCE SEP 1    245                       259    -14      302
  SINCE JAN 1   1578                      1686   -108     1566
..................................................................


WIND (MPH)
  HIGHEST WIND SPEED    29   HIGHEST WIND DIRECTION     S (190)
  HIGHEST GUST SPEED    37   HIGHEST GUST DIRECTION     S (200)


SKY COVER
  AVERAGE SKY COVER 0.0


WEATHER CONDITIONS
 THE FOLLOWING WEATHER WAS RECORDED TODAY.
  NO SIGNIFICANT WEATHER WAS OBSERVED.


RELATIVE HUMIDITY (PERCENT)
 HIGHEST    93          1200 AM
 LOWEST     40           200 PM
 AVERAGE    67

..........................................................


THE JOPLIN MO CLIMATE NORMALS FOR TOMORROW
                         NORMAL    RECORD    YEAR
 MAXIMUM TEMPERATURE (F)   68        85      1999
                                             1977
 MINIMUM TEMPERATURE (F)   45        24      1957


SUNRISE AND SUNSET
OCTOBER 26 2014.......SUNRISE   736 AM CDT   SUNSET   627 PM CDT
OCTOBER 27 2014.......SUNRISE   737 AM CDT   SUNSET   626 PM CDT


-  INDICATES NEGATIVE NUMBERS.
R  INDICATES RECORD WAS SET OR TIED.
MM INDICATES DATA IS MISSING.
T  INDICATES TRACE AMOUNT.




$$
