000
CDUS43 KSGF 200632
CLIJLN


CLIMATE REPORT
NATIONAL WEATHER SERVICE SPRINGFIELD MO
1232 AM CST SAT DEC 20 2014


...................................

...THE JOPLIN MO CLIMATE SUMMARY FOR DECEMBER 19 2014...

CLIMATE NORMAL PERIOD 1981 TO 2010
CLIMATE RECORD PERIOD 1902 TO 2014


WEATHER ITEM   OBSERVED TIME   RECORD YEAR NORMAL DEPARTURE LAST
                VALUE   (LST)  VALUE       VALUE  FROM      YEAR
                                                  NORMAL
..................................................................
TEMPERATURE (F)
 YESTERDAY
  MAXIMUM         39    956 PM  72    1978  46     -7       61
  MINIMUM         35    530 AM   0    1983  27      8       52
  AVERAGE         37                        36      1       57

PRECIPITATION (IN)
  YESTERDAY        0.00          1.85 1987   0.09  -0.09     0.00
  MONTH TO DATE    1.60                      1.85  -0.25     0.48
  SINCE DEC 1      1.60                      1.85  -0.25     0.48
  SINCE JAN 1     31.47                     45.58 -14.11    43.08

DEGREE DAYS
 HEATING
  YESTERDAY       28                        29     -1        8
  MONTH TO DATE  442                       505    -63      594
  SINCE DEC 1    442                       505    -63      594
  SINCE JUL 1   1355                      1262     93     1482

 COOLING
  YESTERDAY        0                         0      0        0
  MONTH TO DATE    0                         0      0        0
  SINCE DEC 1      0                         0      0        0
  SINCE JAN 1   1583                      1698   -115     1568
..................................................................


WIND (MPH)
  HIGHEST WIND SPEED     8   HIGHEST WIND DIRECTION     N (360)
  HIGHEST GUST SPEED    10   HIGHEST GUST DIRECTION     N (350)
  AVERAGE WIND SPEED     3.1


SKY COVER
  AVERAGE SKY COVER 1.0


WEATHER CONDITIONS
 THE FOLLOWING WEATHER WAS RECORDED YESTERDAY.
  FOG
  FOG W/VISIBILITY <= 1/4 MILE


RELATIVE HUMIDITY (PERCENT)
 HIGHEST   100          1200 AM
 LOWEST     92          1100 AM
 AVERAGE    96

..........................................................


THE JOPLIN MO CLIMATE NORMALS FOR TODAY
                         NORMAL    RECORD    YEAR
 MAXIMUM TEMPERATURE (F)   46        70      1979
 MINIMUM TEMPERATURE (F)   26         0      1983


SUNRISE AND SUNSET
DECEMBER 20 2014......SUNRISE   727 AM CST   SUNSET   504 PM CST
DECEMBER 21 2014......SUNRISE   728 AM CST   SUNSET   504 PM CST


-  INDICATES NEGATIVE NUMBERS.
R  INDICATES RECORD WAS SET OR TIED.
MM INDICATES DATA IS MISSING.
T  INDICATES TRACE AMOUNT.




$$
