000
CDUS43 KSGF 190629
CLIJLN


CLIMATE REPORT
NATIONAL WEATHER SERVICE SPRINGFIELD MO
129 AM CDT WED JUL 19 2017


...................................

...THE JOPLIN MO CLIMATE SUMMARY FOR JULY 18 2017...

CLIMATE NORMAL PERIOD 1981 TO 2010
CLIMATE RECORD PERIOD 1902 TO 2017


WEATHER ITEM   OBSERVED TIME   RECORD YEAR NORMAL DEPARTURE LAST
                VALUE   (LST)  VALUE       VALUE  FROM      YEAR
                                                  NORMAL
..................................................................
TEMPERATURE (F)
 YESTERDAY
  MAXIMUM         93    403 PM 110    1954  91      2       93
  MINIMUM         72    507 AM  54    2009  70      2       74
  AVERAGE         83                        80      3       84

PRECIPITATION (IN)
  YESTERDAY        0.00          1.95 1948   0.12  -0.12     0.00
  MONTH TO DATE    2.06                      2.42  -0.36     4.77
  SINCE JUN 1      6.24                      8.28  -2.04    10.89
  SINCE JAN 1     32.17                     26.23   5.94    24.99

DEGREE DAYS
 HEATING
  YESTERDAY        0                         0      0        0
  MONTH TO DATE    0                         0      0        0
  SINCE JUN 1      0                         5     -5        0
  SINCE JUL 1      0                         0      0        0

 COOLING
  YESTERDAY       18                        16      2       19
  MONTH TO DATE  289                       267     22      263
  SINCE JUN 1    618                       585     33      686
  SINCE JAN 1    825                       765     60      800
..................................................................


WIND (MPH)
  HIGHEST WIND SPEED    15   HIGHEST WIND DIRECTION     S (180)
  HIGHEST GUST SPEED    18   HIGHEST GUST DIRECTION     S (180)
  AVERAGE WIND SPEED     7.3


SKY COVER
  AVERAGE SKY COVER 0.0


WEATHER CONDITIONS
 THE FOLLOWING WEATHER WAS RECORDED YESTERDAY.
  NO SIGNIFICANT WEATHER WAS OBSERVED.


RELATIVE HUMIDITY (PERCENT)
 HIGHEST    93          1200 AM
 LOWEST     49           200 PM
 AVERAGE    71

..........................................................


THE JOPLIN MO CLIMATE NORMALS FOR TODAY
                         NORMAL    RECORD    YEAR
 MAXIMUM TEMPERATURE (F)   91       108      1954
 MINIMUM TEMPERATURE (F)   70        56      2014
                                             2009


SUNRISE AND SUNSET
JULY 19 2017..........SUNRISE   613 AM CDT   SUNSET   835 PM CDT
JULY 20 2017..........SUNRISE   614 AM CDT   SUNSET   835 PM CDT


-  INDICATES NEGATIVE NUMBERS.
R  INDICATES RECORD WAS SET OR TIED.
MM INDICATES DATA IS MISSING.
T  INDICATES TRACE AMOUNT.




$$
