000
CDUS43 KSGF 052126
CLIJLN


CLIMATE REPORT
NATIONAL WEATHER SERVICE SPRINGFIELD MO
425 PM CDT SUN JUL 5 2015


...................................

...THE JOPLIN MO CLIMATE SUMMARY FOR JULY 5 2015...
VALID AS OF 0400 PM LOCAL TIME.

CLIMATE NORMAL PERIOD 1981 TO 2010
CLIMATE RECORD PERIOD 1902 TO 2015


WEATHER ITEM   OBSERVED TIME   RECORD YEAR NORMAL DEPARTURE LAST
                VALUE   (LST)  VALUE       VALUE  FROM      YEAR
                                                  NORMAL
..................................................................
TEMPERATURE (F)
 TODAY
  MAXIMUM         91    250 PM 105    1954  90      1       87
  MINIMUM         70    527 AM  51    1972  70      0       68
                                      1997
  AVERAGE         81                        80      1       78

PRECIPITATION (IN)
  TODAY            0.00          2.00 1950   0.14  -0.14     0.00
  MONTH TO DATE    0.14                      0.71  -0.57      T
  SINCE JUN 1      7.81                      6.57   1.24     3.93
  SINCE JAN 1     25.52                     24.52   1.00    12.68

DEGREE DAYS
 HEATING
  TODAY            0                         0      0        0
  MONTH TO DATE    0                         0      0        0
  SINCE JUN 1      0                         5     -5        2
  SINCE JUL 1      0                         0      0        0

 COOLING
  TODAY           16                        15      1       13
  MONTH TO DATE   70                        71     -1       37
  SINCE JUN 1    455                       389     66      340
  SINCE JAN 1    599                       569     30      553
..................................................................


WIND (MPH)
  HIGHEST WIND SPEED    13   HIGHEST WIND DIRECTION    SE (150)
  HIGHEST GUST SPEED    17   HIGHEST GUST DIRECTION     S (170)


SKY COVER
  AVERAGE SKY COVER 0.1


WEATHER CONDITIONS
 THE FOLLOWING WEATHER WAS RECORDED TODAY.
  FOG


RELATIVE HUMIDITY (PERCENT)
 HIGHEST    97           500 AM
 LOWEST     64           200 PM
 AVERAGE    81

..........................................................


THE JOPLIN MO CLIMATE NORMALS FOR TOMORROW
                         NORMAL    RECORD    YEAR
 MAXIMUM TEMPERATURE (F)   90       102      2012
                                             1954
 MINIMUM TEMPERATURE (F)   70        53      1972


SUNRISE AND SUNSET
JULY  5 2015..........SUNRISE   603 AM CDT   SUNSET   841 PM CDT
JULY  6 2015..........SUNRISE   604 AM CDT   SUNSET   841 PM CDT


-  INDICATES NEGATIVE NUMBERS.
R  INDICATES RECORD WAS SET OR TIED.
MM INDICATES DATA IS MISSING.
T  INDICATES TRACE AMOUNT.




$$
