954
CDUS43 KSGF 270651
CLIJLN


CLIMATE REPORT
NATIONAL WEATHER SERVICE SPRINGFIELD MO
149 AM CDT SAT MAY 27 2017


...................................

...THE JOPLIN MO CLIMATE SUMMARY FOR MAY 26 2017...

CLIMATE NORMAL PERIOD 1981 TO 2010
CLIMATE RECORD PERIOD 1902 TO 2017


WEATHER ITEM   OBSERVED TIME   RECORD YEAR NORMAL DEPARTURE LAST
                VALUE   (LST)  VALUE       VALUE  FROM      YEAR
                                                  NORMAL
..................................................................
TEMPERATURE (F)
 YESTERDAY
  MAXIMUM         86    509 PM  94    1953  80      6       88
  MINIMUM         65    537 AM  41    1988  59      6       65
  AVERAGE         76                        70      6       77

PRECIPITATION (IN)
  YESTERDAY        0.00          2.27 1963   0.18  -0.18     0.00
  MONTH TO DATE    6.59                      4.80   1.79     5.19
  SINCE MAR 1     20.53                     12.69   7.84    12.31
  SINCE JAN 1     24.52                     17.04   7.48    12.98

DEGREE DAYS
 HEATING
  YESTERDAY        0                         1     -1        0
  MONTH TO DATE   62                        61      1      123
  SINCE MAR 1    617                       810   -193      639
  SINCE JUL 1   3169                      4064   -895     3389

 COOLING
  YESTERDAY       11                         6      5       12
  MONTH TO DATE   96                        95      1       61
  SINCE MAR 1    160                       148     12       83
  SINCE JAN 1    170                       149     21       84
..................................................................


WIND (MPH)
  HIGHEST WIND SPEED    17   HIGHEST WIND DIRECTION    SW (210)
  HIGHEST GUST SPEED    23   HIGHEST GUST DIRECTION    SW (210)
  AVERAGE WIND SPEED     7.3


SKY COVER
  AVERAGE SKY COVER 0.4


WEATHER CONDITIONS
 THE FOLLOWING WEATHER WAS RECORDED YESTERDAY.
  NO SIGNIFICANT WEATHER WAS OBSERVED.


RELATIVE HUMIDITY (PERCENT)
 HIGHEST    87           500 AM
 LOWEST     61           400 PM
 AVERAGE    74

..........................................................


THE JOPLIN MO CLIMATE NORMALS FOR TODAY
                         NORMAL    RECORD    YEAR
 MAXIMUM TEMPERATURE (F)   80        92      2012
 MINIMUM TEMPERATURE (F)   59        44      1961


SUNRISE AND SUNSET
MAY 27 2017...........SUNRISE   601 AM CDT   SUNSET   829 PM CDT
MAY 28 2017...........SUNRISE   601 AM CDT   SUNSET   830 PM CDT


-  INDICATES NEGATIVE NUMBERS.
R  INDICATES RECORD WAS SET OR TIED.
MM INDICATES DATA IS MISSING.
T  INDICATES TRACE AMOUNT.




$$
