000
CDUS43 KSGF 232245
CLIJLN


CLIMATE REPORT
NATIONAL WEATHER SERVICE SPRINGFIELD MO
445 PM CST TUE DEC 23 2014


...................................

...THE JOPLIN MO CLIMATE SUMMARY FOR DECEMBER 23 2014...
VALID AS OF 0400 PM LOCAL TIME.

CLIMATE NORMAL PERIOD 1981 TO 2010
CLIMATE RECORD PERIOD 1902 TO 2014


WEATHER ITEM   OBSERVED TIME   RECORD YEAR NORMAL DEPARTURE LAST
                VALUE   (LST)  VALUE       VALUE  FROM      YEAR
                                                  NORMAL
..................................................................
TEMPERATURE (F)
 TODAY
  MAXIMUM         44    239 PM  73    1982  45     -1       25
  MINIMUM         36    103 AM -15    1989  26     10       14
  AVERAGE         40                        36      4       20

PRECIPITATION (IN)
  TODAY            0.00          0.81 2009   0.09  -0.09      T
  MONTH TO DATE    1.69                      2.20  -0.51     1.38
  SINCE DEC 1      1.69                      2.20  -0.51     1.38
  SINCE JAN 1     31.56                     45.93 -14.37    43.98

DEGREE DAYS
 HEATING
  TODAY           25                        29     -4       45
  MONTH TO DATE  531                       621    -90      731
  SINCE DEC 1    531                       621    -90      731
  SINCE JUL 1   1444                      1378     66     1619

 COOLING
  TODAY            0                         0      0        0
  MONTH TO DATE    0                         0      0        0
  SINCE DEC 1      0                         0      0        0
  SINCE JAN 1   1583                      1698   -115     1568
..................................................................


WIND (MPH)
  HIGHEST WIND SPEED    15   HIGHEST WIND DIRECTION     W (290)
  HIGHEST GUST SPEED    19   HIGHEST GUST DIRECTION     W (290)


SKY COVER
  AVERAGE SKY COVER 0.1


WEATHER CONDITIONS
 THE FOLLOWING WEATHER WAS RECORDED TODAY.
  NO SIGNIFICANT WEATHER WAS OBSERVED.


RELATIVE HUMIDITY (PERCENT)
 HIGHEST    92          1200 AM
 LOWEST     62           400 PM
 AVERAGE    77

..........................................................


THE JOPLIN MO CLIMATE NORMALS FOR TOMORROW
                         NORMAL    RECORD    YEAR
 MAXIMUM TEMPERATURE (F)   45        73      1955
 MINIMUM TEMPERATURE (F)   26       -10      1983


SUNRISE AND SUNSET
DECEMBER 23 2014......SUNRISE   729 AM CST   SUNSET   505 PM CST
DECEMBER 24 2014......SUNRISE   729 AM CST   SUNSET   506 PM CST


-  INDICATES NEGATIVE NUMBERS.
R  INDICATES RECORD WAS SET OR TIED.
MM INDICATES DATA IS MISSING.
T  INDICATES TRACE AMOUNT.




$$
