000
CDUS43 KSGF 130645
CLIJLN


CLIMATE REPORT
NATIONAL WEATHER SERVICE SPRINGFIELD MO
145 AM CDT SUN APR 13 2014


...................................

...THE JOPLIN MO CLIMATE SUMMARY FOR APRIL 12 2014...

CLIMATE NORMAL PERIOD 1981 TO 2010
CLIMATE RECORD PERIOD 1902 TO 2014


WEATHER ITEM   OBSERVED TIME   RECORD YEAR NORMAL DEPARTURE LAST
                VALUE   (LST)  VALUE       VALUE  FROM      YEAR
                                                  NORMAL
..................................................................
TEMPERATURE (F)
 YESTERDAY
  MAXIMUM         82    336 PM  96    1972  69     13       54
  MINIMUM         61    121 AM  23    1957  46     15       33
  AVERAGE         72                        57     15       44

PRECIPITATION (IN)
  YESTERDAY        0.00          1.21 2009   0.14  -0.14     0.00
  MONTH TO DATE    0.17                      1.52  -1.35     1.08
  SINCE MAR 1      2.05                      4.94  -2.89     3.78
  SINCE JAN 1      2.90                      9.29  -6.39     8.93

DEGREE DAYS
 HEATING
  YESTERDAY        0                         9     -9       21
  MONTH TO DATE  118                       124     -6      152
  SINCE MAR 1    781                       632    149      809
  SINCE JUL 1   4630                      3886    744     3925

 COOLING
  YESTERDAY        7                         1      6        0
  MONTH TO DATE   10                        12     -2       11
  SINCE MAR 1     10                        21    -11       11
  SINCE JAN 1     10                        22    -12       12
..................................................................


WIND (MPH)
  HIGHEST WIND SPEED    29   HIGHEST WIND DIRECTION     S (180)
  HIGHEST GUST SPEED    41   HIGHEST GUST DIRECTION     S (180)
  AVERAGE WIND SPEED    18.1


SKY COVER
  AVERAGE SKY COVER 0.2


WEATHER CONDITIONS
 THE FOLLOWING WEATHER WAS RECORDED YESTERDAY.
  NO SIGNIFICANT WEATHER WAS OBSERVED.


RELATIVE HUMIDITY (PERCENT)
 HIGHEST    78          1200 AM
 LOWEST     42           400 PM
 AVERAGE    60

..........................................................


THE JOPLIN MO CLIMATE NORMALS FOR TODAY
                         NORMAL    RECORD    YEAR
 MAXIMUM TEMPERATURE (F)   69        92      1972
                                             2006
 MINIMUM TEMPERATURE (F)   46        19      1957


SUNRISE AND SUNSET
APRIL 13 2014.........SUNRISE   646 AM CDT   SUNSET   751 PM CDT
APRIL 14 2014.........SUNRISE   645 AM CDT   SUNSET   752 PM CDT


-  INDICATES NEGATIVE NUMBERS.
R  INDICATES RECORD WAS SET OR TIED.
MM INDICATES DATA IS MISSING.
T  INDICATES TRACE AMOUNT.




$$
