000
CDUS43 KSGF 010627
CLIJLN


CLIMATE REPORT
NATIONAL WEATHER SERVICE SPRINGFIELD MO
126 AM CDT WED JUL 1 2015


...................................

...THE JOPLIN MO CLIMATE SUMMARY FOR JUNE 30 2015...

CLIMATE NORMAL PERIOD 1981 TO 2010
CLIMATE RECORD PERIOD 1902 TO 2015


WEATHER ITEM   OBSERVED TIME   RECORD YEAR NORMAL DEPARTURE LAST
                VALUE   (LST)  VALUE       VALUE  FROM      YEAR
                                                  NORMAL
..................................................................
TEMPERATURE (F)
 YESTERDAY
  MAXIMUM         91    344 PM 100    2011  89      2       91
  MINIMUM         66    510 AM  56    1950  69     -3       76
                                      1976
  AVERAGE         79                        79      0       84

PRECIPITATION (IN)
  YESTERDAY        0.00          2.56 1971   0.16  -0.16     0.00
  MONTH TO DATE    7.67                      5.86   1.81     3.93
  SINCE JUN 1      7.67                      5.86   1.81     3.93
  SINCE JAN 1     25.38                     23.81   1.57    12.68

DEGREE DAYS
 HEATING
  YESTERDAY        0                         0      0        0
  MONTH TO DATE    0                         2     -2        2
  SINCE JUN 1      0                         5     -5        2
  SINCE JUL 1   4290                      4074    216     4883

 COOLING
  YESTERDAY       14                        14      0       19
  MONTH TO DATE  385                       318     67      303
  SINCE JUN 1    385                       318     67      303
  SINCE JAN 1    529                       498     31      516
..................................................................


WIND (MPH)
  HIGHEST WIND SPEED    14   HIGHEST WIND DIRECTION     S (190)
  HIGHEST GUST SPEED    18   HIGHEST GUST DIRECTION     S (200)
  AVERAGE WIND SPEED     5.3


SKY COVER
  AVERAGE SKY COVER 0.0


WEATHER CONDITIONS
 THE FOLLOWING WEATHER WAS RECORDED YESTERDAY.
  HAZE


RELATIVE HUMIDITY (PERCENT)
 HIGHEST    93           600 AM
 LOWEST     52           300 PM
 AVERAGE    73

..........................................................


THE JOPLIN MO CLIMATE NORMALS FOR TODAY
                         NORMAL    RECORD    YEAR
 MAXIMUM TEMPERATURE (F)   89       102      1980
 MINIMUM TEMPERATURE (F)   69        55      1995


SUNRISE AND SUNSET
JULY  1 2015..........SUNRISE   601 AM CDT   SUNSET   842 PM CDT
JULY  2 2015..........SUNRISE   602 AM CDT   SUNSET   842 PM CDT


-  INDICATES NEGATIVE NUMBERS.
R  INDICATES RECORD WAS SET OR TIED.
MM INDICATES DATA IS MISSING.
T  INDICATES TRACE AMOUNT.




$$
