000
CDUS43 KSGF 280626
CLIJLN


CLIMATE REPORT
NATIONAL WEATHER SERVICE SPRINGFIELD MO
125 AM CDT SAT MAY 28 2016


...................................

...THE JOPLIN MO CLIMATE SUMMARY FOR MAY 27 2016...

CLIMATE NORMAL PERIOD 1981 TO 2010
CLIMATE RECORD PERIOD 1902 TO 2016


WEATHER ITEM   OBSERVED TIME   RECORD YEAR NORMAL DEPARTURE LAST
                VALUE   (LST)  VALUE       VALUE  FROM      YEAR
                                                  NORMAL
..................................................................
TEMPERATURE (F)
 YESTERDAY
  MAXIMUM         74    602 PM  92    2012  80     -6       85
  MINIMUM         60    328 AM  44    1961  59      1       65
  AVERAGE         67                        70     -3       75

PRECIPITATION (IN)
  YESTERDAY        0.29          1.83 1987   0.18   0.11      T
  MONTH TO DATE    5.48                      4.98   0.50     8.98
  SINCE MAR 1     12.60                     12.87  -0.27    14.76
  SINCE JAN 1     13.27                     17.22  -3.95    16.28

DEGREE DAYS
 HEATING
  YESTERDAY        0                         1     -1        0
  MONTH TO DATE  123                        62     61       63
  SINCE MAR 1    639                       811   -172      750
  SINCE JUL 1   3389                      4065   -676     4286

 COOLING
  YESTERDAY        2                         6     -4       10
  MONTH TO DATE   63                       101    -38      100
  SINCE MAR 1     85                       154    -69      135
  SINCE JAN 1     86                       155    -69      135
..................................................................


WIND (MPH)
  HIGHEST WIND SPEED    28   HIGHEST WIND DIRECTION    NW (320)
  HIGHEST GUST SPEED    35   HIGHEST GUST DIRECTION    NW (320)
  AVERAGE WIND SPEED     8.1


SKY COVER
  AVERAGE SKY COVER 0.5


WEATHER CONDITIONS
 THE FOLLOWING WEATHER WAS RECORDED YESTERDAY.
  HEAVY RAIN
  RAIN
  LIGHT RAIN
  FOG


RELATIVE HUMIDITY (PERCENT)
 HIGHEST   100           600 AM
 LOWEST     73          1200 PM
 AVERAGE    87

..........................................................


THE JOPLIN MO CLIMATE NORMALS FOR TODAY
                         NORMAL    RECORD    YEAR
 MAXIMUM TEMPERATURE (F)   81        92      1983
 MINIMUM TEMPERATURE (F)   60        43      1984


SUNRISE AND SUNSET
MAY 28 2016...........SUNRISE   601 AM CDT   SUNSET   830 PM CDT
MAY 29 2016...........SUNRISE   600 AM CDT   SUNSET   831 PM CDT


-  INDICATES NEGATIVE NUMBERS.
R  INDICATES RECORD WAS SET OR TIED.
MM INDICATES DATA IS MISSING.
T  INDICATES TRACE AMOUNT.




$$
