000
CDUS43 KSGF 180629
CLIJLN


CLIMATE REPORT
NATIONAL WEATHER SERVICE SPRINGFIELD MO
129 AM CDT MON AUG 18 2014


...................................

...THE JOPLIN MO CLIMATE SUMMARY FOR AUGUST 17 2014...

CLIMATE NORMAL PERIOD 1981 TO 2010
CLIMATE RECORD PERIOD 1902 TO 2014


WEATHER ITEM   OBSERVED TIME   RECORD YEAR NORMAL DEPARTURE LAST
                VALUE   (LST)  VALUE       VALUE  FROM      YEAR
                                                  NORMAL
..................................................................
TEMPERATURE (F)
 YESTERDAY
  MAXIMUM         92    307 PM 105    1956  91      1       80
  MINIMUM         67    612 AM  50    1992  69     -2       54
  AVERAGE         80                        80      0       67

PRECIPITATION (IN)
  YESTERDAY        0.00          2.12 1996   0.11  -0.11     0.00
  MONTH TO DATE    1.49                      1.73  -0.24     4.60
  SINCE JUN 1      6.66                     11.40  -4.74    13.07
  SINCE JAN 1     15.41                     29.35 -13.94    35.46

DEGREE DAYS
 HEATING
  YESTERDAY        0                         0      0        0
  MONTH TO DATE    0                         0      0        0
  SINCE JUN 1      3                         5     -2       12
  SINCE JUL 1      1                         0      1        0

 COOLING
  YESTERDAY       15                        15      0        2
  MONTH TO DATE  207                       266    -59      175
  SINCE JUN 1    840                      1057   -217      906
  SINCE JAN 1   1053                      1237   -184     1050
..................................................................


WIND (MPH)
  HIGHEST WIND SPEED    14   HIGHEST WIND DIRECTION     N (350)
  HIGHEST GUST SPEED    17   HIGHEST GUST DIRECTION     N (360)
  AVERAGE WIND SPEED     3.6


SKY COVER
  AVERAGE SKY COVER 0.0


WEATHER CONDITIONS
 THE FOLLOWING WEATHER WAS RECORDED YESTERDAY.
  FOG


RELATIVE HUMIDITY (PERCENT)
 HIGHEST   100           200 AM
 LOWEST     44           200 PM
 AVERAGE    72

..........................................................


THE JOPLIN MO CLIMATE NORMALS FOR TODAY
                         NORMAL    RECORD    YEAR
 MAXIMUM TEMPERATURE (F)   91       103      1970
 MINIMUM TEMPERATURE (F)   69        56      1992


SUNRISE AND SUNSET
AUGUST 18 2014........SUNRISE   637 AM CDT   SUNSET   806 PM CDT
AUGUST 19 2014........SUNRISE   638 AM CDT   SUNSET   805 PM CDT


-  INDICATES NEGATIVE NUMBERS.
R  INDICATES RECORD WAS SET OR TIED.
MM INDICATES DATA IS MISSING.
T  INDICATES TRACE AMOUNT.




$$
