000
CDUS43 KSGF 270627
CLIJLN


CLIMATE REPORT
NATIONAL WEATHER SERVICE SPRINGFIELD MO
1226 AM CST FRI FEB 27 2015


...................................

...THE JOPLIN MO CLIMATE SUMMARY FOR FEBRUARY 26 2015...

CLIMATE NORMAL PERIOD 1981 TO 2010
CLIMATE RECORD PERIOD 1902 TO 2015


WEATHER ITEM   OBSERVED TIME   RECORD YEAR NORMAL DEPARTURE LAST
                VALUE   (LST)  VALUE       VALUE  FROM      YEAR
                                                  NORMAL
..................................................................
TEMPERATURE (F)
 YESTERDAY
  MAXIMUM         29   1201 AM  81    1996  54    -25       30
  MINIMUM         15   1159 PM   8    1960  32    -17       12
  AVERAGE         22                        43    -21       21

PRECIPITATION (IN)
  YESTERDAY        0.00          2.02 1984   0.09  -0.09      T
  MONTH TO DATE    0.50                      2.13  -1.63     0.24
  SINCE DEC 1      3.04                      6.98  -3.94     2.21
  SINCE JAN 1      1.20                      4.16  -2.96     0.83

DEGREE DAYS
 HEATING
  YESTERDAY       43                        22     21       44
  MONTH TO DATE  845                       662    183      856
  SINCE DEC 1   2531                      2454     77     2900
  SINCE JUL 1   3444                      3211    233     3788

 COOLING
  YESTERDAY        0                         0      0        0
  MONTH TO DATE    0                         0      0        0
  SINCE DEC 1      0                         0      0        0
  SINCE JAN 1      0                         0      0        0
..................................................................


WIND (MPH)
  HIGHEST WIND SPEED    30   HIGHEST WIND DIRECTION     N (350)
  HIGHEST GUST SPEED    38   HIGHEST GUST DIRECTION     N (350)
  AVERAGE WIND SPEED    16.0


SKY COVER
  AVERAGE SKY COVER 0.4


WEATHER CONDITIONS
 THE FOLLOWING WEATHER WAS RECORDED YESTERDAY.
  NO SIGNIFICANT WEATHER WAS OBSERVED.


RELATIVE HUMIDITY (PERCENT)
 HIGHEST    75          1200 AM
 LOWEST     33           400 PM
 AVERAGE    54

..........................................................


THE JOPLIN MO CLIMATE NORMALS FOR TODAY
                         NORMAL    RECORD    YEAR
 MAXIMUM TEMPERATURE (F)   54        76      1976
 MINIMUM TEMPERATURE (F)   33        11      2002


SUNRISE AND SUNSET
FEBRUARY 27 2015......SUNRISE   652 AM CST   SUNSET   610 PM CST
FEBRUARY 28 2015......SUNRISE   651 AM CST   SUNSET   611 PM CST


-  INDICATES NEGATIVE NUMBERS.
R  INDICATES RECORD WAS SET OR TIED.
MM INDICATES DATA IS MISSING.
T  INDICATES TRACE AMOUNT.




$$
