000
CDUS43 KSGF 300626
CLIJLN


CLIMATE REPORT
NATIONAL WEATHER SERVICE SPRINGFIELD MO
126 AM CDT SAT AUG 30 2014


...................................

...THE JOPLIN MO CLIMATE SUMMARY FOR AUGUST 29 2014...

CLIMATE NORMAL PERIOD 1981 TO 2010
CLIMATE RECORD PERIOD 1902 TO 2014


WEATHER ITEM   OBSERVED TIME   RECORD YEAR NORMAL DEPARTURE LAST
                VALUE   (LST)  VALUE       VALUE  FROM      YEAR
                                                  NORMAL
..................................................................
TEMPERATURE (F)
 YESTERDAY
  MAXIMUM         91    328 PM 103    2000  89      2       95
  MINIMUM         73    845 AM  47    1988  66      7       73
  AVERAGE         82                        78      4       84

PRECIPITATION (IN)
  YESTERDAY        T             1.83 1955   0.12  -0.12     0.00
  MONTH TO DATE    1.52                      3.09  -1.57     4.60
  SINCE JUN 1      6.69                     12.76  -6.07    13.07
  SINCE JAN 1     15.44                     30.71 -15.27    35.46

DEGREE DAYS
 HEATING
  YESTERDAY        0                         0      0        0
  MONTH TO DATE    0                         0      0        0
  SINCE JUN 1      3                         5     -2       12
  SINCE JUL 1      1                         0      1        0

 COOLING
  YESTERDAY       17                        13      4       19
  MONTH TO DATE  451                       434     17      348
  SINCE JUN 1   1084                      1225   -141     1079
  SINCE JAN 1   1297                      1405   -108     1223
..................................................................


WIND (MPH)
  HIGHEST WIND SPEED    20   HIGHEST WIND DIRECTION    SW (210)
  HIGHEST GUST SPEED    24   HIGHEST GUST DIRECTION    SW (220)
  AVERAGE WIND SPEED    10.9


SKY COVER
  AVERAGE SKY COVER 0.4


WEATHER CONDITIONS
 THE FOLLOWING WEATHER WAS RECORDED YESTERDAY.
  FOG


RELATIVE HUMIDITY (PERCENT)
 HIGHEST    93           900 AM
 LOWEST     43           200 PM
 AVERAGE    68

..........................................................


THE JOPLIN MO CLIMATE NORMALS FOR TODAY
                         NORMAL    RECORD    YEAR
 MAXIMUM TEMPERATURE (F)   89       103      2000
 MINIMUM TEMPERATURE (F)   66        50      1988


SUNRISE AND SUNSET
AUGUST 30 2014........SUNRISE   647 AM CDT   SUNSET   749 PM CDT
AUGUST 31 2014........SUNRISE   648 AM CDT   SUNSET   748 PM CDT


-  INDICATES NEGATIVE NUMBERS.
R  INDICATES RECORD WAS SET OR TIED.
MM INDICATES DATA IS MISSING.
T  INDICATES TRACE AMOUNT.




$$
