000
CDUS43 KSGF 160630
CLIJLN


CLIMATE REPORT
NATIONAL WEATHER SERVICE SPRINGFIELD MO
1229 AM CST MON JAN 16 2017


...................................

...THE JOPLIN MO CLIMATE SUMMARY FOR JANUARY 15 2017...

CLIMATE NORMAL PERIOD 1981 TO 2010
CLIMATE RECORD PERIOD 1902 TO 2017


WEATHER ITEM   OBSERVED TIME   RECORD YEAR NORMAL DEPARTURE LAST
                VALUE   (LST)  VALUE       VALUE  FROM      YEAR
                                                  NORMAL
..................................................................
TEMPERATURE (F)
 YESTERDAY
  MAXIMUM         47   1159 PM  68    1952  45      2       54
                                      1986
                                      1990
  MINIMUM         32    144 AM  -1    1979  25      7       24
  AVERAGE         40                        35      5       39

PRECIPITATION (IN)
  YESTERDAY        0.74          1.01 1949   0.06   0.68     0.03
  MONTH TO DATE    2.21                      1.00   1.21     0.30
  SINCE DEC 1      2.80                      3.82  -1.02    10.07
  SINCE JAN 1      2.21                      1.00   1.21     0.30

DEGREE DAYS
 HEATING
  YESTERDAY       25                        30     -5       26
  MONTH TO DATE  451                       450      1      406
  SINCE DEC 1   1328                      1310     18     1043
  SINCE JUL 1   1783                      2067   -284     1661

 COOLING
  YESTERDAY        0                         0      0        0
  MONTH TO DATE    0                         0      0        0
  SINCE DEC 1      0                         0      0        3
  SINCE JAN 1      0                         0      0        0
..................................................................


WIND (MPH)
  HIGHEST WIND SPEED     3   HIGHEST WIND DIRECTION     E (70)
  HIGHEST GUST SPEED     3   HIGHEST GUST DIRECTION     E (70)
  AVERAGE WIND SPEED     1.5


SKY COVER
  AVERAGE SKY COVER 1.0


WEATHER CONDITIONS
 THE FOLLOWING WEATHER WAS RECORDED YESTERDAY.
  HEAVY RAIN
  RAIN
  LIGHT RAIN
  FOG
  FOG W/VISIBILITY <= 1/4 MILE


RELATIVE HUMIDITY (PERCENT)
 HIGHEST   100          1200 AM
 LOWEST    100          1200 AM
 AVERAGE   100

..........................................................


THE JOPLIN MO CLIMATE NORMALS FOR TODAY
                         NORMAL    RECORD    YEAR
 MAXIMUM TEMPERATURE (F)   45        69      2012
                                             1952
 MINIMUM TEMPERATURE (F)   25        -1      1997
                                             1977


SUNRISE AND SUNSET
JANUARY 16 2017.......SUNRISE   730 AM CST   SUNSET   526 PM CST
JANUARY 17 2017.......SUNRISE   730 AM CST   SUNSET   527 PM CST


-  INDICATES NEGATIVE NUMBERS.
R  INDICATES RECORD WAS SET OR TIED.
MM INDICATES DATA IS MISSING.
T  INDICATES TRACE AMOUNT.




$$
