000
CDUS43 KSGF 280637
CLIJLN


CLIMATE REPORT
NATIONAL WEATHER SERVICE SPRINGFIELD MO
125 AM CDT FRI AUG 28 2015


...................................

...THE JOPLIN MO CLIMATE SUMMARY FOR AUGUST 27 2015...

CLIMATE NORMAL PERIOD 1981 TO 2010
CLIMATE RECORD PERIOD 1902 TO 2015


WEATHER ITEM   OBSERVED TIME   RECORD YEAR NORMAL DEPARTURE LAST
                VALUE   (LST)  VALUE       VALUE  FROM      YEAR
                                                  NORMAL
..................................................................
TEMPERATURE (F)
 YESTERDAY
  MAXIMUM         81        MM 103    1954  90     -9       98
                                      2000
  MINIMUM         65        MM  52    1962  67     -2       72
                                      1967
                                      1992
  AVERAGE         73                        78     -5       85

PRECIPITATION (IN)
  YESTERDAY        0.00          1.66 1978   0.12  -0.12     0.00
  MONTH TO DATE    8.23                      2.85   5.38     1.52
  SINCE JUN 1     20.99                     12.52   8.47     6.69
  SINCE JAN 1     38.70                     30.47   8.23    15.44

DEGREE DAYS
 HEATING
  YESTERDAY        0                         0      0        0
  MONTH TO DATE    1                         0      1        0
  SINCE JUN 1      1                         5     -4        3
  SINCE JUL 1      1                         0      1        1

 COOLING
  YESTERDAY        8                        13     -5       20
  MONTH TO DATE  308                       408   -100      415
  SINCE JUN 1   1197                      1199     -2     1048
  SINCE JAN 1   1341                      1379    -38     1261
..................................................................


WIND (MPH)
  HIGHEST WIND SPEED    14   HIGHEST WIND DIRECTION     E (110)
  HIGHEST GUST SPEED    MM   HIGHEST GUST DIRECTION    MM
  AVERAGE WIND SPEED     6.7


SKY COVER
  AVERAGE SKY COVER 0.0


WEATHER CONDITIONS
 THE FOLLOWING WEATHER WAS RECORDED YESTERDAY.
  THUNDERSTORM


RELATIVE HUMIDITY (PERCENT)
 HIGHEST    90           900 PM
 LOWEST     62           300 PM
 AVERAGE    76

..........................................................


THE JOPLIN MO CLIMATE NORMALS FOR TODAY
                         NORMAL    RECORD    YEAR
 MAXIMUM TEMPERATURE (F)   89       105      1954
 MINIMUM TEMPERATURE (F)   66        49      1992


SUNRISE AND SUNSET
AUGUST 28 2015........SUNRISE   645 AM CDT   SUNSET   753 PM CDT
AUGUST 29 2015........SUNRISE   646 AM CDT   SUNSET   751 PM CDT


-  INDICATES NEGATIVE NUMBERS.
R  INDICATES RECORD WAS SET OR TIED.
MM INDICATES DATA IS MISSING.
T  INDICATES TRACE AMOUNT.




$$
