310
CDUS43 KSGF 220643
CLIJLN


CLIMATE REPORT
NATIONAL WEATHER SERVICE SPRINGFIELD MO
142 AM CDT FRI SEP 22 2017


...................................

...THE JOPLIN MO CLIMATE SUMMARY FOR SEPTEMBER 21 2017...

CLIMATE NORMAL PERIOD 1981 TO 2010
CLIMATE RECORD PERIOD 1902 TO 2017


WEATHER ITEM   OBSERVED TIME   RECORD YEAR NORMAL DEPARTURE LAST
                VALUE   (LST)  VALUE       VALUE  FROM      YEAR
                                                  NORMAL
..................................................................
TEMPERATURE (F)
 YESTERDAY
  MAXIMUM         90    214 PM  95    1956  80     10       87
  MINIMUM         74    637 AM  35    1983  57     17       69
  AVERAGE         82                        68     14       78

PRECIPITATION (IN)
  YESTERDAY        0.00          4.10 1965   0.17  -0.17     0.00
  MONTH TO DATE    1.08                      3.50  -2.42     2.62
  SINCE SEP 1      1.08                      3.50  -2.42     2.62
  SINCE JAN 1     39.76                     34.47   5.29    32.40

DEGREE DAYS
 HEATING
  YESTERDAY        0                         2     -2        0
  MONTH TO DATE    4                        13     -9        0
  SINCE SEP 1      4                        13     -9        0
  SINCE JUL 1      4                        14    -10        0

 COOLING
  YESTERDAY       17                         5     12       13
  MONTH TO DATE  153                       176    -23      218
  SINCE SEP 1    153                       176    -23      218
  SINCE JAN 1   1585                      1603    -18     1705
..................................................................


WIND (MPH)
  HIGHEST WIND SPEED    20   HIGHEST WIND DIRECTION     S (190)
  HIGHEST GUST SPEED    25   HIGHEST GUST DIRECTION     S (160)
  AVERAGE WIND SPEED    10.8


SKY COVER
  AVERAGE SKY COVER 0.1


WEATHER CONDITIONS
 THE FOLLOWING WEATHER WAS RECORDED YESTERDAY.
  NO SIGNIFICANT WEATHER WAS OBSERVED.


RELATIVE HUMIDITY (PERCENT)
 HIGHEST    93           500 AM
 LOWEST     59           500 PM
 AVERAGE    76

..........................................................


THE JOPLIN MO CLIMATE NORMALS FOR TODAY
                         NORMAL    RECORD    YEAR
 MAXIMUM TEMPERATURE (F)   80        95      1956
 MINIMUM TEMPERATURE (F)   57        33      1995


SUNRISE AND SUNSET
SEPTEMBER 22 2017.....SUNRISE   706 AM CDT   SUNSET   714 PM CDT
SEPTEMBER 23 2017.....SUNRISE   707 AM CDT   SUNSET   713 PM CDT


-  INDICATES NEGATIVE NUMBERS.
R  INDICATES RECORD WAS SET OR TIED.
MM INDICATES DATA IS MISSING.
T  INDICATES TRACE AMOUNT.




$$
