000
CDUS43 KSGF 270626
CLIJLN


CLIMATE REPORT
NATIONAL WEATHER SERVICE SPRINGFIELD MO
126 AM CDT SAT SEP 27 2014


...................................

...THE JOPLIN MO CLIMATE SUMMARY FOR SEPTEMBER 26 2014...

CLIMATE NORMAL PERIOD 1981 TO 2010
CLIMATE RECORD PERIOD 1902 TO 2014


WEATHER ITEM   OBSERVED TIME   RECORD YEAR NORMAL DEPARTURE LAST
                VALUE   (LST)  VALUE       VALUE  FROM      YEAR
                                                  NORMAL
..................................................................
TEMPERATURE (F)
 YESTERDAY
  MAXIMUM         81    327 PM  93    1953  78      3       86
  MINIMUM         60    652 AM  38    2000  55      5       60
  AVERAGE         71                        66      5       73

PRECIPITATION (IN)
  YESTERDAY        0.00          2.15 1996   0.16  -0.16     0.00
  MONTH TO DATE    4.53                      4.31   0.22      T
  SINCE SEP 1      4.53                      4.31   0.22      T
  SINCE JAN 1     19.97                     35.28 -15.31    35.46

DEGREE DAYS
 HEATING
  YESTERDAY        0                         3     -3        0
  MONTH TO DATE   27                        25      2        9
  SINCE SEP 1     27                        25      2        9
  SINCE JUL 1     28                        26      2        9

 COOLING
  YESTERDAY        6                         4      2        8
  MONTH TO DATE  172                       199    -27      238
  SINCE SEP 1    172                       199    -27      238
  SINCE JAN 1   1505                      1626   -121     1502
..................................................................


WIND (MPH)
  HIGHEST WIND SPEED    13   HIGHEST WIND DIRECTION     S (160)
  HIGHEST GUST SPEED    16   HIGHEST GUST DIRECTION     S (170)
  AVERAGE WIND SPEED     4.6


SKY COVER
  AVERAGE SKY COVER 0.1


WEATHER CONDITIONS
 THE FOLLOWING WEATHER WAS RECORDED YESTERDAY.
  NO SIGNIFICANT WEATHER WAS OBSERVED.


RELATIVE HUMIDITY (PERCENT)
 HIGHEST    90           600 AM
 LOWEST     45           300 PM
 AVERAGE    68

..........................................................


THE JOPLIN MO CLIMATE NORMALS FOR TODAY
                         NORMAL    RECORD    YEAR
 MAXIMUM TEMPERATURE (F)   78        95      1953
 MINIMUM TEMPERATURE (F)   54        41      1967
                                             1985
                                             1989


SUNRISE AND SUNSET
SEPTEMBER 27 2014.....SUNRISE   710 AM CDT   SUNSET   707 PM CDT
SEPTEMBER 28 2014.....SUNRISE   711 AM CDT   SUNSET   706 PM CDT


-  INDICATES NEGATIVE NUMBERS.
R  INDICATES RECORD WAS SET OR TIED.
MM INDICATES DATA IS MISSING.
T  INDICATES TRACE AMOUNT.




$$
