000
CDUS43 KSGF 180649
CLIJLN


CLIMATE REPORT
NATIONAL WEATHER SERVICE SPRINGFIELD MO
148 AM CDT THU SEP 18 2014


...................................

...THE JOPLIN MO CLIMATE SUMMARY FOR SEPTEMBER 17 2014...

CLIMATE NORMAL PERIOD 1981 TO 2010
CLIMATE RECORD PERIOD 1902 TO 2014


WEATHER ITEM   OBSERVED TIME   RECORD YEAR NORMAL DEPARTURE LAST
                VALUE   (LST)  VALUE       VALUE  FROM      YEAR
                                                  NORMAL
..................................................................
TEMPERATURE (F)
 YESTERDAY
  MAXIMUM         88    211 PM  95    1953  82      6       76
  MINIMUM         65   1031 PM  41    1981  59      6       65
  AVERAGE         77                        70      7       71

PRECIPITATION (IN)
  YESTERDAY        0.01          3.02 2011   0.18  -0.17    MM
  MONTH TO DATE    3.75                      2.82   0.93      T
  SINCE SEP 1      3.75                      2.82   0.93      T
  SINCE JAN 1     19.19                     33.79 -14.60    35.46

DEGREE DAYS
 HEATING
  YESTERDAY        0                         1     -1        0
  MONTH TO DATE   22                         6     16        0
  SINCE SEP 1     22                         6     16        0
  SINCE JUL 1     23                         7     16        0

 COOLING
  YESTERDAY       12                         6      6        6
  MONTH TO DATE  134                       153    -19      193
  SINCE SEP 1    134                       153    -19      193
  SINCE JAN 1   1467                      1580   -113     1457
..................................................................


WIND (MPH)
  HIGHEST WIND SPEED    22   HIGHEST WIND DIRECTION    SW (220)
  HIGHEST GUST SPEED    28   HIGHEST GUST DIRECTION    SW (210)
  AVERAGE WIND SPEED    10.6


SKY COVER
  AVERAGE SKY COVER 0.4


WEATHER CONDITIONS
 THE FOLLOWING WEATHER WAS RECORDED YESTERDAY.
  THUNDERSTORM
  LIGHT RAIN
  FOG


RELATIVE HUMIDITY (PERCENT)
 HIGHEST   100           100 AM
 LOWEST     61           100 PM
 AVERAGE    81

..........................................................


THE JOPLIN MO CLIMATE NORMALS FOR TODAY
                         NORMAL    RECORD    YEAR
 MAXIMUM TEMPERATURE (F)   81        96      1952
 MINIMUM TEMPERATURE (F)   58        37      1981


SUNRISE AND SUNSET
SEPTEMBER 18 2014.....SUNRISE   703 AM CDT   SUNSET   721 PM CDT
SEPTEMBER 19 2014.....SUNRISE   703 AM CDT   SUNSET   719 PM CDT


-  INDICATES NEGATIVE NUMBERS.
R  INDICATES RECORD WAS SET OR TIED.
MM INDICATES DATA IS MISSING.
T  INDICATES TRACE AMOUNT.




$$
