430
CDUS43 KSGF 020627
CLIJLN


CLIMATE REPORT
NATIONAL WEATHER SERVICE SPRINGFIELD MO
1227 AM CST TUE FEB 2 2016


...................................

...THE JOPLIN MO CLIMATE SUMMARY FOR FEBRUARY 1 2016...

CLIMATE NORMAL PERIOD 1981 TO 2010
CLIMATE RECORD PERIOD 1902 TO 2016


WEATHER ITEM   OBSERVED TIME   RECORD YEAR NORMAL DEPARTURE LAST
                VALUE   (LST)  VALUE       VALUE  FROM      YEAR
                                                  NORMAL
..................................................................
TEMPERATURE (F)
 YESTERDAY
  MAXIMUM         59    405 PM  70    1974  47     12       43
                                      1992
  MINIMUM         33    642 AM  -7    1979  26      7       16
  AVERAGE         46                        36     10       30

PRECIPITATION (IN)
  YESTERDAY        0.00          2.37 1952   0.07  -0.07     0.39
  MONTH TO DATE    0.00                      0.07  -0.07     0.39
  SINCE DEC 1     10.07                      4.92   5.15     2.93
  SINCE JAN 1      0.30                      2.10  -1.80     1.09

DEGREE DAYS
 HEATING
  YESTERDAY       19                        29    -10       35
  MONTH TO DATE   19                        29    -10       35
  SINCE DEC 1   1536                      1821   -285     1721
  SINCE JUL 1   2154                      2578   -424     2634

 COOLING
  YESTERDAY        0                         0      0        0
  MONTH TO DATE    0                         0      0        0
  SINCE DEC 1      3                         0      3        0
  SINCE JAN 1      0                         0      0        0
..................................................................


WIND (MPH)
  HIGHEST WIND SPEED    26   HIGHEST WIND DIRECTION    SE (120)
  HIGHEST GUST SPEED    34   HIGHEST GUST DIRECTION    SE (130)
  AVERAGE WIND SPEED    11.4


SKY COVER
  AVERAGE SKY COVER 0.2


WEATHER CONDITIONS
 THE FOLLOWING WEATHER WAS RECORDED YESTERDAY.
  NO SIGNIFICANT WEATHER WAS OBSERVED.


RELATIVE HUMIDITY (PERCENT)
 HIGHEST    79           400 AM
 LOWEST     30           100 PM
 AVERAGE    55

..........................................................


THE JOPLIN MO CLIMATE NORMALS FOR TODAY
                         NORMAL    RECORD    YEAR
 MAXIMUM TEMPERATURE (F)   47        74      2003
 MINIMUM TEMPERATURE (F)   26        -4      1905


SUNRISE AND SUNSET
FEBRUARY  2 2016......SUNRISE   720 AM CST   SUNSET   543 PM CST
FEBRUARY  3 2016......SUNRISE   719 AM CST   SUNSET   544 PM CST


-  INDICATES NEGATIVE NUMBERS.
R  INDICATES RECORD WAS SET OR TIED.
MM INDICATES DATA IS MISSING.
T  INDICATES TRACE AMOUNT.




$$
