000
CDUS43 KSGF 132227
CLIJLN


CLIMATE REPORT
NATIONAL WEATHER SERVICE SPRINGFIELD MO
526 PM CDT FRI OCT 13 2017


...................................

...THE JOPLIN MO CLIMATE SUMMARY FOR OCTOBER 13 2017...
VALID TODAY AS OF 0500 PM LOCAL TIME.

CLIMATE NORMAL PERIOD 1981 TO 2010
CLIMATE RECORD PERIOD 1902 TO 2017


WEATHER ITEM   OBSERVED TIME   RECORD YEAR NORMAL DEPARTURE LAST
                VALUE   (LST)  VALUE       VALUE  FROM      YEAR
                                                  NORMAL
..................................................................
TEMPERATURE (F)
 TODAY
  MAXIMUM         86    326 PM  88    1952  72     14       56
  MINIMUM         63   1228 AM  35    2006  49     14       45
                                      1977
  AVERAGE         75                        61     14       51

PRECIPITATION (IN)
  TODAY            0.00          2.54 1959   0.13  -0.13     0.00
  MONTH TO DATE    1.64                      1.71  -0.07     4.02
  SINCE SEP 1      3.13                      6.66  -3.53     6.76
  SINCE JAN 1     41.81                     37.63   4.18    36.54

DEGREE DAYS
 HEATING
  TODAY            0                         6     -6       14
  MONTH TO DATE   23                        64    -41       49
  SINCE SEP 1     30                       105    -75       66
  SINCE JUL 1     30                       106    -76       66

 COOLING
  TODAY           10                         2      8        0
  MONTH TO DATE   78                        31     47       31
  SINCE SEP 1    300                       246     54      288
  SINCE JAN 1   1732                      1673     59     1775
..................................................................


WIND (MPH)
  HIGHEST WIND SPEED    23   HIGHEST WIND DIRECTION     S (190)
  HIGHEST GUST SPEED    31   HIGHEST GUST DIRECTION     S (180)


SKY COVER
  AVERAGE SKY COVER 0.0


WEATHER CONDITIONS
 THE FOLLOWING WEATHER WAS RECORDED TODAY.
  NO SIGNIFICANT WEATHER WAS OBSERVED.


RELATIVE HUMIDITY (PERCENT)
 HIGHEST    78           700 AM
 LOWEST     55           200 PM
 AVERAGE    67

..........................................................


THE JOPLIN MO CLIMATE NORMALS FOR TOMORROW
                         NORMAL    RECORD    YEAR
 MAXIMUM TEMPERATURE (F)   72        90      1963
 MINIMUM TEMPERATURE (F)   49        32      2002


SUNRISE AND SUNSET
OCTOBER 13 2017.......SUNRISE   724 AM CDT   SUNSET   643 PM CDT
OCTOBER 14 2017.......SUNRISE   725 AM CDT   SUNSET   642 PM CDT


-  INDICATES NEGATIVE NUMBERS.
R  INDICATES RECORD WAS SET OR TIED.
MM INDICATES DATA IS MISSING.
T  INDICATES TRACE AMOUNT.




$$
