000
CDUS43 KSGF 252226
CLIJLN


CLIMATE REPORT
NATIONAL WEATHER SERVICE SPRINGFIELD MO
526 PM CDT SAT MAR 25 2017


...................................

...THE JOPLIN MO CLIMATE SUMMARY FOR MARCH 25 2017...
VALID TODAY AS OF 0500 PM LOCAL TIME.

CLIMATE NORMAL PERIOD 1981 TO 2010
CLIMATE RECORD PERIOD 1902 TO 2017


WEATHER ITEM   OBSERVED TIME   RECORD YEAR NORMAL DEPARTURE LAST
                VALUE   (LST)  VALUE       VALUE  FROM      YEAR
                                                  NORMAL
..................................................................
TEMPERATURE (F)
 TODAY
  MAXIMUM         59   1238 AM  88    1910  63     -4       62
  MINIMUM         48    359 PM  12    1955  40      8       27
  AVERAGE         54                        52      2       45

PRECIPITATION (IN)
  TODAY            0.11          1.93 2010   0.12  -0.01     0.00
  MONTH TO DATE    1.65                      2.68  -1.03     1.41
  SINCE MAR 1      1.65                      2.68  -1.03     1.41
  SINCE JAN 1      5.64                      7.03  -1.39     2.08

DEGREE DAYS
 HEATING
  TODAY           11                        14     -3       20
  MONTH TO DATE  325                       431   -106      298
  SINCE MAR 1    325                       431   -106      298
  SINCE JUL 1   2877                      3685   -808     3048

 COOLING
  TODAY            0                         0      0        0
  MONTH TO DATE   17                         0     17        3
  SINCE MAR 1     17                         0     17        3
  SINCE JAN 1     27                         1     26        4
..................................................................


WIND (MPH)
  HIGHEST WIND SPEED    20   HIGHEST WIND DIRECTION    NW (310)
  HIGHEST GUST SPEED    23   HIGHEST GUST DIRECTION    SW (240)


SKY COVER
  AVERAGE SKY COVER 0.9


WEATHER CONDITIONS
 THE FOLLOWING WEATHER WAS RECORDED TODAY.
  THUNDERSTORM
  LIGHT RAIN
  FOG


RELATIVE HUMIDITY (PERCENT)
 HIGHEST   100           200 AM
 LOWEST     86          1200 AM
 AVERAGE    93

..........................................................


THE JOPLIN MO CLIMATE NORMALS FOR TOMORROW
                         NORMAL    RECORD    YEAR
 MAXIMUM TEMPERATURE (F)   63        86      1910
 MINIMUM TEMPERATURE (F)   41        10      1955


SUNRISE AND SUNSET
MARCH 25 2017.........SUNRISE   714 AM CDT   SUNSET   735 PM CDT
MARCH 26 2017.........SUNRISE   712 AM CDT   SUNSET   736 PM CDT


-  INDICATES NEGATIVE NUMBERS.
R  INDICATES RECORD WAS SET OR TIED.
MM INDICATES DATA IS MISSING.
T  INDICATES TRACE AMOUNT.




$$
