000
CDUS43 KSGF 120628
CLIJLN


CLIMATE REPORT
NATIONAL WEATHER SERVICE SPRINGFIELD MO
1228 AM CST THU JAN 12 2017


...................................

...THE JOPLIN MO CLIMATE SUMMARY FOR JANUARY 11 2017...

CLIMATE NORMAL PERIOD 1981 TO 2010
CLIMATE RECORD PERIOD 1902 TO 2017


WEATHER ITEM   OBSERVED TIME   RECORD YEAR NORMAL DEPARTURE LAST
                VALUE   (LST)  VALUE       VALUE  FROM      YEAR
                                                  NORMAL
..................................................................
TEMPERATURE (F)
 YESTERDAY
  MAXIMUM         74R   303 PM  71    1995  44     30       42
  MINIMUM         43   1256 AM  -8    1977  25     18       19
  AVERAGE         59                        34     25       31

PRECIPITATION (IN)
  YESTERDAY        0.00          0.17 1993   0.06  -0.06     0.00
  MONTH TO DATE    0.04                      0.76  -0.72     0.27
  SINCE DEC 1      0.63                      3.58  -2.95    10.04
  SINCE JAN 1      0.04                      0.76  -0.72     0.27

DEGREE DAYS
 HEATING
  YESTERDAY        6                        30    -24       34
  MONTH TO DATE  329                       330     -1      310
  SINCE DEC 1   1206                      1190     16      947
  SINCE JUL 1   1661                      1947   -286     1565

 COOLING
  YESTERDAY        0                         0      0        0
  MONTH TO DATE    0                         0      0        0
  SINCE DEC 1      0                         0      0        3
  SINCE JAN 1      0                         0      0        0
..................................................................


WIND (MPH)
  HIGHEST WIND SPEED    40   HIGHEST WIND DIRECTION    SW (220)
  HIGHEST GUST SPEED    53   HIGHEST GUST DIRECTION     S (190)
  AVERAGE WIND SPEED    17.4


SKY COVER
  AVERAGE SKY COVER 0.1


WEATHER CONDITIONS
 THE FOLLOWING WEATHER WAS RECORDED YESTERDAY.
  NO SIGNIFICANT WEATHER WAS OBSERVED.


RELATIVE HUMIDITY (PERCENT)
 HIGHEST    80           900 AM
 LOWEST     44           300 PM
 AVERAGE    62

..........................................................


THE JOPLIN MO CLIMATE NORMALS FOR TODAY
                         NORMAL    RECORD    YEAR
 MAXIMUM TEMPERATURE (F)   44        70      2000
 MINIMUM TEMPERATURE (F)   25        -4      1963


SUNRISE AND SUNSET
JANUARY 12 2017.......SUNRISE   731 AM CST   SUNSET   522 PM CST
JANUARY 13 2017.......SUNRISE   731 AM CST   SUNSET   523 PM CST


-  INDICATES NEGATIVE NUMBERS.
R  INDICATES RECORD WAS SET OR TIED.
MM INDICATES DATA IS MISSING.
T  INDICATES TRACE AMOUNT.




$$
