000
CDUS43 KSGF 200637
CLIJLN


CLIMATE REPORT
NATIONAL WEATHER SERVICE SPRINGFIELD MO
137 AM CDT FRI MAY 20 2016


...................................

...THE JOPLIN MO CLIMATE SUMMARY FOR MAY 19 2016...

CLIMATE NORMAL PERIOD 1981 TO 2010
CLIMATE RECORD PERIOD 1902 TO 2016


WEATHER ITEM   OBSERVED TIME   RECORD YEAR NORMAL DEPARTURE LAST
                VALUE   (LST)  VALUE       VALUE  FROM      YEAR
                                                  NORMAL
..................................................................
TEMPERATURE (F)
 YESTERDAY
  MAXIMUM         67    231 PM  91    1987  78    -11       68
                                      2006
  MINIMUM         44    531 AM  43    1993  57    -13       51
                                      2002
  AVERAGE         56                        68    -12       60

PRECIPITATION (IN)
  YESTERDAY        0.19          1.75 1949   0.19   0.00     0.07
  MONTH TO DATE    4.30                      3.59   0.71     5.37
  SINCE MAR 1     11.42                     11.48  -0.06    11.15
  SINCE JAN 1     12.09                     15.83  -3.74    12.67

DEGREE DAYS
 HEATING
  YESTERDAY        9                         2      7        5
  MONTH TO DATE  115                        53     62       37
  SINCE MAR 1    631                       802   -171      724
  SINCE JUL 1   3381                      4056   -675     4260

 COOLING
  YESTERDAY        0                         4     -4        0
  MONTH TO DATE   24                        60    -36       77
  SINCE MAR 1     46                       113    -67      112
  SINCE JAN 1     47                       114    -67      112
..................................................................


WIND (MPH)
  HIGHEST WIND SPEED    14   HIGHEST WIND DIRECTION    SE (150)
  HIGHEST GUST SPEED    21   HIGHEST GUST DIRECTION     S (160)
  AVERAGE WIND SPEED     5.3


SKY COVER
  AVERAGE SKY COVER 0.4


WEATHER CONDITIONS
 THE FOLLOWING WEATHER WAS RECORDED YESTERDAY.
  RAIN
  LIGHT RAIN
  FOG


RELATIVE HUMIDITY (PERCENT)
 HIGHEST   100          1100 PM
 LOWEST     52           100 PM
 AVERAGE    76

..........................................................


THE JOPLIN MO CLIMATE NORMALS FOR TODAY
                         NORMAL    RECORD    YEAR
 MAXIMUM TEMPERATURE (F)   79        92      1956
 MINIMUM TEMPERATURE (F)   57        40      1981


SUNRISE AND SUNSET
MAY 20 2016...........SUNRISE   605 AM CDT   SUNSET   824 PM CDT
MAY 21 2016...........SUNRISE   605 AM CDT   SUNSET   825 PM CDT


-  INDICATES NEGATIVE NUMBERS.
R  INDICATES RECORD WAS SET OR TIED.
MM INDICATES DATA IS MISSING.
T  INDICATES TRACE AMOUNT.




$$
