000
CDUS43 KSGF 130627
CLIJLN


CLIMATE REPORT
NATIONAL WEATHER SERVICE SPRINGFIELD MO
126 AM CDT SUN AUG 13 2017


...................................

...THE JOPLIN MO CLIMATE SUMMARY FOR AUGUST 12 2017...

CLIMATE NORMAL PERIOD 1981 TO 2010
CLIMATE RECORD PERIOD 1902 TO 2017


WEATHER ITEM   OBSERVED TIME   RECORD YEAR NORMAL DEPARTURE LAST
                VALUE   (LST)  VALUE       VALUE  FROM      YEAR
                                                  NORMAL
..................................................................
TEMPERATURE (F)
 YESTERDAY
  MAXIMUM         81   1131 AM 104    1999  92    -11       91
  MINIMUM         66    533 AM  48    2004  69     -3       75
  AVERAGE         74                        80     -6       83

PRECIPITATION (IN)
  YESTERDAY        T             1.19 1961   0.11  -0.11     0.09
  MONTH TO DATE    2.25                      1.22   1.03     2.67
  SINCE JUN 1      9.54                     10.89  -1.35    14.09
  SINCE JAN 1     35.47                     28.84   6.63    28.19

DEGREE DAYS
 HEATING
  YESTERDAY        0                         0      0        0
  MONTH TO DATE    0                         0      0        0
  SINCE JUN 1      0                         5     -5        0
  SINCE JUL 1      0                         0      0        0

 COOLING
  YESTERDAY        9                        15     -6       18
  MONTH TO DATE  137                       191    -54      228
  SINCE JUN 1   1003                       982     21     1146
  SINCE JAN 1   1210                      1162     48     1260
..................................................................


WIND (MPH)
  HIGHEST WIND SPEED     9   HIGHEST WIND DIRECTION     E (90)
  HIGHEST GUST SPEED    16   HIGHEST GUST DIRECTION     E (80)
  AVERAGE WIND SPEED     4.2


SKY COVER
  AVERAGE SKY COVER 0.5


WEATHER CONDITIONS
 THE FOLLOWING WEATHER WAS RECORDED YESTERDAY.
  LIGHT RAIN
  FOG


RELATIVE HUMIDITY (PERCENT)
 HIGHEST   100           200 AM
 LOWEST     69          1100 AM
 AVERAGE    85

..........................................................


THE JOPLIN MO CLIMATE NORMALS FOR TODAY
                         NORMAL    RECORD    YEAR
 MAXIMUM TEMPERATURE (F)   92       103      1956
 MINIMUM TEMPERATURE (F)   69        49      2004


SUNRISE AND SUNSET
AUGUST 13 2017........SUNRISE   633 AM CDT   SUNSET   812 PM CDT
AUGUST 14 2017........SUNRISE   634 AM CDT   SUNSET   811 PM CDT


-  INDICATES NEGATIVE NUMBERS.
R  INDICATES RECORD WAS SET OR TIED.
MM INDICATES DATA IS MISSING.
T  INDICATES TRACE AMOUNT.




$$
