000
CDUS43 KSGF 202226
CLIJLN


CLIMATE REPORT
NATIONAL WEATHER SERVICE SPRINGFIELD MO
525 PM CDT THU APR 20 2017


...................................

...THE JOPLIN MO CLIMATE SUMMARY FOR APRIL 20 2017...
VALID TODAY AS OF 0500 PM LOCAL TIME.

CLIMATE NORMAL PERIOD 1981 TO 2010
CLIMATE RECORD PERIOD 1902 TO 2017


WEATHER ITEM   OBSERVED TIME   RECORD YEAR NORMAL DEPARTURE LAST
                VALUE   (LST)  VALUE       VALUE  FROM      YEAR
                                                  NORMAL
..................................................................
TEMPERATURE (F)
 TODAY
  MAXIMUM         71    324 PM  92    1987  72     -1       70
  MINIMUM         63    912 AM  29    1953  48     15       49
  AVERAGE         67                        60      7       60

PRECIPITATION (IN)
  TODAY            0.32          2.48 1966   0.16   0.16     0.01
  MONTH TO DATE    2.86                      2.70   0.16     1.86
  SINCE MAR 1      5.56                      6.12  -0.56     4.43
  SINCE JAN 1      9.55                     10.47  -0.92     5.10

DEGREE DAYS
 HEATING
  TODAY            0                         7     -7        5
  MONTH TO DATE   85                       186   -101      129
  SINCE MAR 1    465                       694   -229      491
  SINCE JUL 1   3017                      3948   -931     3241

 COOLING
  TODAY            2                         2      0        0
  MONTH TO DATE   45                        24     21        7
  SINCE MAR 1     62                        33     29       10
  SINCE JAN 1     72                        34     38       11
..................................................................


WIND (MPH)
  HIGHEST WIND SPEED    17   HIGHEST WIND DIRECTION     S (200)
  HIGHEST GUST SPEED    23   HIGHEST GUST DIRECTION    SW (210)


SKY COVER
  AVERAGE SKY COVER 0.8


WEATHER CONDITIONS
 THE FOLLOWING WEATHER WAS RECORDED TODAY.
  THUNDERSTORM
  HEAVY RAIN
  RAIN
  LIGHT RAIN
  FOG


RELATIVE HUMIDITY (PERCENT)
 HIGHEST   100           700 AM
 LOWEST     61           300 PM
 AVERAGE    81

..........................................................


THE JOPLIN MO CLIMATE NORMALS FOR TOMORROW
                         NORMAL    RECORD    YEAR
 MAXIMUM TEMPERATURE (F)   72        90      1963
 MINIMUM TEMPERATURE (F)   49        30      1966
                                             1978


SUNRISE AND SUNSET
APRIL 20 2017.........SUNRISE   637 AM CDT   SUNSET   758 PM CDT
APRIL 21 2017.........SUNRISE   635 AM CDT   SUNSET   759 PM CDT


-  INDICATES NEGATIVE NUMBERS.
R  INDICATES RECORD WAS SET OR TIED.
MM INDICATES DATA IS MISSING.
T  INDICATES TRACE AMOUNT.




$$
