524
CDUS43 KSGF 192228
CLIJLN


CLIMATE REPORT
NATIONAL WEATHER SERVICE SPRINGFIELD MO
527 PM CDT TUE SEP 19 2017


...................................

...THE JOPLIN MO CLIMATE SUMMARY FOR SEPTEMBER 19 2017...
VALID TODAY AS OF 0500 PM LOCAL TIME.

CLIMATE NORMAL PERIOD 1981 TO 2010
CLIMATE RECORD PERIOD 1902 TO 2017


WEATHER ITEM   OBSERVED TIME   RECORD YEAR NORMAL DEPARTURE LAST
                VALUE   (LST)  VALUE       VALUE  FROM      YEAR
                                                  NORMAL
..................................................................
TEMPERATURE (F)
 TODAY
  MAXIMUM         89    325 PM  98    1954  81      8       90
  MINIMUM         65    245 AM  38    1991  58      7       67
  AVERAGE         77                        69      8       79

PRECIPITATION (IN)
  TODAY            0.00          1.39 1974   0.17  -0.17     0.00
  MONTH TO DATE    1.08                      3.16  -2.08     2.62
  SINCE SEP 1      1.08                      3.16  -2.08     2.62
  SINCE JAN 1     39.76                     34.13   5.63    32.40

DEGREE DAYS
 HEATING
  TODAY            0                         2     -2        0
  MONTH TO DATE    4                         9     -5        0
  SINCE SEP 1      4                         9     -5        0
  SINCE JUL 1      4                        10     -6        0

 COOLING
  TODAY           12                         6      6       14
  MONTH TO DATE  118                       165    -47      187
  SINCE SEP 1    118                       165    -47      187
  SINCE JAN 1   1550                      1592    -42     1674
..................................................................


WIND (MPH)
  HIGHEST WIND SPEED    20   HIGHEST WIND DIRECTION     S (170)
  HIGHEST GUST SPEED    30   HIGHEST GUST DIRECTION     S (180)


SKY COVER
  AVERAGE SKY COVER 0.1


WEATHER CONDITIONS
 THE FOLLOWING WEATHER WAS RECORDED TODAY.
  FOG


RELATIVE HUMIDITY (PERCENT)
 HIGHEST   100           200 AM
 LOWEST     53           400 PM
 AVERAGE    77

..........................................................


THE JOPLIN MO CLIMATE NORMALS FOR TOMORROW
                         NORMAL    RECORD    YEAR
 MAXIMUM TEMPERATURE (F)   80        99      1954
 MINIMUM TEMPERATURE (F)   57        38      1991


SUNRISE AND SUNSET
SEPTEMBER 19 2017.....SUNRISE   704 AM CDT   SUNSET   719 PM CDT
SEPTEMBER 20 2017.....SUNRISE   704 AM CDT   SUNSET   717 PM CDT


-  INDICATES NEGATIVE NUMBERS.
R  INDICATES RECORD WAS SET OR TIED.
MM INDICATES DATA IS MISSING.
T  INDICATES TRACE AMOUNT.




$$
