000
CDUS43 KSGF 200629
CLIJLN


CLIMATE REPORT
NATIONAL WEATHER SERVICE SPRINGFIELD MO
129 AM CDT SAT MAY 20 2017


...................................

...THE JOPLIN MO CLIMATE SUMMARY FOR MAY 19 2017...

CLIMATE NORMAL PERIOD 1981 TO 2010
CLIMATE RECORD PERIOD 1902 TO 2017


WEATHER ITEM   OBSERVED TIME   RECORD YEAR NORMAL DEPARTURE LAST
                VALUE   (LST)  VALUE       VALUE  FROM      YEAR
                                                  NORMAL
..................................................................
TEMPERATURE (F)
 YESTERDAY
  MAXIMUM         78   1110 AM  91    1987  78      0       67
                                      2006
  MINIMUM         63   1159 PM  43    1993  57      6       44
                                      2002
  AVERAGE         71                        68      3       56

PRECIPITATION (IN)
  YESTERDAY        1.97R         1.75 1949   0.19   1.78     0.19
  MONTH TO DATE    5.97                      3.59   2.38     4.30
  SINCE MAR 1     19.91                     11.48   8.43    11.42
  SINCE JAN 1     23.90                     15.83   8.07    12.09

DEGREE DAYS
 HEATING
  YESTERDAY        0                         2     -2        9
  MONTH TO DATE   44                        53     -9      115
  SINCE MAR 1    599                       802   -203      631
  SINCE JUL 1   3151                      4056   -905     3381

 COOLING
  YESTERDAY        6                         4      2        0
  MONTH TO DATE   85                        60     25       24
  SINCE MAR 1    149                       113     36       46
  SINCE JAN 1    159                       114     45       47
..................................................................


WIND (MPH)
  HIGHEST WIND SPEED    29   HIGHEST WIND DIRECTION    SW (210)
  HIGHEST GUST SPEED    37   HIGHEST GUST DIRECTION     S (200)
  AVERAGE WIND SPEED    10.6


SKY COVER
  AVERAGE SKY COVER 0.5


WEATHER CONDITIONS
 THE FOLLOWING WEATHER WAS RECORDED YESTERDAY.
  THUNDERSTORM
  HEAVY RAIN
  RAIN
  LIGHT RAIN
  FOG


RELATIVE HUMIDITY (PERCENT)
 HIGHEST   100           600 AM
 LOWEST     64          1000 AM
 AVERAGE    82

..........................................................


THE JOPLIN MO CLIMATE NORMALS FOR TODAY
                         NORMAL    RECORD    YEAR
 MAXIMUM TEMPERATURE (F)   79        92      1956
 MINIMUM TEMPERATURE (F)   57        40      1981


SUNRISE AND SUNSET
MAY 20 2017...........SUNRISE   606 AM CDT   SUNSET   824 PM CDT
MAY 21 2017...........SUNRISE   605 AM CDT   SUNSET   825 PM CDT


-  INDICATES NEGATIVE NUMBERS.
R  INDICATES RECORD WAS SET OR TIED.
MM INDICATES DATA IS MISSING.
T  INDICATES TRACE AMOUNT.




$$
