382
CDUS43 KSGF 130627
CLIJLN


CLIMATE REPORT
NATIONAL WEATHER SERVICE SPRINGFIELD MO
1227 AM CST FRI JAN 13 2017


...................................

...THE JOPLIN MO CLIMATE SUMMARY FOR JANUARY 12 2017...

CLIMATE NORMAL PERIOD 1981 TO 2010
CLIMATE RECORD PERIOD 1902 TO 2017


WEATHER ITEM   OBSERVED TIME   RECORD YEAR NORMAL DEPARTURE LAST
                VALUE   (LST)  VALUE       VALUE  FROM      YEAR
                                                  NORMAL
..................................................................
TEMPERATURE (F)
 YESTERDAY
  MAXIMUM         48   1208 AM  70    2000  44      4       42
  MINIMUM         26    958 AM  -4    1963  25      1       24
  AVERAGE         37                        34      3       33

PRECIPITATION (IN)
  YESTERDAY        0.00          1.08 2007   0.06  -0.06     0.00
  MONTH TO DATE    0.04                      0.82  -0.78     0.27
  SINCE DEC 1      0.63                      3.64  -3.01    10.04
  SINCE JAN 1      0.04                      0.82  -0.78     0.27

DEGREE DAYS
 HEATING
  YESTERDAY       28                        30     -2       32
  MONTH TO DATE  357                       360     -3      342
  SINCE DEC 1   1234                      1220     14      979
  SINCE JUL 1   1689                      1977   -288     1597

 COOLING
  YESTERDAY        0                         0      0        0
  MONTH TO DATE    0                         0      0        0
  SINCE DEC 1      0                         0      0        3
  SINCE JAN 1      0                         0      0        0
..................................................................


WIND (MPH)
  HIGHEST WIND SPEED    17   HIGHEST WIND DIRECTION    NW (330)
  HIGHEST GUST SPEED    27   HIGHEST GUST DIRECTION     N (340)
  AVERAGE WIND SPEED     8.8


SKY COVER
  AVERAGE SKY COVER 0.7


WEATHER CONDITIONS
 THE FOLLOWING WEATHER WAS RECORDED YESTERDAY.
  FOG
  HAZE


RELATIVE HUMIDITY (PERCENT)
 HIGHEST   100           900 AM
 LOWEST     64           300 PM
 AVERAGE    82

..........................................................


THE JOPLIN MO CLIMATE NORMALS FOR TODAY
                         NORMAL    RECORD    YEAR
 MAXIMUM TEMPERATURE (F)   44        70      1996
 MINIMUM TEMPERATURE (F)   25        -4      1997


SUNRISE AND SUNSET
JANUARY 13 2017.......SUNRISE   731 AM CST   SUNSET   523 PM CST
JANUARY 14 2017.......SUNRISE   731 AM CST   SUNSET   524 PM CST


-  INDICATES NEGATIVE NUMBERS.
R  INDICATES RECORD WAS SET OR TIED.
MM INDICATES DATA IS MISSING.
T  INDICATES TRACE AMOUNT.




$$
