000
CDUS43 KSGF 052133
CLIJLN


CLIMATE REPORT
NATIONAL WEATHER SERVICE SPRINGFIELD MO
433 PM CDT SAT JUL 5 2014


...................................

...THE JOPLIN MO CLIMATE SUMMARY FOR JULY 5 2014...
VALID AS OF 0400 PM LOCAL TIME.

CLIMATE NORMAL PERIOD 1981 TO 2010
CLIMATE RECORD PERIOD 1902 TO 2014


WEATHER ITEM   OBSERVED TIME   RECORD YEAR NORMAL DEPARTURE LAST
                VALUE   (LST)  VALUE       VALUE  FROM      YEAR
                                                  NORMAL
..................................................................
TEMPERATURE (F)
 TODAY
  MAXIMUM         86    259 PM 105    1954  90     -4       90
  MINIMUM         68    602 AM  51    1972  70     -2       63
                                      1997
  AVERAGE         77                        80     -3       77

PRECIPITATION (IN)
  TODAY            0.00          2.00 1950   0.14  -0.14     0.00
  MONTH TO DATE    T                         0.71  -0.71     0.06
  SINCE JUN 1      3.93                      6.57  -2.64     5.45
  SINCE JAN 1     12.68                     24.52 -11.84    27.84

DEGREE DAYS
 HEATING
  TODAY            0                         0      0        0
  MONTH TO DATE    0                         0      0        0
  SINCE JUN 1      2                         5     -3       12
  SINCE JUL 1      0                         0      0        0

 COOLING
  TODAY           12                        15     -3       12
  MONTH TO DATE   36                        71    -35       34
  SINCE JUN 1    339                       389    -50      357
  SINCE JAN 1    552                       569    -17      501
..................................................................


WIND (MPH)
  HIGHEST WIND SPEED    20   HIGHEST WIND DIRECTION     S (200)
  HIGHEST GUST SPEED    25   HIGHEST GUST DIRECTION     S (180)


SKY COVER
  AVERAGE SKY COVER 0.2


WEATHER CONDITIONS
 THE FOLLOWING WEATHER WAS RECORDED TODAY.
  NO SIGNIFICANT WEATHER WAS OBSERVED.


RELATIVE HUMIDITY (PERCENT)
 HIGHEST    81           200 AM
 LOWEST     57           200 PM
 AVERAGE    69

..........................................................


THE JOPLIN MO CLIMATE NORMALS FOR TOMORROW
                         NORMAL    RECORD    YEAR
 MAXIMUM TEMPERATURE (F)   90       102      2012
                                             1954
 MINIMUM TEMPERATURE (F)   70        53      1972


SUNRISE AND SUNSET
JULY  5 2014..........SUNRISE   604 AM CDT   SUNSET   841 PM CDT
JULY  6 2014..........SUNRISE   604 AM CDT   SUNSET   841 PM CDT


-  INDICATES NEGATIVE NUMBERS.
R  INDICATES RECORD WAS SET OR TIED.
MM INDICATES DATA IS MISSING.
T  INDICATES TRACE AMOUNT.




$$
