000
CDUS43 KSGF 142245
CLIJLN


CLIMATE REPORT
NATIONAL WEATHER SERVICE SPRINGFIELD MO
545 PM CDT SAT OCT 14 2017


...................................

...THE JOPLIN MO CLIMATE SUMMARY FOR OCTOBER 14 2017...
VALID TODAY AS OF 0500 PM LOCAL TIME.

CLIMATE NORMAL PERIOD 1981 TO 2010
CLIMATE RECORD PERIOD 1902 TO 2017


WEATHER ITEM   OBSERVED TIME   RECORD YEAR NORMAL DEPARTURE LAST
                VALUE   (LST)  VALUE       VALUE  FROM      YEAR
                                                  NORMAL
..................................................................
TEMPERATURE (F)
 TODAY
  MAXIMUM         87    249 PM  90    1963  72     15       71
  MINIMUM         72    634 AM  32    2002  49     23       55
  AVERAGE         80                        60     20       63

PRECIPITATION (IN)
  TODAY            T             1.10 1985   0.13  -0.13     0.06
  MONTH TO DATE    1.64                      1.84  -0.20     4.08
  SINCE SEP 1      3.13                      6.79  -3.66     6.82
  SINCE JAN 1     41.81                     37.76   4.05    36.60

DEGREE DAYS
 HEATING
  TODAY            0                         6     -6        2
  MONTH TO DATE   23                        70    -47       51
  SINCE SEP 1     30                       111    -81       68
  SINCE JUL 1     30                       112    -82       68

 COOLING
  TODAY           15                         1     14        0
  MONTH TO DATE   93                        32     61       31
  SINCE SEP 1    315                       247     68      288
  SINCE JAN 1   1747                      1674     73     1775
..................................................................


WIND (MPH)
  HIGHEST WIND SPEED    29   HIGHEST WIND DIRECTION    SW (210)
  HIGHEST GUST SPEED    35   HIGHEST GUST DIRECTION     S (200)


SKY COVER
  AVERAGE SKY COVER 0.1


WEATHER CONDITIONS
 THE FOLLOWING WEATHER WAS RECORDED TODAY.
  NO SIGNIFICANT WEATHER WAS OBSERVED.


RELATIVE HUMIDITY (PERCENT)
 HIGHEST    93           300 AM
 LOWEST     55           200 PM
 AVERAGE    74

..........................................................


THE JOPLIN MO CLIMATE NORMALS FOR TOMORROW
                         NORMAL    RECORD    YEAR
 MAXIMUM TEMPERATURE (F)   72        88      1950
 MINIMUM TEMPERATURE (F)   49        32      1986


SUNRISE AND SUNSET
OCTOBER 14 2017.......SUNRISE   725 AM CDT   SUNSET   642 PM CDT
OCTOBER 15 2017.......SUNRISE   726 AM CDT   SUNSET   641 PM CDT


-  INDICATES NEGATIVE NUMBERS.
R  INDICATES RECORD WAS SET OR TIED.
MM INDICATES DATA IS MISSING.
T  INDICATES TRACE AMOUNT.




$$
