000
CDUS43 KSGF 310628
CLIJLN


CLIMATE REPORT
NATIONAL WEATHER SERVICE SPRINGFIELD MO
128 AM CDT FRI JUL 31 2015


...................................

...THE JOPLIN MO CLIMATE SUMMARY FOR JULY 30 2015...

CLIMATE NORMAL PERIOD 1981 TO 2010
CLIMATE RECORD PERIOD 1902 TO 2015


WEATHER ITEM   OBSERVED TIME   RECORD YEAR NORMAL DEPARTURE LAST
                VALUE   (LST)  VALUE       VALUE  FROM      YEAR
                                                  NORMAL
..................................................................
TEMPERATURE (F)
 YESTERDAY
  MAXIMUM         89    225 PM 107    1986  92     -3       70
  MINIMUM         71   1035 PM  56    1965  70      1       66
                                      1971
                                      1974
  AVERAGE         80                        81     -1       68

PRECIPITATION (IN)
  YESTERDAY        0.00          2.06 2008   0.10  -0.10     0.62
  MONTH TO DATE    5.09                      3.71   1.38     1.24
  SINCE JUN 1     12.76                      9.57   3.19     5.17
  SINCE JAN 1     30.47                     27.52   2.95    13.92

DEGREE DAYS
 HEATING
  YESTERDAY        0                         0      0        0
  MONTH TO DATE    0                         0      0        1
  SINCE JUN 1      0                         5     -5        3
  SINCE JUL 1      0                         0      0        1

 COOLING
  YESTERDAY       15                        16     -1        3
  MONTH TO DATE  490                       459     31      321
  SINCE JUN 1    875                       777     98      624
  SINCE JAN 1   1019                       957     62      837
..................................................................


WIND (MPH)
  HIGHEST WIND SPEED    14   HIGHEST WIND DIRECTION     E (90)
  HIGHEST GUST SPEED    19   HIGHEST GUST DIRECTION     E (90)
  AVERAGE WIND SPEED     5.6


SKY COVER
  AVERAGE SKY COVER 0.2


WEATHER CONDITIONS
 THE FOLLOWING WEATHER WAS RECORDED YESTERDAY.
  NO SIGNIFICANT WEATHER WAS OBSERVED.


RELATIVE HUMIDITY (PERCENT)
 HIGHEST    84          1000 PM
 LOWEST     40           400 PM
 AVERAGE    62

..........................................................


THE JOPLIN MO CLIMATE NORMALS FOR TODAY
                         NORMAL    RECORD    YEAR
 MAXIMUM TEMPERATURE (F)   92       104      1980
 MINIMUM TEMPERATURE (F)   70        51      1971


SUNRISE AND SUNSET
JULY 31 2015..........SUNRISE   622 AM CDT   SUNSET   826 PM CDT
AUGUST  1 2015........SUNRISE   623 AM CDT   SUNSET   825 PM CDT


-  INDICATES NEGATIVE NUMBERS.
R  INDICATES RECORD WAS SET OR TIED.
MM INDICATES DATA IS MISSING.
T  INDICATES TRACE AMOUNT.




$$
