000
CDUS43 KSGF 100628
CLIJLN


CLIMATE REPORT
NATIONAL WEATHER SERVICE SPRINGFIELD MO
1228 AM CST WED FEB 10 2016


...................................

...THE JOPLIN MO CLIMATE SUMMARY FOR FEBRUARY 9 2016...

CLIMATE NORMAL PERIOD 1981 TO 2010
CLIMATE RECORD PERIOD 1902 TO 2016


WEATHER ITEM   OBSERVED TIME   RECORD YEAR NORMAL DEPARTURE LAST
                VALUE   (LST)  VALUE       VALUE  FROM      YEAR
                                                  NORMAL
..................................................................
TEMPERATURE (F)
 YESTERDAY
  MAXIMUM         38    307 PM  73    2000  49    -11       50
                                      1996
  MINIMUM         20   1159 PM -12    1979  28     -8       32
  AVERAGE         29                        38     -9       41

PRECIPITATION (IN)
  YESTERDAY        0.00          1.96 1959   0.09  -0.09     0.00
  MONTH TO DATE    0.11                      0.64  -0.53     0.39
  SINCE DEC 1     10.18                      5.49   4.69     2.93
  SINCE JAN 1      0.41                      2.67  -2.26     1.09

DEGREE DAYS
 HEATING
  YESTERDAY       36                        27      9       24
  MONTH TO DATE  236                       250    -14      236
  SINCE DEC 1   1753                      2042   -289     1922
  SINCE JUL 1   2371                      2799   -428     2835

 COOLING
  YESTERDAY        0                         0      0        0
  MONTH TO DATE    0                         0      0        0
  SINCE DEC 1      3                         0      3        0
  SINCE JAN 1      0                         0      0        0
..................................................................


WIND (MPH)
  HIGHEST WIND SPEED    29   HIGHEST WIND DIRECTION    NW (330)
  HIGHEST GUST SPEED    36   HIGHEST GUST DIRECTION    NW (320)
  AVERAGE WIND SPEED    14.2


SKY COVER
  AVERAGE SKY COVER 0.1


WEATHER CONDITIONS
 THE FOLLOWING WEATHER WAS RECORDED YESTERDAY.
  NO SIGNIFICANT WEATHER WAS OBSERVED.


RELATIVE HUMIDITY (PERCENT)
 HIGHEST    75           600 AM
 LOWEST     27           300 PM
 AVERAGE    51

..........................................................


THE JOPLIN MO CLIMATE NORMALS FOR TODAY
                         NORMAL    RECORD    YEAR
 MAXIMUM TEMPERATURE (F)   49        77      1999
 MINIMUM TEMPERATURE (F)   28        -9      2011


SUNRISE AND SUNSET
FEBRUARY 10 2016......SUNRISE   713 AM CST   SUNSET   552 PM CST
FEBRUARY 11 2016......SUNRISE   712 AM CST   SUNSET   553 PM CST


-  INDICATES NEGATIVE NUMBERS.
R  INDICATES RECORD WAS SET OR TIED.
MM INDICATES DATA IS MISSING.
T  INDICATES TRACE AMOUNT.




$$
