000
CDUS43 KSGF 142227
CLIJLN


CLIMATE REPORT
NATIONAL WEATHER SERVICE SPRINGFIELD MO
526 PM CDT THU JUL 14 2016


...................................

...THE JOPLIN MO CLIMATE SUMMARY FOR JULY 14 2016...
VALID TODAY AS OF 0500 PM LOCAL TIME.

CLIMATE NORMAL PERIOD 1981 TO 2010
CLIMATE RECORD PERIOD 1902 TO 2016


WEATHER ITEM   OBSERVED TIME   RECORD YEAR NORMAL DEPARTURE LAST
                VALUE   (LST)  VALUE       VALUE  FROM      YEAR
                                                  NORMAL
..................................................................
TEMPERATURE (F)
 TODAY
  MAXIMUM         81    315 AM 115    1954  91    -10       92
  MINIMUM         67    241 PM  52    1967  70     -3       77
                                      1990
  AVERAGE         74                        80     -6       85

PRECIPITATION (IN)
  TODAY            0.99          2.02 1959   0.13   0.86      T
  MONTH TO DATE    4.77                      1.94   2.83     4.90
  SINCE JUN 1     10.89                      7.80   3.09    12.57
  SINCE JAN 1     24.99                     25.75  -0.76    30.28

DEGREE DAYS
 HEATING
  TODAY            0                         0      0        0
  MONTH TO DATE    0                         0      0        0
  SINCE JUN 1      0                         5     -5        0
  SINCE JUL 1      0                         0      0        0

 COOLING
  TODAY            9                        15     -6       20
  MONTH TO DATE  199                       206     -7      190
  SINCE JUN 1    622                       524     98      575
  SINCE JAN 1    736                       704     32      719
..................................................................


WIND (MPH)
  HIGHEST WIND SPEED    32   HIGHEST WIND DIRECTION    NW (320)
  HIGHEST GUST SPEED    41   HIGHEST GUST DIRECTION    NW (320)


SKY COVER
  AVERAGE SKY COVER 0.6


WEATHER CONDITIONS
 THE FOLLOWING WEATHER WAS RECORDED TODAY.
  THUNDERSTORM
  HEAVY RAIN
  RAIN
  LIGHT RAIN
  FOG


RELATIVE HUMIDITY (PERCENT)
 HIGHEST    87           200 PM
 LOWEST     64           400 PM
 AVERAGE    76

..........................................................


THE JOPLIN MO CLIMATE NORMALS FOR TOMORROW
                         NORMAL    RECORD    YEAR
 MAXIMUM TEMPERATURE (F)   91       105      1954
 MINIMUM TEMPERATURE (F)   70        53      2014
                                             1967


SUNRISE AND SUNSET
JULY 14 2016..........SUNRISE   609 AM CDT   SUNSET   838 PM CDT
JULY 15 2016..........SUNRISE   610 AM CDT   SUNSET   838 PM CDT


-  INDICATES NEGATIVE NUMBERS.
R  INDICATES RECORD WAS SET OR TIED.
MM INDICATES DATA IS MISSING.
T  INDICATES TRACE AMOUNT.




$$
