000
CDUS43 KSGF 250631
CLIJLN


CLIMATE REPORT
NATIONAL WEATHER SERVICE SPRINGFIELD MO
130 AM CDT SUN SEP 25 2016


...................................

...THE JOPLIN MO CLIMATE SUMMARY FOR SEPTEMBER 24 2016...

CLIMATE NORMAL PERIOD 1981 TO 2010
CLIMATE RECORD PERIOD 1902 TO 2016


WEATHER ITEM   OBSERVED TIME   RECORD YEAR NORMAL DEPARTURE LAST
                VALUE   (LST)  VALUE       VALUE  FROM      YEAR
                                                  NORMAL
..................................................................
TEMPERATURE (F)
 YESTERDAY
  MAXIMUM         89    245 PM  90    1911  79     10       85
  MINIMUM         71    543 AM  31    1989  56     15       64
  AVERAGE         80                        67     13       75

PRECIPITATION (IN)
  YESTERDAY        T             4.16 1993   0.16  -0.16     0.00
  MONTH TO DATE    2.62                      3.98  -1.36     1.12
  SINCE SEP 1      2.62                      3.98  -1.36     1.12
  SINCE JAN 1     32.40                     34.95  -2.55    39.82

DEGREE DAYS
 HEATING
  YESTERDAY        0                         2     -2        0
  MONTH TO DATE    0                        19    -19        5
  SINCE SEP 1      0                        19    -19        5
  SINCE JUL 1      0                        20    -20        6

 COOLING
  YESTERDAY       15                         5     10       10
  MONTH TO DATE  257                       191     66      238
  SINCE SEP 1    257                       191     66      238
  SINCE JAN 1   1744                      1618    126     1624
..................................................................


WIND (MPH)
  HIGHEST WIND SPEED    18   HIGHEST WIND DIRECTION     W (280)
  HIGHEST GUST SPEED    22   HIGHEST GUST DIRECTION     W (280)
  AVERAGE WIND SPEED     8.8


SKY COVER
  AVERAGE SKY COVER 0.2


WEATHER CONDITIONS
 THE FOLLOWING WEATHER WAS RECORDED YESTERDAY.
  NO SIGNIFICANT WEATHER WAS OBSERVED.


RELATIVE HUMIDITY (PERCENT)
 HIGHEST    90           600 AM
 LOWEST     55           200 PM
 AVERAGE    73

..........................................................


THE JOPLIN MO CLIMATE NORMALS FOR TODAY
                         NORMAL    RECORD    YEAR
 MAXIMUM TEMPERATURE (F)   78        90      1958
 MINIMUM TEMPERATURE (F)   55        37      1989


SUNRISE AND SUNSET
SEPTEMBER 25 2016.....SUNRISE   709 AM CDT   SUNSET   709 PM CDT
SEPTEMBER 26 2016.....SUNRISE   710 AM CDT   SUNSET   708 PM CDT


-  INDICATES NEGATIVE NUMBERS.
R  INDICATES RECORD WAS SET OR TIED.
MM INDICATES DATA IS MISSING.
T  INDICATES TRACE AMOUNT.




$$
