000
CDUS43 KSGF 160626
CLIJLN


CLIMATE REPORT
NATIONAL WEATHER SERVICE SPRINGFIELD MO
1226 AM CST SAT DEC 16 2017


...................................

...THE JOPLIN MO CLIMATE SUMMARY FOR DECEMBER 15 2017...

CLIMATE NORMAL PERIOD 1981 TO 2010
CLIMATE RECORD PERIOD 1902 TO 2017


WEATHER ITEM   OBSERVED TIME   RECORD YEAR NORMAL DEPARTURE LAST
                VALUE   (LST)  VALUE       VALUE  FROM      YEAR
                                                  NORMAL
..................................................................
TEMPERATURE (F)
 YESTERDAY
  MAXIMUM         47    337 PM  74    1984  47      0       33
  MINIMUM         31    757 AM  -8    1989  27      4       21
  AVERAGE         39                        37      2       27

PRECIPITATION (IN)
  YESTERDAY        0.00          1.03 1992   0.09  -0.09     0.00
  MONTH TO DATE    0.16                      1.49  -1.33     0.29
  SINCE DEC 1      0.16                      1.49  -1.33     0.29
  SINCE JAN 1     45.16                     45.22  -0.06    38.93

DEGREE DAYS
 HEATING
  YESTERDAY       26                        28     -2       38
  MONTH TO DATE  348                       391    -43      452
  SINCE DEC 1    348                       391    -43      452
  SINCE JUL 1    993                      1148   -155      907

 COOLING
  YESTERDAY        0                         0      0        0
  MONTH TO DATE    0                         0      0        0
  SINCE DEC 1      0                         0      0        0
  SINCE JAN 1   1750                      1698     52     1878
..................................................................


WIND (MPH)
  HIGHEST WIND SPEED    20   HIGHEST WIND DIRECTION     S (200)
  HIGHEST GUST SPEED    27   HIGHEST GUST DIRECTION    SW (210)
  AVERAGE WIND SPEED     9.2


SKY COVER
  AVERAGE SKY COVER 0.3


WEATHER CONDITIONS
 THE FOLLOWING WEATHER WAS RECORDED YESTERDAY.
  NO SIGNIFICANT WEATHER WAS OBSERVED.


RELATIVE HUMIDITY (PERCENT)
 HIGHEST   100           700 AM
 LOWEST     42           200 PM
 AVERAGE    71

..........................................................


THE JOPLIN MO CLIMATE NORMALS FOR TODAY
                         NORMAL    RECORD    YEAR
 MAXIMUM TEMPERATURE (F)   47        72      2006
 MINIMUM TEMPERATURE (F)   27        -7      1989


SUNRISE AND SUNSET
DECEMBER 16 2017......SUNRISE   725 AM CST   SUNSET   502 PM CST
DECEMBER 17 2017......SUNRISE   726 AM CST   SUNSET   503 PM CST


-  INDICATES NEGATIVE NUMBERS.
R  INDICATES RECORD WAS SET OR TIED.
MM INDICATES DATA IS MISSING.
T  INDICATES TRACE AMOUNT.




$$
