000
CDUS43 KSGF 210640
CLIJLN


CLIMATE REPORT
NATIONAL WEATHER SERVICE SPRINGFIELD MO
1239 AM CST TUE FEB 21 2017


...................................

...THE JOPLIN MO CLIMATE SUMMARY FOR FEBRUARY 20 2017...

CLIMATE NORMAL PERIOD 1981 TO 2010
CLIMATE RECORD PERIOD 1902 TO 2017


WEATHER ITEM   OBSERVED TIME   RECORD YEAR NORMAL DEPARTURE LAST
                VALUE   (LST)  VALUE       VALUE  FROM      YEAR
                                                  NORMAL
..................................................................
TEMPERATURE (F)
 YESTERDAY
  MAXIMUM         67   1206 PM  78    2016  52     15       78
                                      1981
  MINIMUM         56   1143 PM  16    1963  31     25       54
                                      1978
  AVERAGE         62                        41     21       66

PRECIPITATION (IN)
  YESTERDAY        0.13          2.08 1997   0.09   0.04     0.00
  MONTH TO DATE    0.26                      1.58  -1.32     0.11
  SINCE DEC 1      4.50                      6.43  -1.93    10.18
  SINCE JAN 1      3.91                      3.61   0.30     0.41

DEGREE DAYS
 HEATING
  YESTERDAY        3                        24    -21        0
  MONTH TO DATE  345                       527   -182      447
  SINCE DEC 1   2002                      2319   -317     1964
  SINCE JUL 1   2457                      3076   -619     2582

 COOLING
  YESTERDAY        0                         0      0        1
  MONTH TO DATE    3                         0      3        1
  SINCE DEC 1      3                         0      3        4
  SINCE JAN 1      3                         0      3        1
..................................................................


WIND (MPH)
  HIGHEST WIND SPEED    21   HIGHEST WIND DIRECTION     S (190)
  HIGHEST GUST SPEED    28   HIGHEST GUST DIRECTION    SE (140)
  AVERAGE WIND SPEED    10.6


SKY COVER
  AVERAGE SKY COVER 0.5


WEATHER CONDITIONS
 THE FOLLOWING WEATHER WAS RECORDED YESTERDAY.
  THUNDERSTORM
  RAIN
  LIGHT RAIN
  FOG


RELATIVE HUMIDITY (PERCENT)
 HIGHEST    93           900 AM
 LOWEST     63           300 AM
 AVERAGE    78

..........................................................


THE JOPLIN MO CLIMATE NORMALS FOR TODAY
                         NORMAL    RECORD    YEAR
 MAXIMUM TEMPERATURE (F)   52        76      1996
 MINIMUM TEMPERATURE (F)   31         9      1963
                                             1978


SUNRISE AND SUNSET
FEBRUARY 21 2017......SUNRISE   659 AM CST   SUNSET   604 PM CST
FEBRUARY 22 2017......SUNRISE   658 AM CST   SUNSET   605 PM CST


-  INDICATES NEGATIVE NUMBERS.
R  INDICATES RECORD WAS SET OR TIED.
MM INDICATES DATA IS MISSING.
T  INDICATES TRACE AMOUNT.




$$
