000
CDUS43 KSGF 190626
CLIJLN


CLIMATE REPORT
NATIONAL WEATHER SERVICE SPRINGFIELD MO
125 AM CDT SAT APR 19 2014


...................................

...THE JOPLIN MO CLIMATE SUMMARY FOR APRIL 18 2014...

CLIMATE NORMAL PERIOD 1981 TO 2010
CLIMATE RECORD PERIOD 1902 TO 2014


WEATHER ITEM   OBSERVED TIME   RECORD YEAR NORMAL DEPARTURE LAST
                VALUE   (LST)  VALUE       VALUE  FROM      YEAR
                                                  NORMAL
..................................................................
TEMPERATURE (F)
 YESTERDAY
  MAXIMUM         71    443 PM  95    2006  71      0       63
  MINIMUM         37    618 AM  28    1953  48    -11       37
  AVERAGE         54                        59     -5       50

PRECIPITATION (IN)
  YESTERDAY        0.00          1.43 2013   0.15  -0.15     1.43
  MONTH TO DATE    0.55                      2.39  -1.84     3.62
  SINCE MAR 1      2.43                      5.81  -3.38     6.32
  SINCE JAN 1      3.28                     10.16  -6.88    11.47

DEGREE DAYS
 HEATING
  YESTERDAY       11                         7      4       15
  MONTH TO DATE  213                       172     41      200
  SINCE MAR 1    876                       680    196      857
  SINCE JUL 1   4725                      3934    791     3973

 COOLING
  YESTERDAY        0                         2     -2        0
  MONTH TO DATE   10                        20    -10       14
  SINCE MAR 1     10                        29    -19       14
  SINCE JAN 1     10                        30    -20       15
..................................................................


WIND (MPH)
  HIGHEST WIND SPEED    12   HIGHEST WIND DIRECTION     E (110)
  HIGHEST GUST SPEED    14   HIGHEST GUST DIRECTION    SE (120)
  AVERAGE WIND SPEED     3.3


SKY COVER
  AVERAGE SKY COVER 0.2


WEATHER CONDITIONS
 THE FOLLOWING WEATHER WAS RECORDED YESTERDAY.
  FOG
  HAZE


RELATIVE HUMIDITY (PERCENT)
 HIGHEST   100           600 AM
 LOWEST     31           300 PM
 AVERAGE    66

..........................................................


THE JOPLIN MO CLIMATE NORMALS FOR TODAY
                         NORMAL    RECORD    YEAR
 MAXIMUM TEMPERATURE (F)   71        93      1987
 MINIMUM TEMPERATURE (F)   48        31      1953
                                             1988


SUNRISE AND SUNSET
APRIL 19 2014.........SUNRISE   638 AM CDT   SUNSET   757 PM CDT
APRIL 20 2014.........SUNRISE   637 AM CDT   SUNSET   757 PM CDT


-  INDICATES NEGATIVE NUMBERS.
R  INDICATES RECORD WAS SET OR TIED.
MM INDICATES DATA IS MISSING.
T  INDICATES TRACE AMOUNT.




$$
