000
CDUS43 KSGF 250636
CLIJLN


CLIMATE REPORT
NATIONAL WEATHER SERVICE SPRINGFIELD MO
136 AM CDT WED MAR 25 2015


...................................

...THE JOPLIN MO CLIMATE SUMMARY FOR MARCH 24 2015...

CLIMATE NORMAL PERIOD 1981 TO 2010
CLIMATE RECORD PERIOD 1902 TO 2015


WEATHER ITEM   OBSERVED TIME   RECORD YEAR NORMAL DEPARTURE LAST
                VALUE   (LST)  VALUE       VALUE  FROM      YEAR
                                                  NORMAL
..................................................................
TEMPERATURE (F)
 YESTERDAY
  MAXIMUM         79    239 PM  82    2003  63     16       50
  MINIMUM         49   1154 PM  11    1974  40      9       26
  AVERAGE         64                        51     13       38

PRECIPITATION (IN)
  YESTERDAY        0.10          1.40 1973   0.11  -0.01      T
  MONTH TO DATE    1.36                      2.56  -1.20     1.74
  SINCE MAR 1      1.36                      2.56  -1.20     1.74
  SINCE JAN 1      2.88                      6.91  -4.03     2.59

DEGREE DAYS
 HEATING
  YESTERDAY        1                        14    -13       27
  MONTH TO DATE  399                       417    -18      549
  SINCE MAR 1    399                       417    -18      549
  SINCE JUL 1   3935                      3671    264     4398

 COOLING
  YESTERDAY        0                         0      0        0
  MONTH TO DATE    0                         0      0        0
  SINCE MAR 1      0                         0      0        0
  SINCE JAN 1      0                         1     -1        0
..................................................................


WIND (MPH)
  HIGHEST WIND SPEED    30   HIGHEST WIND DIRECTION    SW (210)
  HIGHEST GUST SPEED    39   HIGHEST GUST DIRECTION     S (200)
  AVERAGE WIND SPEED    13.0


SKY COVER
  AVERAGE SKY COVER 0.5


WEATHER CONDITIONS
 THE FOLLOWING WEATHER WAS RECORDED YESTERDAY.
  THUNDERSTORM
  RAIN
  LIGHT RAIN
  HAIL


RELATIVE HUMIDITY (PERCENT)
 HIGHEST    89           200 AM
 LOWEST     42           100 PM
 AVERAGE    66

..........................................................


THE JOPLIN MO CLIMATE NORMALS FOR TODAY
                         NORMAL    RECORD    YEAR
 MAXIMUM TEMPERATURE (F)   63        83      1989
 MINIMUM TEMPERATURE (F)   40        12      1955


SUNRISE AND SUNSET
MARCH 25 2015.........SUNRISE   714 AM CDT   SUNSET   734 PM CDT
MARCH 26 2015.........SUNRISE   713 AM CDT   SUNSET   735 PM CDT


-  INDICATES NEGATIVE NUMBERS.
R  INDICATES RECORD WAS SET OR TIED.
MM INDICATES DATA IS MISSING.
T  INDICATES TRACE AMOUNT.




$$
