000
CDUS43 KSGF 232225
CLIJLN


CLIMATE REPORT
NATIONAL WEATHER SERVICE SPRINGFIELD MO
525 PM CDT SAT APR 23 2016


...................................

...THE JOPLIN MO CLIMATE SUMMARY FOR APRIL 23 2016...
VALID TODAY AS OF 0500 PM LOCAL TIME.

CLIMATE NORMAL PERIOD 1981 TO 2010
CLIMATE RECORD PERIOD 1902 TO 2016


WEATHER ITEM   OBSERVED TIME   RECORD YEAR NORMAL DEPARTURE LAST
                VALUE   (LST)  VALUE       VALUE  FROM      YEAR
                                                  NORMAL
..................................................................
TEMPERATURE (F)
 TODAY
  MAXIMUM         81    358 PM  90    1989  72      9       61
  MINIMUM         49    552 AM  35    1956  49      0       43
  AVERAGE         65                        61      4       52

PRECIPITATION (IN)
  TODAY            0.00          1.49 2004   0.18  -0.18      T
  MONTH TO DATE    1.86                      3.20  -1.34     3.94
  SINCE MAR 1      4.43                      6.62  -2.19     5.77
  SINCE JAN 1      5.10                     10.97  -5.87     7.29

DEGREE DAYS
 HEATING
  TODAY            0                         6     -6       13
  MONTH TO DATE  138                       205    -67      152
  SINCE MAR 1    500                       713   -213      642
  SINCE JUL 1   3250                      3967   -717     4178

 COOLING
  TODAY            0                         2     -2        0
  MONTH TO DATE    7                        30    -23       34
  SINCE MAR 1     10                        39    -29       34
  SINCE JAN 1     11                        40    -29       34
..................................................................


WIND (MPH)
  HIGHEST WIND SPEED    16   HIGHEST WIND DIRECTION     S (200)
  HIGHEST GUST SPEED    20   HIGHEST GUST DIRECTION     S (190)


SKY COVER
  AVERAGE SKY COVER 0.0


WEATHER CONDITIONS
 THE FOLLOWING WEATHER WAS RECORDED TODAY.
  NO SIGNIFICANT WEATHER WAS OBSERVED.


RELATIVE HUMIDITY (PERCENT)
 HIGHEST    89           300 AM
 LOWEST     33           300 PM
 AVERAGE    61

..........................................................


THE JOPLIN MO CLIMATE NORMALS FOR TOMORROW
                         NORMAL    RECORD    YEAR
 MAXIMUM TEMPERATURE (F)   73        89      1989
 MINIMUM TEMPERATURE (F)   50        31      2005


SUNRISE AND SUNSET
APRIL 23 2016.........SUNRISE   632 AM CDT   SUNSET   801 PM CDT
APRIL 24 2016.........SUNRISE   631 AM CDT   SUNSET   802 PM CDT


-  INDICATES NEGATIVE NUMBERS.
R  INDICATES RECORD WAS SET OR TIED.
MM INDICATES DATA IS MISSING.
T  INDICATES TRACE AMOUNT.




$$
