306
CDUS43 KSGF 130626
CLIJLN


CLIMATE REPORT
NATIONAL WEATHER SERVICE SPRINGFIELD MO
126 AM CDT WED MAY 13 2015


...................................

...THE JOPLIN MO CLIMATE SUMMARY FOR MAY 12 2015...

CLIMATE NORMAL PERIOD 1981 TO 2010
CLIMATE RECORD PERIOD 1902 TO 2015


WEATHER ITEM   OBSERVED TIME   RECORD YEAR NORMAL DEPARTURE LAST
                VALUE   (LST)  VALUE       VALUE  FROM      YEAR
                                                  NORMAL
..................................................................
TEMPERATURE (F)
 YESTERDAY
  MAXIMUM         70    349 PM  88    1963  77     -7       85
  MINIMUM         43    541 AM  33    1960  55    -12       53
  AVERAGE         57                        66     -9       69

PRECIPITATION (IN)
  YESTERDAY        0.00          1.43 2002   0.19  -0.19     0.73
  MONTH TO DATE    2.42                      2.30   0.12     1.56
  SINCE MAR 1      8.20                     10.19  -1.99     4.69
  SINCE JAN 1      9.72                     14.54  -4.82     5.54

DEGREE DAYS
 HEATING
  YESTERDAY        8                         2      6        0
  MONTH TO DATE   23                        39    -16       31
  SINCE MAR 1    710                       788    -78      960
  SINCE JUL 1   4246                      4042    204     4809

 COOLING
  YESTERDAY        0                         3     -3        4
  MONTH TO DATE   46                        32     14       79
  SINCE MAR 1     81                        85     -4      102
  SINCE JAN 1     81                        86     -5      102
..................................................................


WIND (MPH)
  HIGHEST WIND SPEED    14   HIGHEST WIND DIRECTION    NW (310)
  HIGHEST GUST SPEED    22   HIGHEST GUST DIRECTION    NW (310)
  AVERAGE WIND SPEED     5.2


SKY COVER
  AVERAGE SKY COVER 0.0


WEATHER CONDITIONS
 THE FOLLOWING WEATHER WAS RECORDED YESTERDAY.
  NO SIGNIFICANT WEATHER WAS OBSERVED.


RELATIVE HUMIDITY (PERCENT)
 HIGHEST    86          1200 AM
 LOWEST     40           200 PM
 AVERAGE    63

..........................................................


THE JOPLIN MO CLIMATE NORMALS FOR TODAY
                         NORMAL    RECORD    YEAR
 MAXIMUM TEMPERATURE (F)   77        90      1995
 MINIMUM TEMPERATURE (F)   55        42      1952
                                             1964


SUNRISE AND SUNSET
MAY 13 2015...........SUNRISE   611 AM CDT   SUNSET   818 PM CDT
MAY 14 2015...........SUNRISE   611 AM CDT   SUNSET   819 PM CDT


-  INDICATES NEGATIVE NUMBERS.
R  INDICATES RECORD WAS SET OR TIED.
MM INDICATES DATA IS MISSING.
T  INDICATES TRACE AMOUNT.




$$
