219
CDUS43 KSGF 192226
CLIJLN


CLIMATE REPORT
NATIONAL WEATHER SERVICE SPRINGFIELD MO
526 PM CDT SAT AUG 19 2017


...................................

...THE JOPLIN MO CLIMATE SUMMARY FOR AUGUST 19 2017...
VALID TODAY AS OF 0500 PM LOCAL TIME.

CLIMATE NORMAL PERIOD 1981 TO 2010
CLIMATE RECORD PERIOD 1902 TO 2017


WEATHER ITEM   OBSERVED TIME   RECORD YEAR NORMAL DEPARTURE LAST
                VALUE   (LST)  VALUE       VALUE  FROM      YEAR
                                                  NORMAL
..................................................................
TEMPERATURE (F)
 TODAY
  MAXIMUM         95    342 PM 101    1962  91      4       89
                                      2003
  MINIMUM         70   1249 AM  55    1950  68      2       68
  AVERAGE         83                        80      3       79

PRECIPITATION (IN)
  TODAY            0.02          3.13 2009   0.11  -0.09     0.16
  MONTH TO DATE    4.05                      1.94   2.11     2.83
  SINCE JUN 1     11.34                     11.61  -0.27    14.25
  SINCE JAN 1     37.27                     29.56   7.71    28.35

DEGREE DAYS
 HEATING
  TODAY            0                         0      0        0
  MONTH TO DATE    0                         0      0        0
  SINCE JUN 1      0                         5     -5        0
  SINCE JUL 1      0                         0      0        0

 COOLING
  TODAY           18                        15      3       14
  MONTH TO DATE  229                       296    -67      304
  SINCE JUN 1   1095                      1087      8     1222
  SINCE JAN 1   1302                      1267     35     1336
..................................................................


WIND (MPH)
  HIGHEST WIND SPEED    15   HIGHEST WIND DIRECTION    SW (240)
  HIGHEST GUST SPEED    20   HIGHEST GUST DIRECTION    SW (230)


SKY COVER
  AVERAGE SKY COVER 0.2


WEATHER CONDITIONS
 THE FOLLOWING WEATHER WAS RECORDED TODAY.
  FOG


RELATIVE HUMIDITY (PERCENT)
 HIGHEST   100           300 AM
 LOWEST     52           400 PM
 AVERAGE    76

..........................................................


THE JOPLIN MO CLIMATE NORMALS FOR TOMORROW
                         NORMAL    RECORD    YEAR
 MAXIMUM TEMPERATURE (F)   91       101      2003
 MINIMUM TEMPERATURE (F)   68        50      1950


SUNRISE AND SUNSET
AUGUST 19 2017........SUNRISE   638 AM CDT   SUNSET   804 PM CDT
AUGUST 20 2017........SUNRISE   639 AM CDT   SUNSET   803 PM CDT


-  INDICATES NEGATIVE NUMBERS.
R  INDICATES RECORD WAS SET OR TIED.
MM INDICATES DATA IS MISSING.
T  INDICATES TRACE AMOUNT.




$$
