000
CDUS43 KSGF 160627
CLIJLN


CLIMATE REPORT
NATIONAL WEATHER SERVICE SPRINGFIELD MO
127 AM CDT FRI JUN 16 2017


...................................

...THE JOPLIN MO CLIMATE SUMMARY FOR JUNE 15 2017...

CLIMATE NORMAL PERIOD 1981 TO 2010
CLIMATE RECORD PERIOD 1902 TO 2017


WEATHER ITEM   OBSERVED TIME   RECORD YEAR NORMAL DEPARTURE LAST
                VALUE   (LST)  VALUE       VALUE  FROM      YEAR
                                                  NORMAL
..................................................................
TEMPERATURE (F)
 YESTERDAY
  MAXIMUM         92    401 PM 103    1953  86      6       96
  MINIMUM         67   1159 PM  49    1989  65      2       78
  AVERAGE         80                        76      4       87

PRECIPITATION (IN)
  YESTERDAY        0.11          2.87 2013   0.20  -0.09     0.00
  MONTH TO DATE    1.12                      3.03  -1.91     1.14
  SINCE JUN 1      1.12                      3.03  -1.91     1.14
  SINCE JAN 1     27.05                     20.98   6.07    15.24

DEGREE DAYS
 HEATING
  YESTERDAY        0                         0      0        0
  MONTH TO DATE    0                         2     -2        0
  SINCE JUN 1      0                         2     -2        0
  SINCE JUL 1   3169                      4071   -902     3389

 COOLING
  YESTERDAY       15                        11      4       22
  MONTH TO DATE  164                       131     33      170
  SINCE JUN 1    164                       131     33      170
  SINCE JAN 1    371                       311     60      284
..................................................................


WIND (MPH)
  HIGHEST WIND SPEED    29   HIGHEST WIND DIRECTION     W (270)
  HIGHEST GUST SPEED    38   HIGHEST GUST DIRECTION    NW (310)
  AVERAGE WIND SPEED    12.9


SKY COVER
  AVERAGE SKY COVER 0.3


WEATHER CONDITIONS
 THE FOLLOWING WEATHER WAS RECORDED YESTERDAY.
  THUNDERSTORM
  RAIN
  LIGHT RAIN
  FOG


RELATIVE HUMIDITY (PERCENT)
 HIGHEST    97           600 AM
 LOWEST     56           200 PM
 AVERAGE    77

..........................................................


THE JOPLIN MO CLIMATE NORMALS FOR TODAY
                         NORMAL    RECORD    YEAR
 MAXIMUM TEMPERATURE (F)   86        95      2016
                                             1952
 MINIMUM TEMPERATURE (F)   65        46      1989


SUNRISE AND SUNSET
JUNE 16 2017..........SUNRISE   557 AM CDT   SUNSET   840 PM CDT
JUNE 17 2017..........SUNRISE   558 AM CDT   SUNSET   841 PM CDT


-  INDICATES NEGATIVE NUMBERS.
R  INDICATES RECORD WAS SET OR TIED.
MM INDICATES DATA IS MISSING.
T  INDICATES TRACE AMOUNT.




$$
