000
CDUS43 KSGF 112129
CLIJLN


CLIMATE REPORT
NATIONAL WEATHER SERVICE SPRINGFIELD MO
429 PM CDT FRI AUG 11 2017


...................................

...THE JOPLIN MO CLIMATE SUMMARY FOR AUGUST 11 2017...
VALID AS OF 0400 PM LOCAL TIME.

CLIMATE NORMAL PERIOD 1981 TO 2010
CLIMATE RECORD PERIOD 1902 TO 2017


WEATHER ITEM   OBSERVED TIME   RECORD YEAR NORMAL DEPARTURE LAST
                VALUE   (LST)  VALUE       VALUE  FROM      YEAR
                                                  NORMAL
..................................................................
TEMPERATURE (F)
 TODAY
  MAXIMUM         83    219 PM 104    1999  92     -9       96
  MINIMUM         70    515 AM  54    1967  69      1       77
  AVERAGE         77                        80     -3       87

PRECIPITATION (IN)
  TODAY            0.66          1.30 1982   0.10   0.56     0.00
  MONTH TO DATE    2.25                      1.11   1.14     2.58
  SINCE JUN 1      9.54                     10.78  -1.24    14.00
  SINCE JAN 1     35.47                     28.73   6.74    28.10

DEGREE DAYS
 HEATING
  TODAY            0                         0      0        0
  MONTH TO DATE    0                         0      0        0
  SINCE JUN 1      0                         5     -5        0
  SINCE JUL 1      0                         0      0        0

 COOLING
  TODAY           12                        16     -4       22
  MONTH TO DATE  128                       176    -48      210
  SINCE JUN 1    994                       967     27     1128
  SINCE JAN 1   1201                      1147     54     1242
..................................................................


WIND (MPH)
  HIGHEST WIND SPEED    17   HIGHEST WIND DIRECTION    NW (300)
  HIGHEST GUST SPEED    23   HIGHEST GUST DIRECTION     W (290)


SKY COVER
  AVERAGE SKY COVER 0.9


WEATHER CONDITIONS
 THE FOLLOWING WEATHER WAS RECORDED TODAY.
  THUNDERSTORM
  HEAVY RAIN
  RAIN
  LIGHT RAIN
  FOG


RELATIVE HUMIDITY (PERCENT)
 HIGHEST   100           100 AM
 LOWEST     79          1200 PM
 AVERAGE    90

..........................................................


THE JOPLIN MO CLIMATE NORMALS FOR TOMORROW
                         NORMAL    RECORD    YEAR
 MAXIMUM TEMPERATURE (F)   92       104      1999
 MINIMUM TEMPERATURE (F)   69        48      2004


SUNRISE AND SUNSET
AUGUST 11 2017........SUNRISE   631 AM CDT   SUNSET   814 PM CDT
AUGUST 12 2017........SUNRISE   632 AM CDT   SUNSET   813 PM CDT


-  INDICATES NEGATIVE NUMBERS.
R  INDICATES RECORD WAS SET OR TIED.
MM INDICATES DATA IS MISSING.
T  INDICATES TRACE AMOUNT.




$$
