000
CDUS43 KSGF 072226
CLIJLN


CLIMATE REPORT
NATIONAL WEATHER SERVICE SPRINGFIELD MO
526 PM CDT MON AUG 7 2017


...................................

...THE JOPLIN MO CLIMATE SUMMARY FOR AUGUST 7 2017...
VALID TODAY AS OF 0500 PM LOCAL TIME.

CLIMATE NORMAL PERIOD 1981 TO 2010
CLIMATE RECORD PERIOD 1902 TO 2017


WEATHER ITEM   OBSERVED TIME   RECORD YEAR NORMAL DEPARTURE LAST
                VALUE   (LST)  VALUE       VALUE  FROM      YEAR
                                                  NORMAL
..................................................................
TEMPERATURE (F)
 TODAY
  MAXIMUM         84    202 PM 107    2011  92     -8       80
  MINIMUM         68    709 AM  53    1997  70     -2       72
  AVERAGE         76                        81     -5       76

PRECIPITATION (IN)
  TODAY            0.00          2.02 1960   0.10  -0.10     1.28
  MONTH TO DATE    1.53                      0.69   0.84     1.79
  SINCE JUN 1      8.82                     10.36  -1.54    13.21
  SINCE JAN 1     34.75                     28.31   6.44    27.31

DEGREE DAYS
 HEATING
  TODAY            0                         0      0        0
  MONTH TO DATE    0                         0      0        0
  SINCE JUN 1      0                         5     -5        0
  SINCE JUL 1      0                         0      0        0

 COOLING
  TODAY           11                        16     -5       11
  MONTH TO DATE   77                       112    -35      134
  SINCE JUN 1    943                       903     40     1052
  SINCE JAN 1   1150                      1083     67     1166
..................................................................


WIND (MPH)
  HIGHEST WIND SPEED    13   HIGHEST WIND DIRECTION    NE (30)
  HIGHEST GUST SPEED    16   HIGHEST GUST DIRECTION    NE (30)


SKY COVER
  AVERAGE SKY COVER 0.8


WEATHER CONDITIONS
 THE FOLLOWING WEATHER WAS RECORDED TODAY.
  FOG
  FOG W/VISIBILITY <= 1/4 MILE


RELATIVE HUMIDITY (PERCENT)
 HIGHEST   100          1200 AM
 LOWEST     55           200 PM
 AVERAGE    78

..........................................................


THE JOPLIN MO CLIMATE NORMALS FOR TOMORROW
                         NORMAL    RECORD    YEAR
 MAXIMUM TEMPERATURE (F)   92       106      1970
 MINIMUM TEMPERATURE (F)   70        50      1989


SUNRISE AND SUNSET
AUGUST  7 2017........SUNRISE   628 AM CDT   SUNSET   819 PM CDT
AUGUST  8 2017........SUNRISE   629 AM CDT   SUNSET   818 PM CDT


-  INDICATES NEGATIVE NUMBERS.
R  INDICATES RECORD WAS SET OR TIED.
MM INDICATES DATA IS MISSING.
T  INDICATES TRACE AMOUNT.




$$
