000
CDUS43 KSGF 180630
CLIJLN


CLIMATE REPORT
NATIONAL WEATHER SERVICE SPRINGFIELD MO
130 AM CDT TUE APR 18 2017


...................................

...THE JOPLIN MO CLIMATE SUMMARY FOR APRIL 17 2017...

CLIMATE NORMAL PERIOD 1981 TO 2010
CLIMATE RECORD PERIOD 1902 TO 2017


WEATHER ITEM   OBSERVED TIME   RECORD YEAR NORMAL DEPARTURE LAST
                VALUE   (LST)  VALUE       VALUE  FROM      YEAR
                                                  NORMAL
..................................................................
TEMPERATURE (F)
 YESTERDAY
  MAXIMUM         72    336 PM  91    2006  71      1       76
  MINIMUM         59    627 AM  30    1953  47     12       59
                                      1956
  AVERAGE         66                        59      7       68

PRECIPITATION (IN)
  YESTERDAY        0.04          1.58 1991   0.15  -0.11     0.08
  MONTH TO DATE    2.54                      2.24   0.30     1.03
  SINCE MAR 1      5.24                      5.66  -0.42     3.60
  SINCE JAN 1      9.23                     10.01  -0.78     4.27

DEGREE DAYS
 HEATING
  YESTERDAY        0                         8     -8        0
  MONTH TO DATE   85                       165    -80      121
  SINCE MAR 1    465                       673   -208      483
  SINCE JUL 1   3017                      3927   -910     3233

 COOLING
  YESTERDAY        1                         2     -1        3
  MONTH TO DATE   33                        18     15        7
  SINCE MAR 1     50                        27     23       10
  SINCE JAN 1     60                        28     32       11
..................................................................


WIND (MPH)
  HIGHEST WIND SPEED    13   HIGHEST WIND DIRECTION    SE (130)
  HIGHEST GUST SPEED    17   HIGHEST GUST DIRECTION    SE (130)
  AVERAGE WIND SPEED     4.4


SKY COVER
  AVERAGE SKY COVER 0.6


WEATHER CONDITIONS
 THE FOLLOWING WEATHER WAS RECORDED YESTERDAY.
  THUNDERSTORM
  RAIN
  LIGHT RAIN
  FOG


RELATIVE HUMIDITY (PERCENT)
 HIGHEST   100           200 AM
 LOWEST     68           500 PM
 AVERAGE    84

..........................................................


THE JOPLIN MO CLIMATE NORMALS FOR TODAY
                         NORMAL    RECORD    YEAR
 MAXIMUM TEMPERATURE (F)   71        95      2006
 MINIMUM TEMPERATURE (F)   48        28      1953


SUNRISE AND SUNSET
APRIL 18 2017.........SUNRISE   639 AM CDT   SUNSET   756 PM CDT
APRIL 19 2017.........SUNRISE   638 AM CDT   SUNSET   757 PM CDT


-  INDICATES NEGATIVE NUMBERS.
R  INDICATES RECORD WAS SET OR TIED.
MM INDICATES DATA IS MISSING.
T  INDICATES TRACE AMOUNT.




$$
