000
CDUS43 KSGF 150628
CLIJLN


CLIMATE REPORT
NATIONAL WEATHER SERVICE SPRINGFIELD MO
127 AM CDT WED OCT 15 2014


...................................

...THE JOPLIN MO CLIMATE SUMMARY FOR OCTOBER 14 2014...

CLIMATE NORMAL PERIOD 1981 TO 2010
CLIMATE RECORD PERIOD 1902 TO 2014


WEATHER ITEM   OBSERVED TIME   RECORD YEAR NORMAL DEPARTURE LAST
                VALUE   (LST)  VALUE       VALUE  FROM      YEAR
                                                  NORMAL
..................................................................
TEMPERATURE (F)
 YESTERDAY
  MAXIMUM         66    338 PM  90    1963  72     -6       64
  MINIMUM         48   1159 PM  32    2002  49     -1       57
  AVERAGE         57                        60     -3       61

PRECIPITATION (IN)
  YESTERDAY        T             1.10 1985   0.13  -0.13     0.15
  MONTH TO DATE    7.59                      1.84   5.75     0.94
  SINCE SEP 1     12.12                      6.79   5.33     0.94
  SINCE JAN 1     27.56                     37.76 -10.20    36.40

DEGREE DAYS
 HEATING
  YESTERDAY        8                         6      2        4
  MONTH TO DATE   73                        70      3       43
  SINCE SEP 1    100                       111    -11       54
  SINCE JUL 1    101                       112    -11       54

 COOLING
  YESTERDAY        0                         1     -1        0
  MONTH TO DATE   33                        32      1       51
  SINCE SEP 1    229                       247    -18      302
  SINCE JAN 1   1562                      1674   -112     1566
..................................................................


WIND (MPH)
  HIGHEST WIND SPEED    30   HIGHEST WIND DIRECTION    NW (300)
  HIGHEST GUST SPEED    39   HIGHEST GUST DIRECTION    NW (320)
  AVERAGE WIND SPEED    15.5


SKY COVER
  AVERAGE SKY COVER 0.3


WEATHER CONDITIONS
 THE FOLLOWING WEATHER WAS RECORDED YESTERDAY.
  NO SIGNIFICANT WEATHER WAS OBSERVED.


RELATIVE HUMIDITY (PERCENT)
 HIGHEST    83          1200 AM
 LOWEST     37           200 PM
 AVERAGE    60

..........................................................


THE JOPLIN MO CLIMATE NORMALS FOR TODAY
                         NORMAL    RECORD    YEAR
 MAXIMUM TEMPERATURE (F)   72        88      1950
 MINIMUM TEMPERATURE (F)   49        32      1986


SUNRISE AND SUNSET
OCTOBER 15 2014.......SUNRISE   726 AM CDT   SUNSET   641 PM CDT
OCTOBER 16 2014.......SUNRISE   727 AM CDT   SUNSET   640 PM CDT


-  INDICATES NEGATIVE NUMBERS.
R  INDICATES RECORD WAS SET OR TIED.
MM INDICATES DATA IS MISSING.
T  INDICATES TRACE AMOUNT.




$$
