000
CDUS43 KSGF 300630
CLIJLN


CLIMATE REPORT
NATIONAL WEATHER SERVICE SPRINGFIELD MO
130 AM CDT THU JUL 30 2015


...................................

...THE JOPLIN MO CLIMATE SUMMARY FOR JULY 29 2015...

CLIMATE NORMAL PERIOD 1981 TO 2010
CLIMATE RECORD PERIOD 1902 TO 2015


WEATHER ITEM   OBSERVED TIME   RECORD YEAR NORMAL DEPARTURE LAST
                VALUE   (LST)  VALUE       VALUE  FROM      YEAR
                                                  NORMAL
..................................................................
TEMPERATURE (F)
 YESTERDAY
  MAXIMUM         97    149 PM 109    2012  91      6       84
  MINIMUM         72    513 AM  57    1965  70      2       58
                                      1994
  AVERAGE         85                        81      4       71

PRECIPITATION (IN)
  YESTERDAY        0.00          1.43 2013   0.10  -0.10     0.00
  MONTH TO DATE    5.09                      3.61   1.48     0.62
  SINCE JUN 1     12.76                      9.47   3.29     4.55
  SINCE JAN 1     30.47                     27.42   3.05    13.30

DEGREE DAYS
 HEATING
  YESTERDAY        0                         0      0        0
  MONTH TO DATE    0                         0      0        1
  SINCE JUN 1      0                         5     -5        3
  SINCE JUL 1      0                         0      0        1

 COOLING
  YESTERDAY       20                        16      4        6
  MONTH TO DATE  475                       443     32      318
  SINCE JUN 1    860                       761     99      621
  SINCE JAN 1   1004                       941     63      834
..................................................................


WIND (MPH)
  HIGHEST WIND SPEED    16   HIGHEST WIND DIRECTION     N (20)
  HIGHEST GUST SPEED    26   HIGHEST GUST DIRECTION    NE (60)
  AVERAGE WIND SPEED     6.1


SKY COVER
  AVERAGE SKY COVER 0.2


WEATHER CONDITIONS
 THE FOLLOWING WEATHER WAS RECORDED YESTERDAY.
  FOG


RELATIVE HUMIDITY (PERCENT)
 HIGHEST    94           300 AM
 LOWEST     45           200 PM
 AVERAGE    70

..........................................................


THE JOPLIN MO CLIMATE NORMALS FOR TODAY
                         NORMAL    RECORD    YEAR
 MAXIMUM TEMPERATURE (F)   92       107      1986
 MINIMUM TEMPERATURE (F)   70        56      1965
                                             1971
                                             1974


SUNRISE AND SUNSET
JULY 30 2015..........SUNRISE   621 AM CDT   SUNSET   827 PM CDT
JULY 31 2015..........SUNRISE   622 AM CDT   SUNSET   826 PM CDT


-  INDICATES NEGATIVE NUMBERS.
R  INDICATES RECORD WAS SET OR TIED.
MM INDICATES DATA IS MISSING.
T  INDICATES TRACE AMOUNT.




$$
