000
CDUS43 KSGF 270630
CLIJLN


CLIMATE REPORT
NATIONAL WEATHER SERVICE SPRINGFIELD MO
130 AM CDT SAT JUN 27 2015


...................................

...THE JOPLIN MO CLIMATE SUMMARY FOR JUNE 26 2015...

CLIMATE NORMAL PERIOD 1981 TO 2010
CLIMATE RECORD PERIOD 1902 TO 2015


WEATHER ITEM   OBSERVED TIME   RECORD YEAR NORMAL DEPARTURE LAST
                VALUE   (LST)  VALUE       VALUE  FROM      YEAR
                                                  NORMAL
..................................................................
TEMPERATURE (F)
 YESTERDAY
  MAXIMUM         81    521 PM 100    1952  88     -7       87
  MINIMUM         66   1009 PM  50    1958  68     -2       66
  AVERAGE         74                        78     -4       77

PRECIPITATION (IN)
  YESTERDAY        1.41          2.35 1948   0.18   1.23     0.00
  MONTH TO DATE    7.67                      5.19   2.48     3.42
  SINCE JUN 1      7.67                      5.19   2.48     3.42
  SINCE JAN 1     25.38                     23.14   2.24    12.17

DEGREE DAYS
 HEATING
  YESTERDAY        0                         0      0        0
  MONTH TO DATE    0                         2     -2        2
  SINCE JUN 1      0                         2     -2        2
  SINCE JUL 1   4290                      4071    219     4883

 COOLING
  YESTERDAY        9                        13     -4       12
  MONTH TO DATE  341                       264     77      247
  SINCE JUN 1    341                       264     77      247
  SINCE JAN 1    485                       444     41      460
..................................................................


WIND (MPH)
  HIGHEST WIND SPEED    20   HIGHEST WIND DIRECTION     N (10)
  HIGHEST GUST SPEED    26   HIGHEST GUST DIRECTION     E (80)
  AVERAGE WIND SPEED     8.0


SKY COVER
  AVERAGE SKY COVER 0.5


WEATHER CONDITIONS
 THE FOLLOWING WEATHER WAS RECORDED YESTERDAY.
  THUNDERSTORM
  HEAVY RAIN
  RAIN
  LIGHT RAIN
  FOG


RELATIVE HUMIDITY (PERCENT)
 HIGHEST    93          1200 PM
 LOWEST     69           400 PM
 AVERAGE    81

..........................................................


THE JOPLIN MO CLIMATE NORMALS FOR TODAY
                         NORMAL    RECORD    YEAR
 MAXIMUM TEMPERATURE (F)   89       102      1953
 MINIMUM TEMPERATURE (F)   68        52      1968


SUNRISE AND SUNSET
JUNE 27 2015..........SUNRISE   600 AM CDT   SUNSET   842 PM CDT
JUNE 28 2015..........SUNRISE   600 AM CDT   SUNSET   842 PM CDT


-  INDICATES NEGATIVE NUMBERS.
R  INDICATES RECORD WAS SET OR TIED.
MM INDICATES DATA IS MISSING.
T  INDICATES TRACE AMOUNT.




$$
