950
CDUS43 KSGF 072326
CLIJLN


CLIMATE REPORT
NATIONAL WEATHER SERVICE SPRINGFIELD MO
526 PM CST THU DEC 7 2017


...................................

...THE JOPLIN MO CLIMATE SUMMARY FOR DECEMBER 7 2017...
VALID TODAY AS OF 0500 PM LOCAL TIME.

CLIMATE NORMAL PERIOD 1981 TO 2010
CLIMATE RECORD PERIOD 1902 TO 2017


WEATHER ITEM   OBSERVED TIME   RECORD YEAR NORMAL DEPARTURE LAST
                VALUE   (LST)  VALUE       VALUE  FROM      YEAR
                                                  NORMAL
..................................................................
TEMPERATURE (F)
 TODAY
  MAXIMUM         33    350 PM  76    1966  49    -16       36
  MINIMUM         19    734 AM   1    1950  29    -10       21
  AVERAGE         26                        39    -13       29

PRECIPITATION (IN)
  TODAY            0.00          0.65 1986   0.10  -0.10      T
  MONTH TO DATE    0.16                      0.73  -0.57     0.21
  SINCE DEC 1      0.16                      0.73  -0.57     0.21
  SINCE JAN 1     45.16                     44.46   0.70    38.85

DEGREE DAYS
 HEATING
  TODAY           39                        26     13       36
  MONTH TO DATE  134                       174    -40      178
  SINCE DEC 1    134                       174    -40      178
  SINCE JUL 1    779                       931   -152      633

 COOLING
  TODAY            0                         0      0        0
  MONTH TO DATE    0                         0      0        0
  SINCE DEC 1      0                         0      0        0
  SINCE JAN 1   1750                      1698     52     1878
..................................................................


WIND (MPH)
  HIGHEST WIND SPEED    18   HIGHEST WIND DIRECTION     N (340)
  HIGHEST GUST SPEED    26   HIGHEST GUST DIRECTION     N (350)


SKY COVER
  AVERAGE SKY COVER 0.1


WEATHER CONDITIONS
 THE FOLLOWING WEATHER WAS RECORDED TODAY.
  NO SIGNIFICANT WEATHER WAS OBSERVED.


RELATIVE HUMIDITY (PERCENT)
 HIGHEST    84           700 AM
 LOWEST     36           200 PM
 AVERAGE    60

..........................................................


THE JOPLIN MO CLIMATE NORMALS FOR TOMORROW
                         NORMAL    RECORD    YEAR
 MAXIMUM TEMPERATURE (F)   49        73      1991
 MINIMUM TEMPERATURE (F)   29         7      1995
                                             2005
                                             2006


SUNRISE AND SUNSET
DECEMBER  7 2017......SUNRISE   719 AM CST   SUNSET   501 PM CST
DECEMBER  8 2017......SUNRISE   719 AM CST   SUNSET   501 PM CST


-  INDICATES NEGATIVE NUMBERS.
R  INDICATES RECORD WAS SET OR TIED.
MM INDICATES DATA IS MISSING.
T  INDICATES TRACE AMOUNT.




$$
