000
CDUS43 KSGF 062128
CLIJLN


CLIMATE REPORT
NATIONAL WEATHER SERVICE SPRINGFIELD MO
428 PM CDT SUN JUL 6 2014


...................................

...THE JOPLIN MO CLIMATE SUMMARY FOR JULY 6 2014...
VALID AS OF 0400 PM LOCAL TIME.

CLIMATE NORMAL PERIOD 1981 TO 2010
CLIMATE RECORD PERIOD 1902 TO 2014


WEATHER ITEM   OBSERVED TIME   RECORD YEAR NORMAL DEPARTURE LAST
                VALUE   (LST)  VALUE       VALUE  FROM      YEAR
                                                  NORMAL
..................................................................
TEMPERATURE (F)
 TODAY
  MAXIMUM         88    259 PM 102    2012  90     -2       86
                                      1954
  MINIMUM         70    942 AM  53    1972  70      0       67
  AVERAGE         79                        80     -1       77

PRECIPITATION (IN)
  TODAY            0.41          1.55 2010   0.14   0.27     0.03
  MONTH TO DATE    0.41                      0.85  -0.44     0.09
  SINCE JUN 1      4.34                      6.71  -2.37     5.48
  SINCE JAN 1     13.09                     24.66 -11.57    27.87

DEGREE DAYS
 HEATING
  TODAY            0                         0      0        0
  MONTH TO DATE    0                         0      0        0
  SINCE JUN 1      2                         5     -3       12
  SINCE JUL 1      0                         0      0        0

 COOLING
  TODAY           14                        15     -1       12
  MONTH TO DATE   51                        86    -35       46
  SINCE JUN 1    354                       404    -50      369
  SINCE JAN 1    567                       584    -17      513
..................................................................


WIND (MPH)
  HIGHEST WIND SPEED    23   HIGHEST WIND DIRECTION     S (190)
  HIGHEST GUST SPEED    28   HIGHEST GUST DIRECTION     S (200)


SKY COVER
  AVERAGE SKY COVER 0.4


WEATHER CONDITIONS
 THE FOLLOWING WEATHER WAS RECORDED TODAY.
  THUNDERSTORM
  HEAVY RAIN
  RAIN
  LIGHT RAIN
  FOG


RELATIVE HUMIDITY (PERCENT)
 HIGHEST    93           900 AM
 LOWEST     63           300 PM
 AVERAGE    78

..........................................................


THE JOPLIN MO CLIMATE NORMALS FOR TOMORROW
                         NORMAL    RECORD    YEAR
 MAXIMUM TEMPERATURE (F)   90       102      2012
 MINIMUM TEMPERATURE (F)   70        58      1952


SUNRISE AND SUNSET
JULY  6 2014..........SUNRISE   604 AM CDT   SUNSET   841 PM CDT
JULY  7 2014..........SUNRISE   605 AM CDT   SUNSET   841 PM CDT


-  INDICATES NEGATIVE NUMBERS.
R  INDICATES RECORD WAS SET OR TIED.
MM INDICATES DATA IS MISSING.
T  INDICATES TRACE AMOUNT.




$$
