000
CDUS43 KSGF 062326
CLIJLN


CLIMATE REPORT
NATIONAL WEATHER SERVICE SPRINGFIELD MO
525 PM CST FRI JAN 6 2017


...................................

...THE JOPLIN MO CLIMATE SUMMARY FOR JANUARY 6 2017...
VALID TODAY AS OF 0500 PM LOCAL TIME.

CLIMATE NORMAL PERIOD 1981 TO 2010
CLIMATE RECORD PERIOD 1902 TO 2017


WEATHER ITEM   OBSERVED TIME   RECORD YEAR NORMAL DEPARTURE LAST
                VALUE   (LST)  VALUE       VALUE  FROM      YEAR
                                                  NORMAL
..................................................................
TEMPERATURE (F)
 TODAY
  MAXIMUM         18    343 PM  74    2008  44    -26       46
  MINIMUM          9    754 AM  -9    2014  25    -16       31
  AVERAGE         14                        35    -21       39

PRECIPITATION (IN)
  TODAY            0.00          0.47 1998   0.07  -0.07      T
  MONTH TO DATE    0.04                      0.43  -0.39      T
  SINCE DEC 1      0.63                      3.25  -2.62     9.77
  SINCE JAN 1      0.04                      0.43  -0.39      T

DEGREE DAYS
 HEATING
  TODAY           51                        30     21       26
  MONTH TO DATE  204                       180     24      150
  SINCE DEC 1   1081                      1040     41      787
  SINCE JUL 1   1536                      1797   -261     1405

 COOLING
  TODAY            0                         0      0        0
  MONTH TO DATE    0                         0      0        0
  SINCE DEC 1      0                         0      0        3
  SINCE JAN 1      0                         0      0        0
..................................................................


WIND (MPH)
  HIGHEST WIND SPEED    14   HIGHEST WIND DIRECTION     N (360)
  HIGHEST GUST SPEED    19   HIGHEST GUST DIRECTION     N (360)


SKY COVER
  AVERAGE SKY COVER 0.2


WEATHER CONDITIONS
 THE FOLLOWING WEATHER WAS RECORDED TODAY.
  NO SIGNIFICANT WEATHER WAS OBSERVED.


RELATIVE HUMIDITY (PERCENT)
 HIGHEST    73           700 AM
 LOWEST     53          1200 PM
 AVERAGE    63

..........................................................


THE JOPLIN MO CLIMATE NORMALS FOR TOMORROW
                         NORMAL    RECORD    YEAR
 MAXIMUM TEMPERATURE (F)   44        73      1965
 MINIMUM TEMPERATURE (F)   25        -6      1968


SUNRISE AND SUNSET
JANUARY  6 2017.......SUNRISE   732 AM CST   SUNSET   516 PM CST
JANUARY  7 2017.......SUNRISE   732 AM CST   SUNSET   517 PM CST


-  INDICATES NEGATIVE NUMBERS.
R  INDICATES RECORD WAS SET OR TIED.
MM INDICATES DATA IS MISSING.
T  INDICATES TRACE AMOUNT.




$$
