000
CDUS43 KSGF 242227
CLIJLN


CLIMATE REPORT
NATIONAL WEATHER SERVICE SPRINGFIELD MO
527 PM CDT WED JUN 24 2015


...................................

...THE JOPLIN MO CLIMATE SUMMARY FOR JUNE 24 2015...
VALID TODAY AS OF 0500 PM LOCAL TIME.

CLIMATE NORMAL PERIOD 1981 TO 2010
CLIMATE RECORD PERIOD 1902 TO 2015


WEATHER ITEM   OBSERVED TIME   RECORD YEAR NORMAL DEPARTURE LAST
                VALUE   (LST)  VALUE       VALUE  FROM      YEAR
                                                  NORMAL
..................................................................
TEMPERATURE (F)
 TODAY
  MAXIMUM         92    356 PM 100    1954  88      4       87
  MINIMUM         73    456 AM  51    1961  68      5       64
  AVERAGE         83                        78      5       76

PRECIPITATION (IN)
  TODAY            0.00          2.02 1968   0.19  -0.19     0.00
  MONTH TO DATE    6.26                      4.84   1.42     3.42
  SINCE JUN 1      6.26                      4.84   1.42     3.42
  SINCE JAN 1     23.97                     22.79   1.18    12.17

DEGREE DAYS
 HEATING
  TODAY            0                         0      0        0
  MONTH TO DATE    0                         2     -2        2
  SINCE JUN 1      0                         2     -2        2
  SINCE JUL 1   4290                      4071    219     4883

 COOLING
  TODAY           18                        13      5       11
  MONTH TO DATE  312                       238     74      224
  SINCE JUN 1    312                       238     74      224
  SINCE JAN 1    456                       418     38      437
..................................................................


WIND (MPH)
  HIGHEST WIND SPEED    18   HIGHEST WIND DIRECTION    SW (210)
  HIGHEST GUST SPEED    23   HIGHEST GUST DIRECTION    SW (240)


SKY COVER
  AVERAGE SKY COVER 0.0


WEATHER CONDITIONS
 THE FOLLOWING WEATHER WAS RECORDED TODAY.
  NO SIGNIFICANT WEATHER WAS OBSERVED.


RELATIVE HUMIDITY (PERCENT)
 HIGHEST    93           300 AM
 LOWEST     52           300 PM
 AVERAGE    73

..........................................................


THE JOPLIN MO CLIMATE NORMALS FOR TOMORROW
                         NORMAL    RECORD    YEAR
 MAXIMUM TEMPERATURE (F)   88       101      2012
 MINIMUM TEMPERATURE (F)   68        50      1974


SUNRISE AND SUNSET
JUNE 24 2015..........SUNRISE   559 AM CDT   SUNSET   842 PM CDT
JUNE 25 2015..........SUNRISE   559 AM CDT   SUNSET   842 PM CDT


-  INDICATES NEGATIVE NUMBERS.
R  INDICATES RECORD WAS SET OR TIED.
MM INDICATES DATA IS MISSING.
T  INDICATES TRACE AMOUNT.




$$
