138
CDUS43 KSGF 090627
CLIJLN


CLIMATE REPORT
NATIONAL WEATHER SERVICE SPRINGFIELD MO
1227 AM CST TUE FEB 9 2016


...................................

...THE JOPLIN MO CLIMATE SUMMARY FOR FEBRUARY 8 2016...

CLIMATE NORMAL PERIOD 1981 TO 2010
CLIMATE RECORD PERIOD 1902 TO 2016


WEATHER ITEM   OBSERVED TIME   RECORD YEAR NORMAL DEPARTURE LAST
                VALUE   (LST)  VALUE       VALUE  FROM      YEAR
                                                  NORMAL
..................................................................
TEMPERATURE (F)
 YESTERDAY
  MAXIMUM         40    350 PM  73    2015  49     -9       73
                                      1999
  MINIMUM         28   1135 PM  -5    1971  27      1       49
  AVERAGE         34                        38     -4       61

PRECIPITATION (IN)
  YESTERDAY        T             1.05 1980   0.08  -0.08     0.00
  MONTH TO DATE    0.11                      0.55  -0.44     0.39
  SINCE DEC 1     10.18                      5.40   4.78     2.93
  SINCE JAN 1      0.41                      2.58  -2.17     1.09

DEGREE DAYS
 HEATING
  YESTERDAY       31                        27      4        4
  MONTH TO DATE  200                       223    -23      212
  SINCE DEC 1   1717                      2015   -298     1898
  SINCE JUL 1   2335                      2772   -437     2811

 COOLING
  YESTERDAY        0                         0      0        0
  MONTH TO DATE    0                         0      0        0
  SINCE DEC 1      3                         0      3        0
  SINCE JAN 1      0                         0      0        0
..................................................................


WIND (MPH)
  HIGHEST WIND SPEED    32   HIGHEST WIND DIRECTION    NW (310)
  HIGHEST GUST SPEED    43   HIGHEST GUST DIRECTION    NW (330)
  AVERAGE WIND SPEED    16.9


SKY COVER
  AVERAGE SKY COVER 0.6


WEATHER CONDITIONS
 THE FOLLOWING WEATHER WAS RECORDED YESTERDAY.
  LIGHT SNOW


RELATIVE HUMIDITY (PERCENT)
 HIGHEST    61           400 AM
 LOWEST     37           400 PM
 AVERAGE    49

..........................................................


THE JOPLIN MO CLIMATE NORMALS FOR TODAY
                         NORMAL    RECORD    YEAR
 MAXIMUM TEMPERATURE (F)   49        73      2000
                                             1996
 MINIMUM TEMPERATURE (F)   28       -12      1979


SUNRISE AND SUNSET
FEBRUARY  9 2016......SUNRISE   714 AM CST   SUNSET   551 PM CST
FEBRUARY 10 2016......SUNRISE   713 AM CST   SUNSET   552 PM CST


-  INDICATES NEGATIVE NUMBERS.
R  INDICATES RECORD WAS SET OR TIED.
MM INDICATES DATA IS MISSING.
T  INDICATES TRACE AMOUNT.




$$
