000
CDUS43 KSGF 260631
CLIJLN


CLIMATE REPORT
NATIONAL WEATHER SERVICE SPRINGFIELD MO
1228 AM CST SAT NOV 26 2016


...................................

...THE JOPLIN MO CLIMATE SUMMARY FOR NOVEMBER 25 2016...

CLIMATE NORMAL PERIOD 1981 TO 2010
CLIMATE RECORD PERIOD 1902 TO 2016


WEATHER ITEM   OBSERVED TIME   RECORD YEAR NORMAL DEPARTURE LAST
                VALUE   (LST)  VALUE       VALUE  FROM      YEAR
                                                  NORMAL
..................................................................
TEMPERATURE (F)
 YESTERDAY
  MAXIMUM         50    407 PM  78    1965  54     -4       63
  MINIMUM         32   1109 PM  14    1950  34     -2       54
  AVERAGE         41                        44     -3       59

PRECIPITATION (IN)
  YESTERDAY        0.00          0.96 1952   0.13  -0.13     0.00
  MONTH TO DATE    0.87                      3.19  -2.32     4.82
  SINCE SEP 1      8.86                     12.17  -3.31     6.64
  SINCE JAN 1     38.64                     43.14  -4.50    45.34

DEGREE DAYS
 HEATING
  YESTERDAY       24                        21      3        6
  MONTH TO DATE  264                       393   -129      312
  SINCE SEP 1    366                       644   -278      500
  SINCE JUL 1    366                       645   -279      501

 COOLING
  YESTERDAY        0                         0      0        0
  MONTH TO DATE   27                         5     22        2
  SINCE SEP 1    391                       269    122      317
  SINCE JAN 1   1878                      1696    182     1703
..................................................................


WIND (MPH)
  HIGHEST WIND SPEED    10   HIGHEST WIND DIRECTION    NW (330)
  HIGHEST GUST SPEED    17   HIGHEST GUST DIRECTION    SW (230)
  AVERAGE WIND SPEED     3.1


SKY COVER
  AVERAGE SKY COVER 0.3


WEATHER CONDITIONS
 THE FOLLOWING WEATHER WAS RECORDED YESTERDAY.
  FOG


RELATIVE HUMIDITY (PERCENT)
 HIGHEST   100           100 AM
 LOWEST     61           400 PM
 AVERAGE    81

..........................................................


THE JOPLIN MO CLIMATE NORMALS FOR TODAY
                         NORMAL    RECORD    YEAR
 MAXIMUM TEMPERATURE (F)   54        78      1990
 MINIMUM TEMPERATURE (F)   33        11      1975
                                             1977


SUNRISE AND SUNSET
NOVEMBER 26 2016......SUNRISE   709 AM CST   SUNSET   502 PM CST
NOVEMBER 27 2016......SUNRISE   710 AM CST   SUNSET   502 PM CST


-  INDICATES NEGATIVE NUMBERS.
R  INDICATES RECORD WAS SET OR TIED.
MM INDICATES DATA IS MISSING.
T  INDICATES TRACE AMOUNT.




$$
