207
CDUS43 KSGF 220704
CLIJLN


CLIMATE REPORT
NATIONAL WEATHER SERVICE SPRINGFIELD MO
204 AM CDT SUN MAY 22 2016


...................................

...THE JOPLIN MO CLIMATE SUMMARY FOR MAY 21 2016...

CLIMATE NORMAL PERIOD 1981 TO 2010
CLIMATE RECORD PERIOD 1902 TO 2016


WEATHER ITEM   OBSERVED TIME   RECORD YEAR NORMAL DEPARTURE LAST
                VALUE   (LST)  VALUE       VALUE  FROM      YEAR
                                                  NORMAL
..................................................................
TEMPERATURE (F)
 YESTERDAY
  MAXIMUM         76    254 PM  91    1987  79     -3       66
  MINIMUM         48    508 AM  40    1968  58    -10       45
  AVERAGE         62                        68     -6       56

PRECIPITATION (IN)
  YESTERDAY        0.00          1.25 1951   0.19  -0.19     0.00
  MONTH TO DATE    4.30                      3.96   0.34     5.89
  SINCE MAR 1     11.42                     11.85  -0.43    11.67
  SINCE JAN 1     12.09                     16.20  -4.11    13.19

DEGREE DAYS
 HEATING
  YESTERDAY        3                         1      2        9
  MONTH TO DATE  123                        56     67       53
  SINCE MAR 1    639                       805   -166      740
  SINCE JUL 1   3389                      4059   -670     4276

 COOLING
  YESTERDAY        0                         5     -5        0
  MONTH TO DATE   24                        69    -45       77
  SINCE MAR 1     46                       122    -76      112
  SINCE JAN 1     47                       123    -76      112
..................................................................


WIND (MPH)
  HIGHEST WIND SPEED    10   HIGHEST WIND DIRECTION     E (90)
  HIGHEST GUST SPEED    15   HIGHEST GUST DIRECTION     E (90)
  AVERAGE WIND SPEED     4.8


SKY COVER
  AVERAGE SKY COVER 0.5


WEATHER CONDITIONS
 THE FOLLOWING WEATHER WAS RECORDED YESTERDAY.
  FOG
  FOG W/VISIBILITY <= 1/4 MILE


RELATIVE HUMIDITY (PERCENT)
 HIGHEST   100           100 AM
 LOWEST     50           300 PM
 AVERAGE    75

..........................................................


THE JOPLIN MO CLIMATE NORMALS FOR TODAY
                         NORMAL    RECORD    YEAR
 MAXIMUM TEMPERATURE (F)   79        93      1953
 MINIMUM TEMPERATURE (F)   58        44      2015
                                             2001


SUNRISE AND SUNSET
MAY 22 2016...........SUNRISE   604 AM CDT   SUNSET   826 PM CDT
MAY 23 2016...........SUNRISE   604 AM CDT   SUNSET   827 PM CDT


-  INDICATES NEGATIVE NUMBERS.
R  INDICATES RECORD WAS SET OR TIED.
MM INDICATES DATA IS MISSING.
T  INDICATES TRACE AMOUNT.




$$
