000
CDUS43 KSGF 110633
CLIJLN


CLIMATE REPORT
NATIONAL WEATHER SERVICE SPRINGFIELD MO
1233 AM CST SAT FEB 11 2017


...................................

...THE JOPLIN MO CLIMATE SUMMARY FOR FEBRUARY 10 2017...

CLIMATE NORMAL PERIOD 1981 TO 2010
CLIMATE RECORD PERIOD 1902 TO 2017


WEATHER ITEM   OBSERVED TIME   RECORD YEAR NORMAL DEPARTURE LAST
                VALUE   (LST)  VALUE       VALUE  FROM      YEAR
                                                  NORMAL
..................................................................
TEMPERATURE (F)
 YESTERDAY
  MAXIMUM         71    409 PM  77    1999  49     22       52
  MINIMUM         42   1251 AM  -9    2011  28     14       17
  AVERAGE         57                        38     19       35

PRECIPITATION (IN)
  YESTERDAY        0.00          0.83 2009   0.08  -0.08     0.00
  MONTH TO DATE    T                         0.72  -0.72     0.11
  SINCE DEC 1      4.24                      5.57  -1.33    10.18
  SINCE JAN 1      3.65                      2.75   0.90     0.41

DEGREE DAYS
 HEATING
  YESTERDAY        8                        27    -19       30
  MONTH TO DATE  227                       277    -50      266
  SINCE DEC 1   1884                      2069   -185     1783
  SINCE JUL 1   2339                      2826   -487     2401

 COOLING
  YESTERDAY        0                         0      0        0
  MONTH TO DATE    0                         0      0        0
  SINCE DEC 1      0                         0      0        3
  SINCE JAN 1      0                         0      0        0
..................................................................


WIND (MPH)
  HIGHEST WIND SPEED    39   HIGHEST WIND DIRECTION    SW (210)
  HIGHEST GUST SPEED    50   HIGHEST GUST DIRECTION    SW (210)
  AVERAGE WIND SPEED    19.6


SKY COVER
  AVERAGE SKY COVER 0.0


WEATHER CONDITIONS
 THE FOLLOWING WEATHER WAS RECORDED YESTERDAY.
  NO SIGNIFICANT WEATHER WAS OBSERVED.


RELATIVE HUMIDITY (PERCENT)
 HIGHEST    72          1100 PM
 LOWEST     32           200 PM
 AVERAGE    52

..........................................................


THE JOPLIN MO CLIMATE NORMALS FOR TODAY
                         NORMAL    RECORD    YEAR
 MAXIMUM TEMPERATURE (F)   49        72      1951
 MINIMUM TEMPERATURE (F)   28        -8      1981


SUNRISE AND SUNSET
FEBRUARY 11 2017......SUNRISE   711 AM CST   SUNSET   554 PM CST
FEBRUARY 12 2017......SUNRISE   710 AM CST   SUNSET   555 PM CST


-  INDICATES NEGATIVE NUMBERS.
R  INDICATES RECORD WAS SET OR TIED.
MM INDICATES DATA IS MISSING.
T  INDICATES TRACE AMOUNT.




$$
