000
CDUS43 KSGF 150626
CLIJLN


CLIMATE REPORT
NATIONAL WEATHER SERVICE SPRINGFIELD MO
1226 AM CST MON DEC 15 2014


...................................

...THE JOPLIN MO CLIMATE SUMMARY FOR DECEMBER 14 2014...

CLIMATE NORMAL PERIOD 1981 TO 2010
CLIMATE RECORD PERIOD 1902 TO 2014


WEATHER ITEM   OBSERVED TIME   RECORD YEAR NORMAL DEPARTURE LAST
                VALUE   (LST)  VALUE       VALUE  FROM      YEAR
                                                  NORMAL
..................................................................
TEMPERATURE (F)
 YESTERDAY
  MAXIMUM         65    353 PM  71    2008  47     18       36
  MINIMUM         53    343 AM   2    1963  28     25       19
                                      1985
  AVERAGE         59                        37     22       28

PRECIPITATION (IN)
  YESTERDAY        0.70          2.72 1971   0.10   0.60     0.04
  MONTH TO DATE    1.22                      1.40  -0.18     0.48
  SINCE DEC 1      1.22                      1.40  -0.18     0.48
  SINCE JAN 1     31.09                     45.13 -14.04    43.08

DEGREE DAYS
 HEATING
  YESTERDAY        6                        28    -22       37
  MONTH TO DATE  300                       363    -63      498
  SINCE DEC 1    300                       363    -63      498
  SINCE JUL 1   1213                      1120     93     1386

 COOLING
  YESTERDAY        0                         0      0        0
  MONTH TO DATE    0                         0      0        0
  SINCE DEC 1      0                         0      0        0
  SINCE JAN 1   1583                      1698   -115     1568
..................................................................


WIND (MPH)
  HIGHEST WIND SPEED    23   HIGHEST WIND DIRECTION    SW (240)
  HIGHEST GUST SPEED    29   HIGHEST GUST DIRECTION     S (160)
  AVERAGE WIND SPEED    13.2


SKY COVER
  AVERAGE SKY COVER 0.8


WEATHER CONDITIONS
 THE FOLLOWING WEATHER WAS RECORDED YESTERDAY.
  THUNDERSTORM
  HEAVY RAIN
  RAIN
  LIGHT RAIN
  FOG


RELATIVE HUMIDITY (PERCENT)
 HIGHEST   100          1100 PM
 LOWEST     63           300 PM
 AVERAGE    82

..........................................................


THE JOPLIN MO CLIMATE NORMALS FOR TODAY
                         NORMAL    RECORD    YEAR
 MAXIMUM TEMPERATURE (F)   47        74      1984
 MINIMUM TEMPERATURE (F)   27        -8      1989


SUNRISE AND SUNSET
DECEMBER 15 2014......SUNRISE   724 AM CST   SUNSET   502 PM CST
DECEMBER 16 2014......SUNRISE   725 AM CST   SUNSET   502 PM CST


-  INDICATES NEGATIVE NUMBERS.
R  INDICATES RECORD WAS SET OR TIED.
MM INDICATES DATA IS MISSING.
T  INDICATES TRACE AMOUNT.




$$
