000
CDUS43 KSGF 100645
CLIJLN


CLIMATE REPORT
NATIONAL WEATHER SERVICE SPRINGFIELD MO
1245 AM CST FRI NOV 10 2017


...................................

...THE JOPLIN MO CLIMATE SUMMARY FOR NOVEMBER 9 2017...

CLIMATE NORMAL PERIOD 1981 TO 2010
CLIMATE RECORD PERIOD 1902 TO 2017


WEATHER ITEM   OBSERVED TIME   RECORD YEAR NORMAL DEPARTURE LAST
                VALUE   (LST)  VALUE       VALUE  FROM      YEAR
                                                  NORMAL
..................................................................
TEMPERATURE (F)
 YESTERDAY
  MAXIMUM         58    237 PM  87    2006  62     -4       62
  MINIMUM         28    332 AM  21    1991  41    -13       40
  AVERAGE         43                        52     -9       51

PRECIPITATION (IN)
  YESTERDAY        0.00          0.87 1994   0.13  -0.13     0.00
  MONTH TO DATE    T                         1.18  -1.18     0.74
  SINCE SEP 1      5.80                     10.16  -4.36     8.73
  SINCE JAN 1     44.48                     41.13   3.35    38.51

DEGREE DAYS
 HEATING
  YESTERDAY       22                        14      8       14
  MONTH TO DATE  119                       111      8       46
  SINCE SEP 1    350                       362    -12      148
  SINCE JUL 1    350                       363    -13      148

 COOLING
  YESTERDAY        0                         0      0        0
  MONTH TO DATE    1                         5     -4       20
  SINCE SEP 1    318                       269     49      384
  SINCE JAN 1   1750                      1696     54     1871
..................................................................


WIND (MPH)
  HIGHEST WIND SPEED    10   HIGHEST WIND DIRECTION    NE (40)
  HIGHEST GUST SPEED    16   HIGHEST GUST DIRECTION    NE (50)
  AVERAGE WIND SPEED     5.4


SKY COVER
  AVERAGE SKY COVER 0.0


WEATHER CONDITIONS
 THE FOLLOWING WEATHER WAS RECORDED YESTERDAY.
  FOG


RELATIVE HUMIDITY (PERCENT)
 HIGHEST   100          1200 AM
 LOWEST     40           300 PM
 AVERAGE    70

..........................................................


THE JOPLIN MO CLIMATE NORMALS FOR TODAY
                         NORMAL    RECORD    YEAR
 MAXIMUM TEMPERATURE (F)   62        79      1949
                                             1964
 MINIMUM TEMPERATURE (F)   40        19      1960


SUNRISE AND SUNSET
NOVEMBER 10 2017......SUNRISE   652 AM CST   SUNSET   512 PM CST
NOVEMBER 11 2017......SUNRISE   653 AM CST   SUNSET   511 PM CST


-  INDICATES NEGATIVE NUMBERS.
R  INDICATES RECORD WAS SET OR TIED.
MM INDICATES DATA IS MISSING.
T  INDICATES TRACE AMOUNT.




$$
