000
CDUS43 KSGF 172233
CLIJLN


CLIMATE REPORT
NATIONAL WEATHER SERVICE SPRINGFIELD MO
533 PM CDT WED MAY 17 2017


...................................

...THE JOPLIN MO CLIMATE SUMMARY FOR MAY 17 2017...
VALID TODAY AS OF 0500 PM LOCAL TIME.

CLIMATE NORMAL PERIOD 1981 TO 2010
CLIMATE RECORD PERIOD 1902 TO 2017


WEATHER ITEM   OBSERVED TIME   RECORD YEAR NORMAL DEPARTURE LAST
                VALUE   (LST)  VALUE       VALUE  FROM      YEAR
                                                  NORMAL
..................................................................
TEMPERATURE (F)
 TODAY
  MAXIMUM         83    355 PM  89    1996  78      5       56
                                      2001
  MINIMUM         65    637 AM  40    2011  57      8       51
                                      1973
  AVERAGE         74                        67      7       54

PRECIPITATION (IN)
  TODAY            0.02          1.82 2002   0.18  -0.16     1.09
  MONTH TO DATE    3.59                      3.22   0.37     4.11
  SINCE MAR 1     17.53                     11.11   6.42    11.23
  SINCE JAN 1     21.52                     15.46   6.06    11.90

DEGREE DAYS
 HEATING
  TODAY            0                         2     -2       11
  MONTH TO DATE   44                        49     -5       99
  SINCE MAR 1    599                       798   -199      615
  SINCE JUL 1   3151                      4052   -901     3365

 COOLING
  TODAY            9                         4      5        0
  MONTH TO DATE   68                        52     16       24
  SINCE MAR 1    132                       105     27       46
  SINCE JAN 1    142                       106     36       47
..................................................................


WIND (MPH)
  HIGHEST WIND SPEED    44   HIGHEST WIND DIRECTION     S (200)
  HIGHEST GUST SPEED    55   HIGHEST GUST DIRECTION     S (200)


SKY COVER
  AVERAGE SKY COVER 0.4


WEATHER CONDITIONS
 THE FOLLOWING WEATHER WAS RECORDED TODAY.
  LIGHT RAIN
  FOG


RELATIVE HUMIDITY (PERCENT)
 HIGHEST    78           800 AM
 LOWEST     37           400 PM
 AVERAGE    58

..........................................................


THE JOPLIN MO CLIMATE NORMALS FOR TOMORROW
                         NORMAL    RECORD    YEAR
 MAXIMUM TEMPERATURE (F)   78        90      1987
 MINIMUM TEMPERATURE (F)   57        39      2002


SUNRISE AND SUNSET
MAY 17 2017...........SUNRISE   608 AM CDT   SUNSET   821 PM CDT
MAY 18 2017...........SUNRISE   607 AM CDT   SUNSET   822 PM CDT


-  INDICATES NEGATIVE NUMBERS.
R  INDICATES RECORD WAS SET OR TIED.
MM INDICATES DATA IS MISSING.
T  INDICATES TRACE AMOUNT.




$$
