000
CDUS43 KSGF 272239
CLIJLN


CLIMATE REPORT
NATIONAL WEATHER SERVICE SPRINGFIELD MO
438 PM CST FRI FEB 27 2015


...................................

...THE JOPLIN MO CLIMATE SUMMARY FOR FEBRUARY 27 2015...
VALID AS OF 0400 PM LOCAL TIME.

CLIMATE NORMAL PERIOD 1981 TO 2010
CLIMATE RECORD PERIOD 1902 TO 2015


WEATHER ITEM   OBSERVED TIME   RECORD YEAR NORMAL DEPARTURE LAST
                VALUE   (LST)  VALUE       VALUE  FROM      YEAR
                                                  NORMAL
..................................................................
TEMPERATURE (F)
 TODAY
  MAXIMUM         22    359 PM  76    1976  54    -32       45
  MINIMUM          8R   718 AM  11    2002  33    -25       19
  AVERAGE         15                        44    -29       32

PRECIPITATION (IN)
  TODAY            0.00          0.88 1987   0.09  -0.09     0.00
  MONTH TO DATE    0.50                      2.22  -1.72     0.24
  SINCE DEC 1      3.04                      7.07  -4.03     2.21
  SINCE JAN 1      1.20                      4.25  -3.05     0.83

DEGREE DAYS
 HEATING
  TODAY           50                        21     29       33
  MONTH TO DATE  895                       683    212      889
  SINCE DEC 1   2581                      2475    106     2933
  SINCE JUL 1   3494                      3232    262     3821

 COOLING
  TODAY            0                         0      0        0
  MONTH TO DATE    0                         0      0        0
  SINCE DEC 1      0                         0      0        0
  SINCE JAN 1      0                         0      0        0
..................................................................


WIND (MPH)
  HIGHEST WIND SPEED    13   HIGHEST WIND DIRECTION    NE (40)
  HIGHEST GUST SPEED    17   HIGHEST GUST DIRECTION    NE (50)


SKY COVER
  AVERAGE SKY COVER 0.5


WEATHER CONDITIONS
 THE FOLLOWING WEATHER WAS RECORDED TODAY.
  NO SIGNIFICANT WEATHER WAS OBSERVED.


RELATIVE HUMIDITY (PERCENT)
 HIGHEST    73           300 AM
 LOWEST     41           300 PM
 AVERAGE    57

..........................................................


THE JOPLIN MO CLIMATE NORMALS FOR TOMORROW
                         NORMAL    RECORD    YEAR
 MAXIMUM TEMPERATURE (F)   55        78      1972
                                             2006
 MINIMUM TEMPERATURE (F)   33         2      1962


SUNRISE AND SUNSET
FEBRUARY 27 2015......SUNRISE   652 AM CST   SUNSET   610 PM CST
FEBRUARY 28 2015......SUNRISE   651 AM CST   SUNSET   611 PM CST


-  INDICATES NEGATIVE NUMBERS.
R  INDICATES RECORD WAS SET OR TIED.
MM INDICATES DATA IS MISSING.
T  INDICATES TRACE AMOUNT.




$$
