000
CDUS43 KSGF 190627
CLIJLN


CLIMATE REPORT
NATIONAL WEATHER SERVICE SPRINGFIELD MO
1226 AM CST MON FEB 19 2018


...................................

...THE JOPLIN MO CLIMATE SUMMARY FOR FEBRUARY 18 2018...

CLIMATE NORMAL PERIOD 1981 TO 2010
CLIMATE RECORD PERIOD 1902 TO 2018


WEATHER ITEM   OBSERVED TIME   RECORD YEAR NORMAL DEPARTURE LAST
                VALUE   (LST)  VALUE       VALUE  FROM      YEAR
                                                  NORMAL
..................................................................
TEMPERATURE (F)
 YESTERDAY
  MAXIMUM         59    255 PM  78    1986  52      7       66
  MINIMUM         33    554 AM  -3    1993  30      3       46
  AVERAGE         46                        41      5       56

PRECIPITATION (IN)
  YESTERDAY        0.00          1.84 1974   0.09  -0.09     0.00
  MONTH TO DATE    0.34                      1.40  -1.06     0.13
  SINCE DEC 1      2.18                      6.25  -4.07     4.37
  SINCE JAN 1      0.81                      3.43  -2.62     3.78

DEGREE DAYS
 HEATING
  YESTERDAY       19                        24     -5        9
  MONTH TO DATE  524                       479     45      337
  SINCE DEC 1   2348                      2271     77     1994
  SINCE JUL 1   2993                      3028    -35     2449

 COOLING
  YESTERDAY        0                         0      0        0
  MONTH TO DATE    0                         0      0        3
  SINCE DEC 1      0                         0      0        3
  SINCE JAN 1      0                         0      0        3
..................................................................


WIND (MPH)
  HIGHEST WIND SPEED    31   HIGHEST WIND DIRECTION     S (190)
  HIGHEST GUST SPEED    47   HIGHEST GUST DIRECTION     S (200)
  AVERAGE WIND SPEED    16.2


SKY COVER
  AVERAGE SKY COVER 0.3


WEATHER CONDITIONS
 THE FOLLOWING WEATHER WAS RECORDED YESTERDAY.
  NO SIGNIFICANT WEATHER WAS OBSERVED.


RELATIVE HUMIDITY (PERCENT)
 HIGHEST    96           600 AM
 LOWEST     36           100 PM
 AVERAGE    66

..........................................................


THE JOPLIN MO CLIMATE NORMALS FOR TODAY
                         NORMAL    RECORD    YEAR
 MAXIMUM TEMPERATURE (F)   52        78      2017
 MINIMUM TEMPERATURE (F)   30        -1      1978


SUNRISE AND SUNSET
FEBRUARY 19 2018......SUNRISE   702 AM CST   SUNSET   602 PM CST
FEBRUARY 20 2018......SUNRISE   701 AM CST   SUNSET   603 PM CST


-  INDICATES NEGATIVE NUMBERS.
R  INDICATES RECORD WAS SET OR TIED.
MM INDICATES DATA IS MISSING.
T  INDICATES TRACE AMOUNT.




$$
