000
CDUS43 KSGF 170627
CLIJLN


CLIMATE REPORT
NATIONAL WEATHER SERVICE SPRINGFIELD MO
126 AM CDT WED AUG 17 2016


...................................

...THE JOPLIN MO CLIMATE SUMMARY FOR AUGUST 16 2016...

CLIMATE NORMAL PERIOD 1981 TO 2010
CLIMATE RECORD PERIOD 1902 TO 2016


WEATHER ITEM   OBSERVED TIME   RECORD YEAR NORMAL DEPARTURE LAST
                VALUE   (LST)  VALUE       VALUE  FROM      YEAR
                                                  NORMAL
..................................................................
TEMPERATURE (F)
 YESTERDAY
  MAXIMUM         87    352 PM 105    1956  92     -5       92
  MINIMUM         61    606 AM  49    1992  69     -8       68
  AVERAGE         74                        80     -6       80

PRECIPITATION (IN)
  YESTERDAY        0.00          1.44 1965   0.10  -0.10     0.00
  MONTH TO DATE    2.67                      1.62   1.05     1.65
  SINCE JUN 1     14.09                     11.29   2.80    14.41
  SINCE JAN 1     28.19                     29.24  -1.05    32.12

DEGREE DAYS
 HEATING
  YESTERDAY        0                         0      0        0
  MONTH TO DATE    0                         0      0        0
  SINCE JUN 1      0                         5     -5        0
  SINCE JUL 1      0                         0      0        0

 COOLING
  YESTERDAY        9                        15     -6       15
  MONTH TO DATE  263                       251     12      233
  SINCE JUN 1   1181                      1042    139     1122
  SINCE JAN 1   1295                      1222     73     1266
..................................................................


WIND (MPH)
  HIGHEST WIND SPEED    10   HIGHEST WIND DIRECTION    SE (150)
  HIGHEST GUST SPEED    14   HIGHEST GUST DIRECTION    SE (150)
  AVERAGE WIND SPEED     2.2


SKY COVER
  AVERAGE SKY COVER 0.2


WEATHER CONDITIONS
 THE FOLLOWING WEATHER WAS RECORDED YESTERDAY.
  FOG
  FOG W/VISIBILITY <= 1/4 MILE


RELATIVE HUMIDITY (PERCENT)
 HIGHEST   100          1200 AM
 LOWEST     45           300 PM
 AVERAGE    73

..........................................................


THE JOPLIN MO CLIMATE NORMALS FOR TODAY
                         NORMAL    RECORD    YEAR
 MAXIMUM TEMPERATURE (F)   91       105      1956
 MINIMUM TEMPERATURE (F)   69        50      1992


SUNRISE AND SUNSET
AUGUST 17 2016........SUNRISE   637 AM CDT   SUNSET   807 PM CDT
AUGUST 18 2016........SUNRISE   637 AM CDT   SUNSET   805 PM CDT


-  INDICATES NEGATIVE NUMBERS.
R  INDICATES RECORD WAS SET OR TIED.
MM INDICATES DATA IS MISSING.
T  INDICATES TRACE AMOUNT.




$$
