522
CDUS43 KSGF 090627
CLIJLN


CLIMATE REPORT
NATIONAL WEATHER SERVICE SPRINGFIELD MO
1227 AM CST SAT DEC 9 2017


...................................

...THE JOPLIN MO CLIMATE SUMMARY FOR DECEMBER 8 2017...

CLIMATE NORMAL PERIOD 1981 TO 2010
CLIMATE RECORD PERIOD 1902 TO 2017


WEATHER ITEM   OBSERVED TIME   RECORD YEAR NORMAL DEPARTURE LAST
                VALUE   (LST)  VALUE       VALUE  FROM      YEAR
                                                  NORMAL
..................................................................
TEMPERATURE (F)
 YESTERDAY
  MAXIMUM         41    318 PM  73    1991  49     -8       30
  MINIMUM         13    604 AM   7    1995  29    -16       14
                                      2005
                                      2006
  AVERAGE         27                        39    -12       22

PRECIPITATION (IN)
  YESTERDAY        0.00          1.54 1980   0.10  -0.10     0.00
  MONTH TO DATE    0.16                      0.83  -0.67     0.21
  SINCE DEC 1      0.16                      0.83  -0.67     0.21
  SINCE JAN 1     45.16                     44.56   0.60    38.85

DEGREE DAYS
 HEATING
  YESTERDAY       38                        26     12       43
  MONTH TO DATE  172                       200    -28      221
  SINCE DEC 1    172                       200    -28      221
  SINCE JUL 1    817                       957   -140      676

 COOLING
  YESTERDAY        0                         0      0        0
  MONTH TO DATE    0                         0      0        0
  SINCE DEC 1      0                         0      0        0
  SINCE JAN 1   1750                      1698     52     1878
..................................................................


WIND (MPH)
  HIGHEST WIND SPEED    16   HIGHEST WIND DIRECTION     S (200)
  HIGHEST GUST SPEED    22   HIGHEST GUST DIRECTION    SW (210)
  AVERAGE WIND SPEED     9.0


SKY COVER
  AVERAGE SKY COVER 0.2


WEATHER CONDITIONS
 THE FOLLOWING WEATHER WAS RECORDED YESTERDAY.
  NO SIGNIFICANT WEATHER WAS OBSERVED.


RELATIVE HUMIDITY (PERCENT)
 HIGHEST    84           800 AM
 LOWEST     37           200 PM
 AVERAGE    61

..........................................................


THE JOPLIN MO CLIMATE NORMALS FOR TODAY
                         NORMAL    RECORD    YEAR
 MAXIMUM TEMPERATURE (F)   48        71      1993
 MINIMUM TEMPERATURE (F)   29         0      1995


SUNRISE AND SUNSET
DECEMBER  9 2017......SUNRISE   720 AM CST   SUNSET   501 PM CST
DECEMBER 10 2017......SUNRISE   721 AM CST   SUNSET   501 PM CST


-  INDICATES NEGATIVE NUMBERS.
R  INDICATES RECORD WAS SET OR TIED.
MM INDICATES DATA IS MISSING.
T  INDICATES TRACE AMOUNT.




$$
