000
CDUS43 KSGF 120627
CLIJLN


CLIMATE REPORT
NATIONAL WEATHER SERVICE SPRINGFIELD MO
127 AM CDT FRI SEP 12 2014


...................................

...THE JOPLIN MO CLIMATE SUMMARY FOR SEPTEMBER 11 2014...

CLIMATE NORMAL PERIOD 1981 TO 2010
CLIMATE RECORD PERIOD 1902 TO 2014


WEATHER ITEM   OBSERVED TIME   RECORD YEAR NORMAL DEPARTURE LAST
                VALUE   (LST)  VALUE       VALUE  FROM      YEAR
                                                  NORMAL
..................................................................
TEMPERATURE (F)
 YESTERDAY
  MAXIMUM         67   1231 AM 100    2000  84    -17       92
  MINIMUM         56   1159 PM  44    1968  61     -5       67
  AVERAGE         62                        73    -11       80

PRECIPITATION (IN)
  YESTERDAY        0.00          1.20 1975   0.17  -0.17     0.00
  MONTH TO DATE    3.05                      1.76   1.29      T
  SINCE SEP 1      3.05                      1.76   1.29      T
  SINCE JAN 1     18.49                     32.73 -14.24    35.46

DEGREE DAYS
 HEATING
  YESTERDAY        3                         0      3        0
  MONTH TO DATE    3                         0      3        0
  SINCE SEP 1      3                         0      3        0
  SINCE JUL 1      4                         1      3        0

 COOLING
  YESTERDAY        0                         8     -8       15
  MONTH TO DATE  110                       110      0      151
  SINCE SEP 1    110                       110      0      151
  SINCE JAN 1   1443                      1537    -94     1415
..................................................................


WIND (MPH)
  HIGHEST WIND SPEED    16   HIGHEST WIND DIRECTION    NE (50)
  HIGHEST GUST SPEED    22   HIGHEST GUST DIRECTION    NE (50)
  AVERAGE WIND SPEED    10.4


SKY COVER
  AVERAGE SKY COVER 1.0


WEATHER CONDITIONS
 THE FOLLOWING WEATHER WAS RECORDED YESTERDAY.
  FOG


RELATIVE HUMIDITY (PERCENT)
 HIGHEST    93           300 AM
 LOWEST     73           100 PM
 AVERAGE    83

..........................................................


THE JOPLIN MO CLIMATE NORMALS FOR TODAY
                         NORMAL    RECORD    YEAR
 MAXIMUM TEMPERATURE (F)   84        97      1956
 MINIMUM TEMPERATURE (F)   61        46      1959


SUNRISE AND SUNSET
SEPTEMBER 12 2014.....SUNRISE   658 AM CDT   SUNSET   730 PM CDT
SEPTEMBER 13 2014.....SUNRISE   658 AM CDT   SUNSET   729 PM CDT


-  INDICATES NEGATIVE NUMBERS.
R  INDICATES RECORD WAS SET OR TIED.
MM INDICATES DATA IS MISSING.
T  INDICATES TRACE AMOUNT.




$$
