000
CDUS43 KSGF 090641
CLIJLN


CLIMATE REPORT
NATIONAL WEATHER SERVICE SPRINGFIELD MO
1240 AM CST THU FEB 9 2017


...................................

...THE JOPLIN MO CLIMATE SUMMARY FOR FEBRUARY 8 2017...

CLIMATE NORMAL PERIOD 1981 TO 2010
CLIMATE RECORD PERIOD 1902 TO 2017


WEATHER ITEM   OBSERVED TIME   RECORD YEAR NORMAL DEPARTURE LAST
                VALUE   (LST)  VALUE       VALUE  FROM      YEAR
                                                  NORMAL
..................................................................
TEMPERATURE (F)
 YESTERDAY
  MAXIMUM         41   1203 AM  73    2015  49     -8       40
                                      1999
  MINIMUM         21   1159 PM  -5    1971  27     -6       28
  AVERAGE         31                        38     -7       34

PRECIPITATION (IN)
  YESTERDAY        0.00          1.05 1980   0.08  -0.08      T
  MONTH TO DATE    T                         0.55  -0.55     0.11
  SINCE DEC 1      4.24                      5.40  -1.16    10.18
  SINCE JAN 1      3.65                      2.58   1.07     0.41

DEGREE DAYS
 HEATING
  YESTERDAY       34                        27      7       31
  MONTH TO DATE  187                       223    -36      200
  SINCE DEC 1   1844                      2015   -171     1717
  SINCE JUL 1   2299                      2772   -473     2335

 COOLING
  YESTERDAY        0                         0      0        0
  MONTH TO DATE    0                         0      0        0
  SINCE DEC 1      0                         0      0        3
  SINCE JAN 1      0                         0      0        0
..................................................................


WIND (MPH)
  HIGHEST WIND SPEED    23   HIGHEST WIND DIRECTION     N (350)
  HIGHEST GUST SPEED    29   HIGHEST GUST DIRECTION     N (360)
  AVERAGE WIND SPEED    11.2


SKY COVER
  AVERAGE SKY COVER 0.3


WEATHER CONDITIONS
 THE FOLLOWING WEATHER WAS RECORDED YESTERDAY.
  FOG
  HAZE


RELATIVE HUMIDITY (PERCENT)
 HIGHEST    89           400 AM
 LOWEST     54           300 PM
 AVERAGE    72

..........................................................


THE JOPLIN MO CLIMATE NORMALS FOR TODAY
                         NORMAL    RECORD    YEAR
 MAXIMUM TEMPERATURE (F)   49        73      2000
                                             1996
 MINIMUM TEMPERATURE (F)   28       -12      1979


SUNRISE AND SUNSET
FEBRUARY  9 2017......SUNRISE   713 AM CST   SUNSET   552 PM CST
FEBRUARY 10 2017......SUNRISE   712 AM CST   SUNSET   553 PM CST


-  INDICATES NEGATIVE NUMBERS.
R  INDICATES RECORD WAS SET OR TIED.
MM INDICATES DATA IS MISSING.
T  INDICATES TRACE AMOUNT.




$$
