000
CDUS43 KSGF 240714
CLIJLN


CLIMATE REPORT
NATIONAL WEATHER SERVICE SPRINGFIELD MO
213 AM CDT SAT SEP 24 2016


...................................

...THE JOPLIN MO CLIMATE SUMMARY FOR SEPTEMBER 23 2016...

CLIMATE NORMAL PERIOD 1981 TO 2010
CLIMATE RECORD PERIOD 1902 TO 2016


WEATHER ITEM   OBSERVED TIME   RECORD YEAR NORMAL DEPARTURE LAST
                VALUE   (LST)  VALUE       VALUE  FROM      YEAR
                                                  NORMAL
..................................................................
TEMPERATURE (F)
 YESTERDAY
  MAXIMUM         87    318 PM  89    2005  79      8       86
  MINIMUM         66    626 AM  34    1995  56     10       66
  AVERAGE         77                        68      9       76

PRECIPITATION (IN)
  YESTERDAY        0.00          1.68 1988   0.15  -0.15     0.00
  MONTH TO DATE    2.62                      3.82  -1.20     1.12
  SINCE SEP 1      2.62                      3.82  -1.20     1.12
  SINCE JAN 1     32.40                     34.79  -2.39    39.82

DEGREE DAYS
 HEATING
  YESTERDAY        0                         2     -2        0
  MONTH TO DATE    0                        17    -17        5
  SINCE SEP 1      0                        17    -17        5
  SINCE JUL 1      0                        18    -18        6

 COOLING
  YESTERDAY       12                         5      7       11
  MONTH TO DATE  242                       186     56      228
  SINCE SEP 1    242                       186     56      228
  SINCE JAN 1   1729                      1613    116     1614
..................................................................


WIND (MPH)
  HIGHEST WIND SPEED    12   HIGHEST WIND DIRECTION    SE (140)
  HIGHEST GUST SPEED    14   HIGHEST GUST DIRECTION    SE (150)
  AVERAGE WIND SPEED     6.5


SKY COVER
  AVERAGE SKY COVER 0.0


WEATHER CONDITIONS
 THE FOLLOWING WEATHER WAS RECORDED YESTERDAY.
  NO SIGNIFICANT WEATHER WAS OBSERVED.


RELATIVE HUMIDITY (PERCENT)
 HIGHEST    87           200 AM
 LOWEST     48           100 PM
 AVERAGE    68

..........................................................


THE JOPLIN MO CLIMATE NORMALS FOR TODAY
                         NORMAL    RECORD    YEAR
 MAXIMUM TEMPERATURE (F)   79        89      1954
                                             1984
 MINIMUM TEMPERATURE (F)   56        31      1989


SUNRISE AND SUNSET
SEPTEMBER 24 2016.....SUNRISE   708 AM CDT   SUNSET   711 PM CDT
SEPTEMBER 25 2016.....SUNRISE   709 AM CDT   SUNSET   709 PM CDT


-  INDICATES NEGATIVE NUMBERS.
R  INDICATES RECORD WAS SET OR TIED.
MM INDICATES DATA IS MISSING.
T  INDICATES TRACE AMOUNT.




$$
