000
CDUS43 KSGF 282127
CLIJLN


CLIMATE REPORT
NATIONAL WEATHER SERVICE SPRINGFIELD MO
427 PM CDT THU AUG 28 2014


...................................

...THE JOPLIN MO CLIMATE SUMMARY FOR AUGUST 28 2014...
VALID AS OF 0400 PM LOCAL TIME.

CLIMATE NORMAL PERIOD 1981 TO 2010
CLIMATE RECORD PERIOD 1902 TO 2014


WEATHER ITEM   OBSERVED TIME   RECORD YEAR NORMAL DEPARTURE LAST
                VALUE   (LST)  VALUE       VALUE  FROM      YEAR
                                                  NORMAL
..................................................................
TEMPERATURE (F)
 TODAY
  MAXIMUM         94    234 PM 105    1954  89      5       92
  MINIMUM         73    619 AM  49    1992  66      7       69
  AVERAGE         84                        78      6       81

PRECIPITATION (IN)
  TODAY            0.00          1.62 1977   0.12  -0.12     0.00
  MONTH TO DATE    1.52                      2.97  -1.45     4.60
  SINCE JUN 1      6.69                     12.64  -5.95    13.07
  SINCE JAN 1     15.44                     30.59 -15.15    35.46

DEGREE DAYS
 HEATING
  TODAY            0                         0      0        0
  MONTH TO DATE    0                         0      0        0
  SINCE JUN 1      3                         5     -2       12
  SINCE JUL 1      1                         0      1        0

 COOLING
  TODAY           19                        13      6       16
  MONTH TO DATE  434                       421     13      329
  SINCE JUN 1   1067                      1212   -145     1060
  SINCE JAN 1   1280                      1392   -112     1204
..................................................................


WIND (MPH)
  HIGHEST WIND SPEED    17   HIGHEST WIND DIRECTION     S (200)
  HIGHEST GUST SPEED    26   HIGHEST GUST DIRECTION     S (190)


SKY COVER
  AVERAGE SKY COVER 0.1


WEATHER CONDITIONS
 THE FOLLOWING WEATHER WAS RECORDED TODAY.
  NO SIGNIFICANT WEATHER WAS OBSERVED.


RELATIVE HUMIDITY (PERCENT)
 HIGHEST    87           500 AM
 LOWEST     33           300 PM
 AVERAGE    60

..........................................................


THE JOPLIN MO CLIMATE NORMALS FOR TOMORROW
                         NORMAL    RECORD    YEAR
 MAXIMUM TEMPERATURE (F)   89       103      2000
 MINIMUM TEMPERATURE (F)   66        47      1988


SUNRISE AND SUNSET
AUGUST 28 2014........SUNRISE   645 AM CDT   SUNSET   752 PM CDT
AUGUST 29 2014........SUNRISE   646 AM CDT   SUNSET   751 PM CDT


-  INDICATES NEGATIVE NUMBERS.
R  INDICATES RECORD WAS SET OR TIED.
MM INDICATES DATA IS MISSING.
T  INDICATES TRACE AMOUNT.




$$
