000
CDUS43 KSGF 132131
CLIJLN


CLIMATE REPORT
NATIONAL WEATHER SERVICE SPRINGFIELD MO
430 PM CDT TUE JUN 13 2017


...................................

...THE JOPLIN MO CLIMATE SUMMARY FOR JUNE 13 2017...
VALID AS OF 0400 PM LOCAL TIME.

CLIMATE NORMAL PERIOD 1981 TO 2010
CLIMATE RECORD PERIOD 1902 TO 2017


WEATHER ITEM   OBSERVED TIME   RECORD YEAR NORMAL DEPARTURE LAST
                VALUE   (LST)  VALUE       VALUE  FROM      YEAR
                                                  NORMAL
..................................................................
TEMPERATURE (F)
 TODAY
  MAXIMUM         89    250 PM 102    1953  85      4       88
  MINIMUM         74    459 AM  48    1985  65      9       67
  AVERAGE         82                        75      7       78

PRECIPITATION (IN)
  TODAY            0.00          4.27 1964   0.20  -0.20      T
  MONTH TO DATE    1.01                      2.63  -1.62     1.11
  SINCE JUN 1      1.01                      2.63  -1.62     1.11
  SINCE JAN 1     26.94                     20.58   6.36    15.21

DEGREE DAYS
 HEATING
  TODAY            0                         0      0        0
  MONTH TO DATE    0                         2     -2        0
  SINCE JUN 1      0                         2     -2        0
  SINCE JUL 1   3169                      4071   -902     3389

 COOLING
  TODAY           17                        10      7       13
  MONTH TO DATE  130                       110     20      131
  SINCE JUN 1    130                       110     20      131
  SINCE JAN 1    337                       290     47      245
..................................................................


WIND (MPH)
  HIGHEST WIND SPEED    24   HIGHEST WIND DIRECTION     S (190)
  HIGHEST GUST SPEED    33   HIGHEST GUST DIRECTION     S (180)


SKY COVER
  AVERAGE SKY COVER 0.5


WEATHER CONDITIONS
 THE FOLLOWING WEATHER WAS RECORDED TODAY.
  NO SIGNIFICANT WEATHER WAS OBSERVED.


RELATIVE HUMIDITY (PERCENT)
 HIGHEST    93           500 AM
 LOWEST     59           200 PM
 AVERAGE    76

..........................................................


THE JOPLIN MO CLIMATE NORMALS FOR TOMORROW
                         NORMAL    RECORD    YEAR
 MAXIMUM TEMPERATURE (F)   86       103      1953
 MINIMUM TEMPERATURE (F)   65        56      1989


SUNRISE AND SUNSET
JUNE 13 2017..........SUNRISE   557 AM CDT   SUNSET   839 PM CDT
JUNE 14 2017..........SUNRISE   557 AM CDT   SUNSET   840 PM CDT


-  INDICATES NEGATIVE NUMBERS.
R  INDICATES RECORD WAS SET OR TIED.
MM INDICATES DATA IS MISSING.
T  INDICATES TRACE AMOUNT.




$$
