000
CDUS43 KSGF 030625
CLIJLN


CLIMATE REPORT
NATIONAL WEATHER SERVICE SPRINGFIELD MO
125 AM CDT THU APR 3 2014


...................................

...THE JOPLIN MO CLIMATE SUMMARY FOR APRIL 2 2014...

CLIMATE NORMAL PERIOD 1981 TO 2010
CLIMATE RECORD PERIOD 1902 TO 2014


WEATHER ITEM   OBSERVED TIME   RECORD YEAR NORMAL DEPARTURE LAST
                VALUE   (LST)  VALUE       VALUE  FROM      YEAR
                                                  NORMAL
..................................................................
TEMPERATURE (F)
 YESTERDAY
  MAXIMUM         78    321 PM  86    2007  66     12       41
  MINIMUM         49    500 AM  25    1992  43      6       35
  AVERAGE         64                        54     10       38

PRECIPITATION (IN)
  YESTERDAY        0.02          1.71 1965   0.12  -0.10     0.13
  MONTH TO DATE    0.06                      0.24  -0.18     0.14
  SINCE MAR 1      1.94                      3.66  -1.72     2.84
  SINCE JAN 1      2.79                      8.01  -5.22     7.99

DEGREE DAYS
 HEATING
  YESTERDAY        1                        12    -11       27
  MONTH TO DATE   23                        24     -1       46
  SINCE MAR 1    686                       532    154      703
  SINCE JUL 1   4535                      3786    749     3819

 COOLING
  YESTERDAY        0                         1     -1        0
  MONTH TO DATE    0                         2     -2        0
  SINCE MAR 1      0                        11    -11        0
  SINCE JAN 1      0                        12    -12        1
..................................................................


WIND (MPH)
  HIGHEST WIND SPEED    22   HIGHEST WIND DIRECTION     S (170)
  HIGHEST GUST SPEED    29   HIGHEST GUST DIRECTION     S (170)
  AVERAGE WIND SPEED    10.7


SKY COVER
  AVERAGE SKY COVER 0.9


WEATHER CONDITIONS
 THE FOLLOWING WEATHER WAS RECORDED YESTERDAY.
  LIGHT RAIN
  FOG


RELATIVE HUMIDITY (PERCENT)
 HIGHEST    97          1100 AM
 LOWEST     64           300 PM
 AVERAGE    81

..........................................................


THE JOPLIN MO CLIMATE NORMALS FOR TODAY
                         NORMAL    RECORD    YEAR
 MAXIMUM TEMPERATURE (F)   66        87      2011
 MINIMUM TEMPERATURE (F)   43        19      1975


SUNRISE AND SUNSET
APRIL  3 2014.........SUNRISE   701 AM CDT   SUNSET   742 PM CDT
APRIL  4 2014.........SUNRISE   659 AM CDT   SUNSET   743 PM CDT


-  INDICATES NEGATIVE NUMBERS.
R  INDICATES RECORD WAS SET OR TIED.
MM INDICATES DATA IS MISSING.
T  INDICATES TRACE AMOUNT.




$$
