000
CDUS43 KSGF 112226
CLIJLN


CLIMATE REPORT
NATIONAL WEATHER SERVICE SPRINGFIELD MO
526 PM CDT TUE APR 11 2017


...................................

...THE JOPLIN MO CLIMATE SUMMARY FOR APRIL 11 2017...
VALID TODAY AS OF 0500 PM LOCAL TIME.

CLIMATE NORMAL PERIOD 1981 TO 2010
CLIMATE RECORD PERIOD 1902 TO 2017


WEATHER ITEM   OBSERVED TIME   RECORD YEAR NORMAL DEPARTURE LAST
                VALUE   (LST)  VALUE       VALUE  FROM      YEAR
                                                  NORMAL
..................................................................
TEMPERATURE (F)
 TODAY
  MAXIMUM         67    353 PM  86    1972  69     -2       61
                                      1996
  MINIMUM         38    533 AM  26    1989  45     -7       44
  AVERAGE         53                        57     -4       53

PRECIPITATION (IN)
  TODAY            0.00          3.26 1994   0.14  -0.14     0.71
  MONTH TO DATE    1.45                      1.38   0.07     0.95
  SINCE MAR 1      4.15                      4.80  -0.65     3.52
  SINCE JAN 1      8.14                      9.15  -1.01     4.19

DEGREE DAYS
 HEATING
  TODAY           12                         9      3       12
  MONTH TO DATE   84                       115    -31       85
  SINCE MAR 1    464                       623   -159      447
  SINCE JUL 1   3016                      3877   -861     3197

 COOLING
  TODAY            0                         1     -1        0
  MONTH TO DATE    9                        11     -2        3
  SINCE MAR 1     26                        20      6        6
  SINCE JAN 1     36                        21     15        7
..................................................................


WIND (MPH)
  HIGHEST WIND SPEED    10   HIGHEST WIND DIRECTION     N (360)
  HIGHEST GUST SPEED    14   HIGHEST GUST DIRECTION    NE (30)


SKY COVER
  AVERAGE SKY COVER 0.1


WEATHER CONDITIONS
 THE FOLLOWING WEATHER WAS RECORDED TODAY.
  FOG
  HAZE


RELATIVE HUMIDITY (PERCENT)
 HIGHEST    93           400 AM
 LOWEST     48           300 PM
 AVERAGE    71

..........................................................


THE JOPLIN MO CLIMATE NORMALS FOR TOMORROW
                         NORMAL    RECORD    YEAR
 MAXIMUM TEMPERATURE (F)   69        96      1972
 MINIMUM TEMPERATURE (F)   46        23      1957


SUNRISE AND SUNSET
APRIL 11 2017.........SUNRISE   649 AM CDT   SUNSET   750 PM CDT
APRIL 12 2017.........SUNRISE   647 AM CDT   SUNSET   751 PM CDT


-  INDICATES NEGATIVE NUMBERS.
R  INDICATES RECORD WAS SET OR TIED.
MM INDICATES DATA IS MISSING.
T  INDICATES TRACE AMOUNT.




$$
