000
CDUS43 KSGF 250627
CLIJLN


CLIMATE REPORT
NATIONAL WEATHER SERVICE SPRINGFIELD MO
127 AM CDT FRI JUL 25 2014


...................................

...THE JOPLIN MO CLIMATE SUMMARY FOR JULY 24 2014...

CLIMATE NORMAL PERIOD 1981 TO 2010
CLIMATE RECORD PERIOD 1902 TO 2014


WEATHER ITEM   OBSERVED TIME   RECORD YEAR NORMAL DEPARTURE LAST
                VALUE   (LST)  VALUE       VALUE  FROM      YEAR
                                                  NORMAL
..................................................................
TEMPERATURE (F)
 YESTERDAY
  MAXIMUM         89    406 PM 103    2011  91     -2       87
  MINIMUM         66    544 AM  57    2000  70     -4       65
  AVERAGE         78                        81     -3       76

PRECIPITATION (IN)
  YESTERDAY        0.00          0.89 2010   0.11  -0.11     0.03
  MONTH TO DATE    0.62                      3.09  -2.47     0.22
  SINCE JUN 1      4.55                      8.95  -4.40     5.61
  SINCE JAN 1     13.30                     26.90 -13.60    28.00

DEGREE DAYS
 HEATING
  YESTERDAY        0                         0      0        0
  MONTH TO DATE    1                         0      1        0
  SINCE JUN 1      3                         5     -2       12
  SINCE JUL 1      1                         0      1        0

 COOLING
  YESTERDAY       13                        16     -3       11
  MONTH TO DATE  247                       363   -116      347
  SINCE JUN 1    550                       681   -131      670
  SINCE JAN 1    763                       861    -98      814
..................................................................


WIND (MPH)
  HIGHEST WIND SPEED    15   HIGHEST WIND DIRECTION     E (110)
  HIGHEST GUST SPEED    19   HIGHEST GUST DIRECTION    SE (120)
  AVERAGE WIND SPEED     6.5


SKY COVER
  AVERAGE SKY COVER 0.1


WEATHER CONDITIONS
 THE FOLLOWING WEATHER WAS RECORDED YESTERDAY.
  NO SIGNIFICANT WEATHER WAS OBSERVED.


RELATIVE HUMIDITY (PERCENT)
 HIGHEST    93           500 AM
 LOWEST     42           100 PM
 AVERAGE    68

..........................................................


THE JOPLIN MO CLIMATE NORMALS FOR TODAY
                         NORMAL    RECORD    YEAR
 MAXIMUM TEMPERATURE (F)   91       104      2012
 MINIMUM TEMPERATURE (F)   70        59      1991


SUNRISE AND SUNSET
JULY 25 2014..........SUNRISE   617 AM CDT   SUNSET   831 PM CDT
JULY 26 2014..........SUNRISE   618 AM CDT   SUNSET   831 PM CDT


-  INDICATES NEGATIVE NUMBERS.
R  INDICATES RECORD WAS SET OR TIED.
MM INDICATES DATA IS MISSING.
T  INDICATES TRACE AMOUNT.




$$
