000
CDUS43 KSGF 090639
CLIJLN


CLIMATE REPORT
NATIONAL WEATHER SERVICE SPRINGFIELD MO
138 AM CDT TUE MAY 9 2017


...................................

...THE JOPLIN MO CLIMATE SUMMARY FOR MAY 8 2017...

CLIMATE NORMAL PERIOD 1981 TO 2010
CLIMATE RECORD PERIOD 1902 TO 2017


WEATHER ITEM   OBSERVED TIME   RECORD YEAR NORMAL DEPARTURE LAST
                VALUE   (LST)  VALUE       VALUE  FROM      YEAR
                                                  NORMAL
..................................................................
TEMPERATURE (F)
 YESTERDAY
  MAXIMUM         83    429 PM  91    1952  76      7       76
  MINIMUM         60    330 AM  35    1976  54      6       59
  AVERAGE         72                        65      7       68

PRECIPITATION (IN)
  YESTERDAY        0.00          2.66 1961   0.19  -0.19     0.04
  MONTH TO DATE    1.85                      1.55   0.30     0.04
  SINCE MAR 1     15.79                      9.44   6.35     7.16
  SINCE JAN 1     19.78                     13.79   5.99     7.83

DEGREE DAYS
 HEATING
  YESTERDAY        0                         3     -3        0
  MONTH TO DATE   44                        28     16       51
  SINCE MAR 1    599                       777   -178      567
  SINCE JUL 1   3151                      4031   -880     3317

 COOLING
  YESTERDAY        7                         3      4        3
  MONTH TO DATE   14                        20     -6        7
  SINCE MAR 1     78                        73      5       29
  SINCE JAN 1     88                        74     14       30
..................................................................


WIND (MPH)
  HIGHEST WIND SPEED    18   HIGHEST WIND DIRECTION     S (180)
  HIGHEST GUST SPEED    23   HIGHEST GUST DIRECTION     S (180)
  AVERAGE WIND SPEED     9.8


SKY COVER
  AVERAGE SKY COVER 0.0


WEATHER CONDITIONS
 THE FOLLOWING WEATHER WAS RECORDED YESTERDAY.
  NO SIGNIFICANT WEATHER WAS OBSERVED.


RELATIVE HUMIDITY (PERCENT)
 HIGHEST    84           400 AM
 LOWEST     46           500 PM
 AVERAGE    65

..........................................................


THE JOPLIN MO CLIMATE NORMALS FOR TODAY
                         NORMAL    RECORD    YEAR
 MAXIMUM TEMPERATURE (F)   76        89      2011
 MINIMUM TEMPERATURE (F)   54        35      1980


SUNRISE AND SUNSET
MAY  9 2017...........SUNRISE   615 AM CDT   SUNSET   815 PM CDT
MAY 10 2017...........SUNRISE   614 AM CDT   SUNSET   816 PM CDT


-  INDICATES NEGATIVE NUMBERS.
R  INDICATES RECORD WAS SET OR TIED.
MM INDICATES DATA IS MISSING.
T  INDICATES TRACE AMOUNT.




$$
