000
CDUS43 KSGF 100627
CLIJLN


CLIMATE REPORT
NATIONAL WEATHER SERVICE SPRINGFIELD MO
127 AM CDT WED SEP 10 2014


...................................

...THE JOPLIN MO CLIMATE SUMMARY FOR SEPTEMBER 9 2014...

CLIMATE NORMAL PERIOD 1981 TO 2010
CLIMATE RECORD PERIOD 1902 TO 2014


WEATHER ITEM   OBSERVED TIME   RECORD YEAR NORMAL DEPARTURE LAST
                VALUE   (LST)  VALUE       VALUE  FROM      YEAR
                                                  NORMAL
..................................................................
TEMPERATURE (F)
 YESTERDAY
  MAXIMUM         91    254 PM 100    1947  85      6       94
  MINIMUM         72    156 AM  49    2004  62     10       71
  AVERAGE         82                        74      8       83

PRECIPITATION (IN)
  YESTERDAY        0.00          2.96 1930   0.17  -0.17     0.00
  MONTH TO DATE    3.03                      1.43   1.60      T
  SINCE SEP 1      3.03                      1.43   1.60      T
  SINCE JAN 1     18.47                     32.40 -13.93    35.46

DEGREE DAYS
 HEATING
  YESTERDAY        0                         0      0        0
  MONTH TO DATE    0                         0      0        0
  SINCE SEP 1      0                         0      0        0
  SINCE JUL 1      1                         1      0        0

 COOLING
  YESTERDAY       17                         9      8       18
  MONTH TO DATE   97                        93      4      119
  SINCE SEP 1     97                        93      4      119
  SINCE JAN 1   1430                      1520    -90     1383
..................................................................


WIND (MPH)
  HIGHEST WIND SPEED    28   HIGHEST WIND DIRECTION     S (180)
  HIGHEST GUST SPEED    38   HIGHEST GUST DIRECTION     S (200)
  AVERAGE WIND SPEED    16.5


SKY COVER
  AVERAGE SKY COVER 0.1


WEATHER CONDITIONS
 THE FOLLOWING WEATHER WAS RECORDED YESTERDAY.
  NO SIGNIFICANT WEATHER WAS OBSERVED.


RELATIVE HUMIDITY (PERCENT)
 HIGHEST    93           200 AM
 LOWEST     52           200 PM
 AVERAGE    73

..........................................................


THE JOPLIN MO CLIMATE NORMALS FOR TODAY
                         NORMAL    RECORD    YEAR
 MAXIMUM TEMPERATURE (F)   85        96      2000
 MINIMUM TEMPERATURE (F)   62        43      1976


SUNRISE AND SUNSET
SEPTEMBER 10 2014.....SUNRISE   656 AM CDT   SUNSET   733 PM CDT
SEPTEMBER 11 2014.....SUNRISE   657 AM CDT   SUNSET   732 PM CDT


-  INDICATES NEGATIVE NUMBERS.
R  INDICATES RECORD WAS SET OR TIED.
MM INDICATES DATA IS MISSING.
T  INDICATES TRACE AMOUNT.




$$
