000
CDUS43 KSGF 130631
CLIJLN


CLIMATE REPORT
NATIONAL WEATHER SERVICE SPRINGFIELD MO
130 AM CDT FRI OCT 13 2017


...................................

...THE JOPLIN MO CLIMATE SUMMARY FOR OCTOBER 12 2017...

CLIMATE NORMAL PERIOD 1981 TO 2010
CLIMATE RECORD PERIOD 1902 TO 2017


WEATHER ITEM   OBSERVED TIME   RECORD YEAR NORMAL DEPARTURE LAST
                VALUE   (LST)  VALUE       VALUE  FROM      YEAR
                                                  NORMAL
..................................................................
TEMPERATURE (F)
 YESTERDAY
  MAXIMUM         78    407 PM  91    1978  73      5       71
  MINIMUM         43    607 AM  32    1965  49     -6       47
                                      1977
                                      1987
  AVERAGE         61                        61      0       59

PRECIPITATION (IN)
  YESTERDAY        0.00          2.32 2012   0.13  -0.13     0.98
  MONTH TO DATE    1.64                      1.58   0.06     4.02
  SINCE SEP 1      3.13                      6.53  -3.40     6.76
  SINCE JAN 1     41.81                     37.50   4.31    36.54

DEGREE DAYS
 HEATING
  YESTERDAY        4                         6     -2        6
  MONTH TO DATE   23                        58    -35       35
  SINCE SEP 1     30                        99    -69       52
  SINCE JUL 1     30                       100    -70       52

 COOLING
  YESTERDAY        0                         2     -2        0
  MONTH TO DATE   68                        29     39       31
  SINCE SEP 1    290                       244     46      288
  SINCE JAN 1   1722                      1671     51     1775
..................................................................


WIND (MPH)
  HIGHEST WIND SPEED    16   HIGHEST WIND DIRECTION     S (180)
  HIGHEST GUST SPEED    21   HIGHEST GUST DIRECTION     S (160)
  AVERAGE WIND SPEED     7.1


SKY COVER
  AVERAGE SKY COVER 0.0


WEATHER CONDITIONS
 THE FOLLOWING WEATHER WAS RECORDED YESTERDAY.
  FOG


RELATIVE HUMIDITY (PERCENT)
 HIGHEST   100          1200 AM
 LOWEST     45           300 PM
 AVERAGE    73

..........................................................


THE JOPLIN MO CLIMATE NORMALS FOR TODAY
                         NORMAL    RECORD    YEAR
 MAXIMUM TEMPERATURE (F)   72        88      1952
 MINIMUM TEMPERATURE (F)   49        35      2006
                                             1977


SUNRISE AND SUNSET
OCTOBER 13 2017.......SUNRISE   724 AM CDT   SUNSET   643 PM CDT
OCTOBER 14 2017.......SUNRISE   725 AM CDT   SUNSET   642 PM CDT


-  INDICATES NEGATIVE NUMBERS.
R  INDICATES RECORD WAS SET OR TIED.
MM INDICATES DATA IS MISSING.
T  INDICATES TRACE AMOUNT.




$$
