000
CDUS43 KSGF 170627
CLIJLN


CLIMATE REPORT
NATIONAL WEATHER SERVICE SPRINGFIELD MO
127 AM CDT MON APR 17 2017


...................................

...THE JOPLIN MO CLIMATE SUMMARY FOR APRIL 16 2017...

CLIMATE NORMAL PERIOD 1981 TO 2010
CLIMATE RECORD PERIOD 1902 TO 2017


WEATHER ITEM   OBSERVED TIME   RECORD YEAR NORMAL DEPARTURE LAST
                VALUE   (LST)  VALUE       VALUE  FROM      YEAR
                                                  NORMAL
..................................................................
TEMPERATURE (F)
 YESTERDAY
  MAXIMUM         74    407 PM  91    2006  70      4       73
  MINIMUM         59    602 AM  29    1953  47     12       58
  AVERAGE         67                        59      8       66

PRECIPITATION (IN)
  YESTERDAY        1.03R         0.93 1957   0.15   0.88     0.00
  MONTH TO DATE    2.50                      2.09   0.41     0.95
  SINCE MAR 1      5.20                      5.51  -0.31     3.52
  SINCE JAN 1      9.19                      9.86  -0.67     4.19

DEGREE DAYS
 HEATING
  YESTERDAY        0                         8     -8        0
  MONTH TO DATE   85                       157    -72      121
  SINCE MAR 1    465                       665   -200      483
  SINCE JUL 1   3017                      3919   -902     3233

 COOLING
  YESTERDAY        2                         1      1        1
  MONTH TO DATE   32                        16     16        4
  SINCE MAR 1     49                        25     24        7
  SINCE JAN 1     59                        26     33        8
..................................................................


WIND (MPH)
  HIGHEST WIND SPEED    22   HIGHEST WIND DIRECTION    SE (120)
  HIGHEST GUST SPEED    27   HIGHEST GUST DIRECTION     N (350)
  AVERAGE WIND SPEED     7.8


SKY COVER
  AVERAGE SKY COVER 0.6


WEATHER CONDITIONS
 THE FOLLOWING WEATHER WAS RECORDED YESTERDAY.
  THUNDERSTORM
  RAIN
  LIGHT RAIN
  FOG


RELATIVE HUMIDITY (PERCENT)
 HIGHEST   100           800 AM
 LOWEST     68           400 PM
 AVERAGE    84

..........................................................


THE JOPLIN MO CLIMATE NORMALS FOR TODAY
                         NORMAL    RECORD    YEAR
 MAXIMUM TEMPERATURE (F)   71        91      2006
 MINIMUM TEMPERATURE (F)   47        30      1953
                                             1956


SUNRISE AND SUNSET
APRIL 17 2017.........SUNRISE   640 AM CDT   SUNSET   755 PM CDT
APRIL 18 2017.........SUNRISE   639 AM CDT   SUNSET   756 PM CDT


-  INDICATES NEGATIVE NUMBERS.
R  INDICATES RECORD WAS SET OR TIED.
MM INDICATES DATA IS MISSING.
T  INDICATES TRACE AMOUNT.




$$
