619
CDUS43 KSGF 140634
CLIJLN


CLIMATE REPORT
NATIONAL WEATHER SERVICE SPRINGFIELD MO
134 AM CDT FRI JUL 14 2017


...................................

...THE JOPLIN MO CLIMATE SUMMARY FOR JULY 13 2017...

CLIMATE NORMAL PERIOD 1981 TO 2010
CLIMATE RECORD PERIOD 1902 TO 2017


WEATHER ITEM   OBSERVED TIME   RECORD YEAR NORMAL DEPARTURE LAST
                VALUE   (LST)  VALUE       VALUE  FROM      YEAR
                                                  NORMAL
..................................................................
TEMPERATURE (F)
 YESTERDAY
  MAXIMUM         96    404 PM 113    1954  91      5       90
  MINIMUM         76   1159 PM  50    1975  70      6       76
  AVERAGE         86                        80      6       83

PRECIPITATION (IN)
  YESTERDAY        0.00          2.81 2010   0.13  -0.13      T
  MONTH TO DATE    1.50                      1.81  -0.31     3.78
  SINCE JUN 1      5.68                      7.67  -1.99     9.90
  SINCE JAN 1     31.61                     25.62   5.99    24.00

DEGREE DAYS
 HEATING
  YESTERDAY        0                         0      0        0
  MONTH TO DATE    0                         0      0        0
  SINCE JUN 1      0                         5     -5        0
  SINCE JUL 1      0                         0      0        0

 COOLING
  YESTERDAY       21                        15      6       18
  MONTH TO DATE  202                       191     11      190
  SINCE JUN 1    531                       509     22      613
  SINCE JAN 1    738                       689     49      727
..................................................................


WIND (MPH)
  HIGHEST WIND SPEED    20   HIGHEST WIND DIRECTION    SW (210)
  HIGHEST GUST SPEED    26   HIGHEST GUST DIRECTION     N (350)
  AVERAGE WIND SPEED     9.2


SKY COVER
  AVERAGE SKY COVER 0.1


WEATHER CONDITIONS
 THE FOLLOWING WEATHER WAS RECORDED YESTERDAY.
  NO SIGNIFICANT WEATHER WAS OBSERVED.


RELATIVE HUMIDITY (PERCENT)
 HIGHEST    91           300 AM
 LOWEST     46           600 PM
 AVERAGE    69

..........................................................


THE JOPLIN MO CLIMATE NORMALS FOR TODAY
                         NORMAL    RECORD    YEAR
 MAXIMUM TEMPERATURE (F)   91       115      1954
 MINIMUM TEMPERATURE (F)   70        52      1967
                                             1990


SUNRISE AND SUNSET
JULY 14 2017..........SUNRISE   609 AM CDT   SUNSET   838 PM CDT
JULY 15 2017..........SUNRISE   610 AM CDT   SUNSET   838 PM CDT


-  INDICATES NEGATIVE NUMBERS.
R  INDICATES RECORD WAS SET OR TIED.
MM INDICATES DATA IS MISSING.
T  INDICATES TRACE AMOUNT.




$$
