000
CDUS43 KSGF 172225
CLIJLN


CLIMATE REPORT
NATIONAL WEATHER SERVICE SPRINGFIELD MO
425 PM CST SAT JAN 17 2015


...................................

...THE JOPLIN MO CLIMATE SUMMARY FOR JANUARY 17 2015...
VALID AS OF 0400 PM LOCAL TIME.

CLIMATE NORMAL PERIOD 1981 TO 2010
CLIMATE RECORD PERIOD 1902 TO 2015


WEATHER ITEM   OBSERVED TIME   RECORD YEAR NORMAL DEPARTURE LAST
                VALUE   (LST)  VALUE       VALUE  FROM      YEAR
                                                  NORMAL
..................................................................
TEMPERATURE (F)
 TODAY
  MAXIMUM         60    336 PM  68    1952  45     15       36
                                      1996
  MINIMUM         44    802 AM  -7    1978  25     19       20
  AVERAGE         52                        35     17       28

PRECIPITATION (IN)
  TODAY            0.00          1.47 2004   0.06  -0.06     0.00
  MONTH TO DATE    0.28                      1.13  -0.85     0.57
  SINCE DEC 1      2.12                      3.95  -1.83     1.95
  SINCE JAN 1      0.28                      1.13  -0.85     0.57

DEGREE DAYS
 HEATING
  TODAY           13                        30    -17       37
  MONTH TO DATE  607                       510     97      582
  SINCE DEC 1   1380                      1370     10     1564
  SINCE JUL 1   2293                      2127    166     2452

 COOLING
  TODAY            0                         0      0        0
  MONTH TO DATE    0                         0      0        0
  SINCE DEC 1      0                         0      0        0
  SINCE JAN 1      0                         0      0        0
..................................................................


WIND (MPH)
  HIGHEST WIND SPEED    25   HIGHEST WIND DIRECTION    SW (240)
  HIGHEST GUST SPEED    33   HIGHEST GUST DIRECTION     W (250)


SKY COVER
  AVERAGE SKY COVER 0.0


WEATHER CONDITIONS
 THE FOLLOWING WEATHER WAS RECORDED TODAY.
  NO SIGNIFICANT WEATHER WAS OBSERVED.


RELATIVE HUMIDITY (PERCENT)
 HIGHEST    62           700 AM
 LOWEST     39           300 PM
 AVERAGE    51

..........................................................


THE JOPLIN MO CLIMATE NORMALS FOR TOMORROW
                         NORMAL    RECORD    YEAR
 MAXIMUM TEMPERATURE (F)   45        66      1951
 MINIMUM TEMPERATURE (F)   25        -8      1984


SUNRISE AND SUNSET
JANUARY 17 2015.......SUNRISE   730 AM CST   SUNSET   526 PM CST
JANUARY 18 2015.......SUNRISE   730 AM CST   SUNSET   527 PM CST


-  INDICATES NEGATIVE NUMBERS.
R  INDICATES RECORD WAS SET OR TIED.
MM INDICATES DATA IS MISSING.
T  INDICATES TRACE AMOUNT.




$$
