000
CDUS43 KSGF 092227
CLIJLN


CLIMATE REPORT
NATIONAL WEATHER SERVICE SPRINGFIELD MO
527 PM CDT SUN APR 9 2017


...................................

...THE JOPLIN MO CLIMATE SUMMARY FOR APRIL 9 2017...
VALID TODAY AS OF 0500 PM LOCAL TIME.

CLIMATE NORMAL PERIOD 1981 TO 2010
CLIMATE RECORD PERIOD 1902 TO 2017


WEATHER ITEM   OBSERVED TIME   RECORD YEAR NORMAL DEPARTURE LAST
                VALUE   (LST)  VALUE       VALUE  FROM      YEAR
                                                  NORMAL
..................................................................
TEMPERATURE (F)
 TODAY
  MAXIMUM         79    359 PM  88    2011  68     11       75
  MINIMUM         64    627 AM  29    1997  45     19       38
  AVERAGE         72                        56     16       57

PRECIPITATION (IN)
  TODAY            0.00          1.56 2008   0.13  -0.13     0.00
  MONTH TO DATE    1.45                      1.11   0.34     0.14
  SINCE MAR 1      4.15                      4.53  -0.38     2.71
  SINCE JAN 1      8.14                      8.88  -0.74     3.38

DEGREE DAYS
 HEATING
  TODAY            0                        10    -10        8
  MONTH TO DATE   67                        97    -30       73
  SINCE MAR 1    447                       605   -158      435
  SINCE JUL 1   2999                      3859   -860     3185

 COOLING
  TODAY            7                         1      6        0
  MONTH TO DATE    9                         9      0        0
  SINCE MAR 1     26                        18      8        3
  SINCE JAN 1     36                        19     17        4
..................................................................


WIND (MPH)
  HIGHEST WIND SPEED    33   HIGHEST WIND DIRECTION     S (200)
  HIGHEST GUST SPEED    43   HIGHEST GUST DIRECTION    SW (230)


SKY COVER
  AVERAGE SKY COVER 0.1


WEATHER CONDITIONS
 THE FOLLOWING WEATHER WAS RECORDED TODAY.
  NO SIGNIFICANT WEATHER WAS OBSERVED.


RELATIVE HUMIDITY (PERCENT)
 HIGHEST    78           500 AM
 LOWEST     52           400 PM
 AVERAGE    65

..........................................................


THE JOPLIN MO CLIMATE NORMALS FOR TOMORROW
                         NORMAL    RECORD    YEAR
 MAXIMUM TEMPERATURE (F)   68        84      2011
 MINIMUM TEMPERATURE (F)   45        27      1989
                                             2003


SUNRISE AND SUNSET
APRIL  9 2017.........SUNRISE   652 AM CDT   SUNSET   748 PM CDT
APRIL 10 2017.........SUNRISE   650 AM CDT   SUNSET   749 PM CDT


-  INDICATES NEGATIVE NUMBERS.
R  INDICATES RECORD WAS SET OR TIED.
MM INDICATES DATA IS MISSING.
T  INDICATES TRACE AMOUNT.




$$
