000
CDUS43 KSGF 110632
CLIJLN


CLIMATE REPORT
NATIONAL WEATHER SERVICE SPRINGFIELD MO
131 AM CDT MON SEP 11 2017


...................................

...THE JOPLIN MO CLIMATE SUMMARY FOR SEPTEMBER 10 2017...

CLIMATE NORMAL PERIOD 1981 TO 2010
CLIMATE RECORD PERIOD 1902 TO 2017


WEATHER ITEM   OBSERVED TIME   RECORD YEAR NORMAL DEPARTURE LAST
                VALUE   (LST)  VALUE       VALUE  FROM      YEAR
                                                  NORMAL
..................................................................
TEMPERATURE (F)
 YESTERDAY
  MAXIMUM         MM        MM  96    2000  85     MM       76
  MINIMUM         MM        MM  43    1976  62     MM       56
  AVERAGE         MM                        73     MM       66

PRECIPITATION (IN)
  YESTERDAY        0.00          1.43 1975   0.16  -0.16     0.92
  MONTH TO DATE    0.00                      1.59  -1.59     2.62
  SINCE SEP 1      0.00                      1.59  -1.59     2.62
  SINCE JAN 1     38.68                     32.56   6.12    32.40

DEGREE DAYS
 HEATING
  YESTERDAY       MM                         0     MM        0
  MONTH TO DATE    3                         0      3        0
  SINCE SEP 1      3                         0      3        0
  SINCE JUL 1      3                         1      2        0

 COOLING
  YESTERDAY       MM                         9     MM        1
  MONTH TO DATE   58                       102    -44      105
  SINCE SEP 1     58                       102    -44      105
  SINCE JAN 1   1490                      1529    -39     1592
..................................................................


WIND (MPH)
  HIGHEST WIND SPEED    12   HIGHEST WIND DIRECTION     E (100)
  HIGHEST GUST SPEED    MM   HIGHEST GUST DIRECTION    MM
  AVERAGE WIND SPEED     5.2


SKY COVER
  AVERAGE SKY COVER 0.0


WEATHER CONDITIONS
 THE FOLLOWING WEATHER WAS RECORDED YESTERDAY.
  NO SIGNIFICANT WEATHER WAS OBSERVED.


RELATIVE HUMIDITY (PERCENT)
 HIGHEST    MM
 LOWEST     MM
 AVERAGE    MM

..........................................................


THE JOPLIN MO CLIMATE NORMALS FOR TODAY
                         NORMAL    RECORD    YEAR
 MAXIMUM TEMPERATURE (F)   84       100      2000
 MINIMUM TEMPERATURE (F)   61        44      1968


SUNRISE AND SUNSET
SEPTEMBER 11 2017.....SUNRISE   657 AM CDT   SUNSET   731 PM CDT
SEPTEMBER 12 2017.....SUNRISE   658 AM CDT   SUNSET   730 PM CDT


-  INDICATES NEGATIVE NUMBERS.
R  INDICATES RECORD WAS SET OR TIED.
MM INDICATES DATA IS MISSING.
T  INDICATES TRACE AMOUNT.




$$
