000
CDUS43 KSGF 100627
CLIJLN


CLIMATE REPORT
NATIONAL WEATHER SERVICE SPRINGFIELD MO
126 AM CDT TUE OCT 10 2017


...................................

...THE JOPLIN MO CLIMATE SUMMARY FOR OCTOBER 9 2017...

CLIMATE NORMAL PERIOD 1981 TO 2010
CLIMATE RECORD PERIOD 1902 TO 2017


WEATHER ITEM   OBSERVED TIME   RECORD YEAR NORMAL DEPARTURE LAST
                VALUE   (LST)  VALUE       VALUE  FROM      YEAR
                                                  NORMAL
..................................................................
TEMPERATURE (F)
 YESTERDAY
  MAXIMUM         88    208 PM  92    1963  73     15       73
                                      1980
  MINIMUM         53    402 AM  24    2000  50      3       47
  AVERAGE         71                        62      9       60

PRECIPITATION (IN)
  YESTERDAY        0.81          3.67 2001   0.13   0.68     0.00
  MONTH TO DATE    1.47                      1.20   0.27     3.04
  SINCE SEP 1      2.96                      6.15  -3.19     5.78
  SINCE JAN 1     41.64                     37.12   4.52    35.56

DEGREE DAYS
 HEATING
  YESTERDAY        0                         5     -5        5
  MONTH TO DATE    0                        41    -41       29
  SINCE SEP 1      7                        82    -75       46
  SINCE JUL 1      7                        83    -76       46

 COOLING
  YESTERDAY        6                         2      4        0
  MONTH TO DATE   68                        23     45       26
  SINCE SEP 1    290                       238     52      283
  SINCE JAN 1   1722                      1665     57     1770
..................................................................


WIND (MPH)
  HIGHEST WIND SPEED    32   HIGHEST WIND DIRECTION    NW (310)
  HIGHEST GUST SPEED    37   HIGHEST GUST DIRECTION     W (290)
  AVERAGE WIND SPEED     7.7


SKY COVER
  AVERAGE SKY COVER 0.2


WEATHER CONDITIONS
 THE FOLLOWING WEATHER WAS RECORDED YESTERDAY.
  THUNDERSTORM
  HEAVY RAIN
  RAIN
  LIGHT RAIN
  FOG


RELATIVE HUMIDITY (PERCENT)
 HIGHEST   100          1200 AM
 LOWEST     32          1200 PM
 AVERAGE    66

..........................................................


THE JOPLIN MO CLIMATE NORMALS FOR TODAY
                         NORMAL    RECORD    YEAR
 MAXIMUM TEMPERATURE (F)   73        92      1963
 MINIMUM TEMPERATURE (F)   50        30      2000


SUNRISE AND SUNSET
OCTOBER 10 2017.......SUNRISE   722 AM CDT   SUNSET   648 PM CDT
OCTOBER 11 2017.......SUNRISE   722 AM CDT   SUNSET   646 PM CDT


-  INDICATES NEGATIVE NUMBERS.
R  INDICATES RECORD WAS SET OR TIED.
MM INDICATES DATA IS MISSING.
T  INDICATES TRACE AMOUNT.




$$
