000
CDUS43 KSGF 062326
CLIJLN


CLIMATE REPORT
NATIONAL WEATHER SERVICE SPRINGFIELD MO
525 PM CST TUE FEB 6 2018


...................................

...THE JOPLIN MO CLIMATE SUMMARY FOR FEBRUARY 6 2018...
VALID TODAY AS OF 0500 PM LOCAL TIME.

CLIMATE NORMAL PERIOD 1981 TO 2010
CLIMATE RECORD PERIOD 1902 TO 2018


WEATHER ITEM   OBSERVED TIME   RECORD YEAR NORMAL DEPARTURE LAST
                VALUE   (LST)  VALUE       VALUE  FROM      YEAR
                                                  NORMAL
..................................................................
TEMPERATURE (F)
 TODAY
  MAXIMUM         27    459 PM  74    2017  48    -21       74
  MINIMUM         16    756 AM  -3    1985  27    -11       46
  AVERAGE         22                        37    -15       60

PRECIPITATION (IN)
  TODAY            T             1.06 1951   0.07  -0.07      T
  MONTH TO DATE    0.01                      0.40  -0.39      T
  SINCE DEC 1      1.85                      5.25  -3.40     4.24
  SINCE JAN 1      0.48                      2.43  -1.95     3.65

DEGREE DAYS
 HEATING
  TODAY           43                        28     15        5
  MONTH TO DATE  223                       169     54      143
  SINCE DEC 1   2047                      1961     86     1800
  SINCE JUL 1   2692                      2718    -26     2255

 COOLING
  TODAY            0                         0      0        0
  MONTH TO DATE    0                         0      0        0
  SINCE DEC 1      0                         0      0        0
  SINCE JAN 1      0                         0      0        0
..................................................................


WIND (MPH)
  HIGHEST WIND SPEED    17   HIGHEST WIND DIRECTION    NE (40)
  HIGHEST GUST SPEED    22   HIGHEST GUST DIRECTION    NE (60)


SKY COVER
  AVERAGE SKY COVER 0.7


WEATHER CONDITIONS
 THE FOLLOWING WEATHER WAS RECORDED TODAY.
  FOG
  HAZE


RELATIVE HUMIDITY (PERCENT)
 HIGHEST    92           500 PM
 LOWEST     68          1200 AM
 AVERAGE    80

..........................................................


THE JOPLIN MO CLIMATE NORMALS FOR TOMORROW
                         NORMAL    RECORD    YEAR
 MAXIMUM TEMPERATURE (F)   48        72      2015
 MINIMUM TEMPERATURE (F)   27         4      1985


SUNRISE AND SUNSET
FEBRUARY  6 2018......SUNRISE   716 AM CST   SUNSET   548 PM CST
FEBRUARY  7 2018......SUNRISE   715 AM CST   SUNSET   549 PM CST


-  INDICATES NEGATIVE NUMBERS.
R  INDICATES RECORD WAS SET OR TIED.
MM INDICATES DATA IS MISSING.
T  INDICATES TRACE AMOUNT.




$$
