000
CDUS43 KSGF 160630
CLIJLN


CLIMATE REPORT
NATIONAL WEATHER SERVICE SPRINGFIELD MO
1230 AM CST SUN NOV 16 2014


...................................

...THE JOPLIN MO CLIMATE SUMMARY FOR NOVEMBER 15 2014...

CLIMATE NORMAL PERIOD 1981 TO 2010
CLIMATE RECORD PERIOD 1902 TO 2014


WEATHER ITEM   OBSERVED TIME   RECORD YEAR NORMAL DEPARTURE LAST
                VALUE   (LST)  VALUE       VALUE  FROM      YEAR
                                                  NORMAL
..................................................................
TEMPERATURE (F)
 YESTERDAY
  MAXIMUM         37    311 PM  77    1950  59    -22       61
                                      1955
                                      1960
  MINIMUM         25    255 AM  17    1982  38    -13       42
  AVERAGE         31                        49    -18       52

PRECIPITATION (IN)
  YESTERDAY        0.00          2.78 1968   0.13  -0.13     0.02
  MONTH TO DATE    1.30                      1.98  -0.68     1.47
  SINCE SEP 1     13.78                     10.96   2.82     6.19
  SINCE JAN 1     29.22                     41.93 -12.71    41.65

DEGREE DAYS
 HEATING
  YESTERDAY       34                        16     18       13
  MONTH TO DATE  335                       203    132      255
  SINCE SEP 1    547                       454     93      532
  SINCE JUL 1    548                       455     93      532

 COOLING
  YESTERDAY        0                         0      0        0
  MONTH TO DATE    0                         5     -5        0
  SINCE SEP 1    250                       269    -19      304
  SINCE JAN 1   1583                      1696   -113     1568
..................................................................


WIND (MPH)
  HIGHEST WIND SPEED    14   HIGHEST WIND DIRECTION     S (160)
  HIGHEST GUST SPEED    18   HIGHEST GUST DIRECTION     S (160)
  AVERAGE WIND SPEED     7.0


SKY COVER
  AVERAGE SKY COVER 0.7


WEATHER CONDITIONS
 THE FOLLOWING WEATHER WAS RECORDED YESTERDAY.
  HAZE


RELATIVE HUMIDITY (PERCENT)
 HIGHEST    62           300 AM
 LOWEST     40           100 PM
 AVERAGE    51

..........................................................


THE JOPLIN MO CLIMATE NORMALS FOR TODAY
                         NORMAL    RECORD    YEAR
 MAXIMUM TEMPERATURE (F)   59        78      1952
 MINIMUM TEMPERATURE (F)   38        14      1959


SUNRISE AND SUNSET
NOVEMBER 16 2014......SUNRISE   658 AM CST   SUNSET   507 PM CST
NOVEMBER 17 2014......SUNRISE   659 AM CST   SUNSET   507 PM CST


-  INDICATES NEGATIVE NUMBERS.
R  INDICATES RECORD WAS SET OR TIED.
MM INDICATES DATA IS MISSING.
T  INDICATES TRACE AMOUNT.




$$
