000
CDUS43 KSGF 170638
CLIJLN


CLIMATE REPORT
NATIONAL WEATHER SERVICE SPRINGFIELD MO
138 AM CDT SUN MAY 17 2015


...................................

...THE JOPLIN MO CLIMATE SUMMARY FOR MAY 16 2015...

CLIMATE NORMAL PERIOD 1981 TO 2010
CLIMATE RECORD PERIOD 1902 TO 2015


WEATHER ITEM   OBSERVED TIME   RECORD YEAR NORMAL DEPARTURE LAST
                VALUE   (LST)  VALUE       VALUE  FROM      YEAR
                                                  NORMAL
..................................................................
TEMPERATURE (F)
 YESTERDAY
  MAXIMUM         83    317 PM  89    2001  78      5       62
                                      1971
  MINIMUM         64   1159 PM  35    2014  56      8       35
  AVERAGE         74                        67      7       49

PRECIPITATION (IN)
  YESTERDAY        0.13          2.27 1957   0.19  -0.06     0.01
  MONTH TO DATE    4.00                      3.04   0.96     1.63
  SINCE MAR 1      9.78                     10.93  -1.15     4.76
  SINCE JAN 1     11.30                     15.28  -3.98     5.61

DEGREE DAYS
 HEATING
  YESTERDAY        0                         2     -2       16
  MONTH TO DATE   32                        47    -15       87
  SINCE MAR 1    719                       796    -77     1016
  SINCE JUL 1   4255                      4050    205     4865

 COOLING
  YESTERDAY        9                         4      5        0
  MONTH TO DATE   66                        48     18       79
  SINCE MAR 1    101                       101      0      102
  SINCE JAN 1    101                       102     -1      102
..................................................................


WIND (MPH)
  HIGHEST WIND SPEED    25   HIGHEST WIND DIRECTION     W (280)
  HIGHEST GUST SPEED    34   HIGHEST GUST DIRECTION     W (270)
  AVERAGE WIND SPEED    12.8


SKY COVER
  AVERAGE SKY COVER 0.4


WEATHER CONDITIONS
 THE FOLLOWING WEATHER WAS RECORDED YESTERDAY.
  THUNDERSTORM
  LIGHT RAIN
  FOG


RELATIVE HUMIDITY (PERCENT)
 HIGHEST    93          1200 AM
 LOWEST     58           100 PM
 AVERAGE    76

..........................................................


THE JOPLIN MO CLIMATE NORMALS FOR TODAY
                         NORMAL    RECORD    YEAR
 MAXIMUM TEMPERATURE (F)   78        89      1996
                                             2001
 MINIMUM TEMPERATURE (F)   57        40      2011
                                             1973


SUNRISE AND SUNSET
MAY 17 2015...........SUNRISE   608 AM CDT   SUNSET   821 PM CDT
MAY 18 2015...........SUNRISE   607 AM CDT   SUNSET   822 PM CDT


-  INDICATES NEGATIVE NUMBERS.
R  INDICATES RECORD WAS SET OR TIED.
MM INDICATES DATA IS MISSING.
T  INDICATES TRACE AMOUNT.




$$
