000
CDUS43 KSGF 052232
CLIJLN


CLIMATE REPORT
NATIONAL WEATHER SERVICE SPRINGFIELD MO
531 PM CDT THU OCT 5 2017


...................................

...THE JOPLIN MO CLIMATE SUMMARY FOR OCTOBER 5 2017...
VALID TODAY AS OF 0500 PM LOCAL TIME.

CLIMATE NORMAL PERIOD 1981 TO 2010
CLIMATE RECORD PERIOD 1902 TO 2017


WEATHER ITEM   OBSERVED TIME   RECORD YEAR NORMAL DEPARTURE LAST
                VALUE   (LST)  VALUE       VALUE  FROM      YEAR
                                                  NORMAL
..................................................................
TEMPERATURE (F)
 TODAY
  MAXIMUM         79   1147 AM  91    1963  75      4       81
  MINIMUM         68    641 AM  35    1988  51     17       58
                                      1999
  AVERAGE         74                        63     11       70

PRECIPITATION (IN)
  TODAY            T             2.25 1976   0.13  -0.13     0.96
  MONTH TO DATE    0.46                      0.67  -0.21     0.96
  SINCE SEP 1      1.95                      5.62  -3.67     3.70
  SINCE JAN 1     40.63                     36.59   4.04    33.48

DEGREE DAYS
 HEATING
  TODAY            0                         5     -5        0
  MONTH TO DATE    0                        21    -21        3
  SINCE SEP 1      7                        62    -55       20
  SINCE JUL 1      7                        63    -56       20

 COOLING
  TODAY            9                         3      6        5
  MONTH TO DATE   45                        15     30       18
  SINCE SEP 1    267                       230     37      275
  SINCE JAN 1   1699                      1657     42     1762
..................................................................


WIND (MPH)
  HIGHEST WIND SPEED    20   HIGHEST WIND DIRECTION    SW (220)
  HIGHEST GUST SPEED    25   HIGHEST GUST DIRECTION    SW (220)


SKY COVER
  AVERAGE SKY COVER 0.8


WEATHER CONDITIONS
 THE FOLLOWING WEATHER WAS RECORDED TODAY.
  LIGHT RAIN
  FOG


RELATIVE HUMIDITY (PERCENT)
 HIGHEST   100          1200 AM
 LOWEST     74          1200 PM
 AVERAGE    87

..........................................................


THE JOPLIN MO CLIMATE NORMALS FOR TOMORROW
                         NORMAL    RECORD    YEAR
 MAXIMUM TEMPERATURE (F)   74        90      1963
 MINIMUM TEMPERATURE (F)   51        33      2012


SUNRISE AND SUNSET
OCTOBER  5 2017.......SUNRISE   717 AM CDT   SUNSET   655 PM CDT
OCTOBER  6 2017.......SUNRISE   718 AM CDT   SUNSET   653 PM CDT


-  INDICATES NEGATIVE NUMBERS.
R  INDICATES RECORD WAS SET OR TIED.
MM INDICATES DATA IS MISSING.
T  INDICATES TRACE AMOUNT.




$$
