000
CDUS43 KSGF 192126
CLIJLN


CLIMATE REPORT
NATIONAL WEATHER SERVICE SPRINGFIELD MO
426 PM CDT THU MAR 19 2015


...................................

...THE JOPLIN MO CLIMATE SUMMARY FOR MARCH 19 2015...
VALID AS OF 0400 PM LOCAL TIME.

CLIMATE NORMAL PERIOD 1981 TO 2010
CLIMATE RECORD PERIOD 1902 TO 2015


WEATHER ITEM   OBSERVED TIME   RECORD YEAR NORMAL DEPARTURE LAST
                VALUE   (LST)  VALUE       VALUE  FROM      YEAR
                                                  NORMAL
..................................................................
TEMPERATURE (F)
 TODAY
  MAXIMUM         49    246 PM  84    1995  61    -12       54
  MINIMUM         41    739 AM  13    1965  39      2       35
  AVERAGE         45                        50     -5       45

PRECIPITATION (IN)
  TODAY            0.01          3.06 2012   0.11  -0.10     0.00
  MONTH TO DATE    1.22                      2.00  -0.78     1.74
  SINCE MAR 1      1.22                      2.00  -0.78     1.74
  SINCE JAN 1      2.74                      6.35  -3.61     2.59

DEGREE DAYS
 HEATING
  TODAY           20                        15      5       20
  MONTH TO DATE  357                       344     13      453
  SINCE MAR 1    357                       344     13      453
  SINCE JUL 1   3893                      3598    295     4302

 COOLING
  TODAY            0                         0      0        0
  MONTH TO DATE    0                         0      0        0
  SINCE MAR 1      0                         0      0        0
  SINCE JAN 1      0                         1     -1        0
..................................................................


WIND (MPH)
  HIGHEST WIND SPEED     9   HIGHEST WIND DIRECTION    SE (120)
  HIGHEST GUST SPEED    12   HIGHEST GUST DIRECTION     E (100)


SKY COVER
  AVERAGE SKY COVER 0.9


WEATHER CONDITIONS
 THE FOLLOWING WEATHER WAS RECORDED TODAY.
  LIGHT RAIN
  FOG


RELATIVE HUMIDITY (PERCENT)
 HIGHEST    96           900 AM
 LOWEST     80           200 PM
 AVERAGE    88

..........................................................


THE JOPLIN MO CLIMATE NORMALS FOR TOMORROW
                         NORMAL    RECORD    YEAR
 MAXIMUM TEMPERATURE (F)   61        81      1975
 MINIMUM TEMPERATURE (F)   39        12      1965


SUNRISE AND SUNSET
MARCH 19 2015.........SUNRISE   723 AM CDT   SUNSET   729 PM CDT
MARCH 20 2015.........SUNRISE   722 AM CDT   SUNSET   730 PM CDT


-  INDICATES NEGATIVE NUMBERS.
R  INDICATES RECORD WAS SET OR TIED.
MM INDICATES DATA IS MISSING.
T  INDICATES TRACE AMOUNT.




$$
