000
CDUS43 KSGF 292231
CLIJLN


CLIMATE REPORT
NATIONAL WEATHER SERVICE SPRINGFIELD MO
431 PM CST WED NOV 29 2017


...................................

...THE JOPLIN MO CLIMATE SUMMARY FOR NOVEMBER 29 2017...
VALID AS OF 0400 PM LOCAL TIME.

CLIMATE NORMAL PERIOD 1981 TO 2010
CLIMATE RECORD PERIOD 1902 TO 2017


WEATHER ITEM   OBSERVED TIME   RECORD YEAR NORMAL DEPARTURE LAST
                VALUE   (LST)  VALUE       VALUE  FROM      YEAR
                                                  NORMAL
..................................................................
TEMPERATURE (F)
 TODAY
  MAXIMUM         61   1155 AM  72    2014  52      9       60
  MINIMUM         49    847 AM   7    1976  32     17       36
  AVERAGE         55                        42     13       48

PRECIPITATION (IN)
  TODAY            0.26          1.20 1975   0.12   0.14     0.00
  MONTH TO DATE    0.52                      3.66  -3.14     0.87
  SINCE SEP 1      6.32                     12.64  -6.32     8.86
  SINCE JAN 1     45.00                     43.61   1.39    38.64

DEGREE DAYS
 HEATING
  TODAY           10                        23    -13       17
  MONTH TO DATE  395                       482    -87      327
  SINCE SEP 1    626                       733   -107      429
  SINCE JUL 1    626                       734   -108      429

 COOLING
  TODAY            0                         0      0        0
  MONTH TO DATE    1                         5     -4       27
  SINCE SEP 1    318                       269     49      391
  SINCE JAN 1   1750                      1696     54     1878
..................................................................


WIND (MPH)
  HIGHEST WIND SPEED    20   HIGHEST WIND DIRECTION     E (90)
  HIGHEST GUST SPEED    25   HIGHEST GUST DIRECTION     E (90)


SKY COVER
  AVERAGE SKY COVER 0.9


WEATHER CONDITIONS
 THE FOLLOWING WEATHER WAS RECORDED TODAY.
  RAIN
  LIGHT RAIN
  FOG


RELATIVE HUMIDITY (PERCENT)
 HIGHEST   100           700 AM
 LOWEST     69          1200 PM
 AVERAGE    85

..........................................................


THE JOPLIN MO CLIMATE NORMALS FOR TOMORROW
                         NORMAL    RECORD    YEAR
 MAXIMUM TEMPERATURE (F)   52        71      1970
 MINIMUM TEMPERATURE (F)   32         9      1976


SUNRISE AND SUNSET
NOVEMBER 29 2017......SUNRISE   711 AM CST   SUNSET   501 PM CST
NOVEMBER 30 2017......SUNRISE   712 AM CST   SUNSET   501 PM CST


-  INDICATES NEGATIVE NUMBERS.
R  INDICATES RECORD WAS SET OR TIED.
MM INDICATES DATA IS MISSING.
T  INDICATES TRACE AMOUNT.




$$
