000
CDUS43 KSGF 200631
CLIJLN


CLIMATE REPORT
NATIONAL WEATHER SERVICE SPRINGFIELD MO
1230 AM CST SUN NOV 20 2016


...................................

...THE JOPLIN MO CLIMATE SUMMARY FOR NOVEMBER 19 2016...

CLIMATE NORMAL PERIOD 1981 TO 2010
CLIMATE RECORD PERIOD 1902 TO 2016


WEATHER ITEM   OBSERVED TIME   RECORD YEAR NORMAL DEPARTURE LAST
                VALUE   (LST)  VALUE       VALUE  FROM      YEAR
                                                  NORMAL
..................................................................
TEMPERATURE (F)
 YESTERDAY
  MAXIMUM         46    331 PM  75    1950  57    -11       53
  MINIMUM         26    659 AM  21    1969  37    -11       36
  AVERAGE         36                        47    -11       45

PRECIPITATION (IN)
  YESTERDAY        0.00          1.54 1994   0.12  -0.12     0.00
  MONTH TO DATE    0.75                      2.47  -1.72     4.55
  SINCE SEP 1      8.74                     11.45  -2.71     6.37
  SINCE JAN 1     38.52                     42.42  -3.90    45.07

DEGREE DAYS
 HEATING
  YESTERDAY       29                        18     11       20
  MONTH TO DATE  165                       273   -108      208
  SINCE SEP 1    267                       524   -257      396
  SINCE JUL 1    267                       525   -258      397

 COOLING
  YESTERDAY        0                         0      0        0
  MONTH TO DATE   27                         5     22        2
  SINCE SEP 1    391                       269    122      317
  SINCE JAN 1   1878                      1696    182     1703
..................................................................


WIND (MPH)
  HIGHEST WIND SPEED    16   HIGHEST WIND DIRECTION    NW (330)
  HIGHEST GUST SPEED    21   HIGHEST GUST DIRECTION    NW (320)
  AVERAGE WIND SPEED     6.0


SKY COVER
  AVERAGE SKY COVER 0.0


WEATHER CONDITIONS
 THE FOLLOWING WEATHER WAS RECORDED YESTERDAY.
  FOG
  HAZE


RELATIVE HUMIDITY (PERCENT)
 HIGHEST    92           600 AM
 LOWEST     45           300 PM
 AVERAGE    69

..........................................................


THE JOPLIN MO CLIMATE NORMALS FOR TODAY
                         NORMAL    RECORD    YEAR
 MAXIMUM TEMPERATURE (F)   57        75      2007
 MINIMUM TEMPERATURE (F)   36        21      2006


SUNRISE AND SUNSET
NOVEMBER 20 2016......SUNRISE   703 AM CST   SUNSET   505 PM CST
NOVEMBER 21 2016......SUNRISE   704 AM CST   SUNSET   504 PM CST


-  INDICATES NEGATIVE NUMBERS.
R  INDICATES RECORD WAS SET OR TIED.
MM INDICATES DATA IS MISSING.
T  INDICATES TRACE AMOUNT.




$$
