000
CDUS43 KSGF 100629
CLIJLN


CLIMATE REPORT
NATIONAL WEATHER SERVICE SPRINGFIELD MO
128 AM CDT WED MAY 10 2017


...................................

...THE JOPLIN MO CLIMATE SUMMARY FOR MAY 9 2017...

CLIMATE NORMAL PERIOD 1981 TO 2010
CLIMATE RECORD PERIOD 1902 TO 2017


WEATHER ITEM   OBSERVED TIME   RECORD YEAR NORMAL DEPARTURE LAST
                VALUE   (LST)  VALUE       VALUE  FROM      YEAR
                                                  NORMAL
..................................................................
TEMPERATURE (F)
 YESTERDAY
  MAXIMUM         83    431 PM  89    2011  76      7       77
  MINIMUM         59    438 AM  35    1980  54      5       57
  AVERAGE         71                        65      6       67

PRECIPITATION (IN)
  YESTERDAY        0.00          2.25 2000   0.19  -0.19     0.10
  MONTH TO DATE    1.85                      1.74   0.11     0.14
  SINCE MAR 1     15.79                      9.63   6.16     7.26
  SINCE JAN 1     19.78                     13.98   5.80     7.93

DEGREE DAYS
 HEATING
  YESTERDAY        0                         3     -3        0
  MONTH TO DATE   44                        31     13       51
  SINCE MAR 1    599                       780   -181      567
  SINCE JUL 1   3151                      4034   -883     3317

 COOLING
  YESTERDAY        6                         3      3        2
  MONTH TO DATE   20                        23     -3        9
  SINCE MAR 1     84                        76      8       31
  SINCE JAN 1     94                        77     17       32
..................................................................


WIND (MPH)
  HIGHEST WIND SPEED    18   HIGHEST WIND DIRECTION    SW (210)
  HIGHEST GUST SPEED    23   HIGHEST GUST DIRECTION    SW (220)
  AVERAGE WIND SPEED     9.9


SKY COVER
  AVERAGE SKY COVER 0.2


WEATHER CONDITIONS
 THE FOLLOWING WEATHER WAS RECORDED YESTERDAY.
  NO SIGNIFICANT WEATHER WAS OBSERVED.


RELATIVE HUMIDITY (PERCENT)
 HIGHEST    90           400 AM
 LOWEST     51           300 PM
 AVERAGE    71

..........................................................


THE JOPLIN MO CLIMATE NORMALS FOR TODAY
                         NORMAL    RECORD    YEAR
 MAXIMUM TEMPERATURE (F)   76        91      1963
 MINIMUM TEMPERATURE (F)   55        38      1989
                                             1997


SUNRISE AND SUNSET
MAY 10 2017...........SUNRISE   614 AM CDT   SUNSET   816 PM CDT
MAY 11 2017...........SUNRISE   613 AM CDT   SUNSET   816 PM CDT


-  INDICATES NEGATIVE NUMBERS.
R  INDICATES RECORD WAS SET OR TIED.
MM INDICATES DATA IS MISSING.
T  INDICATES TRACE AMOUNT.




$$
