000
CDUS43 KSGF 072226
CLIJLN


CLIMATE REPORT
NATIONAL WEATHER SERVICE SPRINGFIELD MO
525 PM CDT THU JUL 7 2016


...................................

...THE JOPLIN MO CLIMATE SUMMARY FOR JULY 7 2016...
VALID TODAY AS OF 0500 PM LOCAL TIME.

CLIMATE NORMAL PERIOD 1981 TO 2010
CLIMATE RECORD PERIOD 1902 TO 2016


WEATHER ITEM   OBSERVED TIME   RECORD YEAR NORMAL DEPARTURE LAST
                VALUE   (LST)  VALUE       VALUE  FROM      YEAR
                                                  NORMAL
..................................................................
TEMPERATURE (F)
 TODAY
  MAXIMUM         90    243 PM 102    2012  90      0       74
  MINIMUM         73   1021 AM  58    1952  70      3       65
  AVERAGE         82                        80      2       70

PRECIPITATION (IN)
  TODAY            0.05          1.57 1961   0.13  -0.08     0.11
  MONTH TO DATE    2.41                      0.98   1.43     1.02
  SINCE JUN 1      8.53                      6.84   1.69     8.69
  SINCE JAN 1     22.63                     24.79  -2.16    26.40

DEGREE DAYS
 HEATING
  TODAY            0                         0      0        0
  MONTH TO DATE    0                         0      0        0
  SINCE JUN 1      0                         5     -5        0
  SINCE JUL 1      0                         0      0        0

 COOLING
  TODAY           17                        15      2        5
  MONTH TO DATE  106                       101      5       89
  SINCE JUN 1    529                       419    110      474
  SINCE JAN 1    643                       599     44      618
..................................................................


WIND (MPH)
  HIGHEST WIND SPEED    25   HIGHEST WIND DIRECTION     S (180)
  HIGHEST GUST SPEED    31   HIGHEST GUST DIRECTION     S (190)


SKY COVER
  AVERAGE SKY COVER 0.1


WEATHER CONDITIONS
 THE FOLLOWING WEATHER WAS RECORDED TODAY.
  THUNDERSTORM
  LIGHT RAIN
  FOG


RELATIVE HUMIDITY (PERCENT)
 HIGHEST    82           700 AM
 LOWEST     59           400 PM
 AVERAGE    71

..........................................................


THE JOPLIN MO CLIMATE NORMALS FOR TOMORROW
                         NORMAL    RECORD    YEAR
 MAXIMUM TEMPERATURE (F)   90       101      1980
 MINIMUM TEMPERATURE (F)   70        56      1958


SUNRISE AND SUNSET
JULY  7 2016..........SUNRISE   605 AM CDT   SUNSET   841 PM CDT
JULY  8 2016..........SUNRISE   606 AM CDT   SUNSET   841 PM CDT


-  INDICATES NEGATIVE NUMBERS.
R  INDICATES RECORD WAS SET OR TIED.
MM INDICATES DATA IS MISSING.
T  INDICATES TRACE AMOUNT.




$$
