000
CDUS43 KSGF 040258
CLIJLN


CLIMATE REPORT
NATIONAL WEATHER SERVICE SPRINGFIELD MO
958 PM CDT THU JUL 3 2014


...................................

...THE JOPLIN MO CLIMATE SUMMARY FOR JULY 3 2014...
VALID TODAY AS OF 0500 PM LOCAL TIME.

CLIMATE NORMAL PERIOD 1981 TO 2010
CLIMATE RECORD PERIOD 1902 TO 2014


WEATHER ITEM   OBSERVED TIME   RECORD YEAR NORMAL DEPARTURE LAST
                VALUE   (LST)  VALUE       VALUE  FROM      YEAR
                                                  NORMAL
..................................................................
TEMPERATURE (F)
 TODAY
  MAXIMUM         80    359 PM 100    2011  90    -10       85
                                      1980
  MINIMUM         50R   527 AM  55    2013  69    -19       55
  AVERAGE         65                        79    -14       70

PRECIPITATION (IN)
  TODAY            0.00          6.85 1976   0.14  -0.14     0.00
  MONTH TO DATE    T                         0.43  -0.43     0.00
  SINCE JUN 1      3.93                      6.29  -2.36     5.39
  SINCE JAN 1     12.68                     24.24 -11.56    27.78

DEGREE DAYS
 HEATING
  TODAY            0                         0      0        0
  MONTH TO DATE    0                         0      0        0
  SINCE JUN 1      2                         5     -3       12
  SINCE JUL 1      0                         0      0        0

 COOLING
  TODAY            0                        14    -14        5
  MONTH TO DATE   17                        42    -25       12
  SINCE JUN 1    320                       360    -40      335
  SINCE JAN 1    533                       540     -7      479
..................................................................


WIND (MPH)
  HIGHEST WIND SPEED    10   HIGHEST WIND DIRECTION     N (20)
  HIGHEST GUST SPEED    14   HIGHEST GUST DIRECTION     E (70)


SKY COVER
  AVERAGE SKY COVER 0.0


WEATHER CONDITIONS
 THE FOLLOWING WEATHER WAS RECORDED TODAY.
  FOG


RELATIVE HUMIDITY (PERCENT)
 HIGHEST    96           400 AM
 LOWEST     39           300 PM
 AVERAGE    68

..........................................................


THE JOPLIN MO CLIMATE NORMALS FOR TOMORROW
                         NORMAL    RECORD    YEAR
 MAXIMUM TEMPERATURE (F)   90       102      1954
 MINIMUM TEMPERATURE (F)   69        56      1968


SUNRISE AND SUNSET
JULY  3 2014..........SUNRISE   603 AM CDT   SUNSET   842 PM CDT
JULY  4 2014..........SUNRISE   603 AM CDT   SUNSET   842 PM CDT


-  INDICATES NEGATIVE NUMBERS.
R  INDICATES RECORD WAS SET OR TIED.
MM INDICATES DATA IS MISSING.
T  INDICATES TRACE AMOUNT.




$$
