000
CDUS43 KSGF 032127
CLIJLN


CLIMATE REPORT
NATIONAL WEATHER SERVICE SPRINGFIELD MO
426 PM CDT TUE OCT 3 2017


...................................

...THE JOPLIN MO CLIMATE SUMMARY FOR OCTOBER 3 2017...
VALID AS OF 0400 PM LOCAL TIME.

CLIMATE NORMAL PERIOD 1981 TO 2010
CLIMATE RECORD PERIOD 1902 TO 2017


WEATHER ITEM   OBSERVED TIME   RECORD YEAR NORMAL DEPARTURE LAST
                VALUE   (LST)  VALUE       VALUE  FROM      YEAR
                                                  NORMAL
..................................................................
TEMPERATURE (F)
 TODAY
  MAXIMUM         80   1226 PM  92    2006  75      5       82
  MINIMUM         70    113 AM  32    1987  52     18       58
  AVERAGE         75                        64     11       70

PRECIPITATION (IN)
  TODAY            0.21          2.92 1990   0.13   0.08     0.00
  MONTH TO DATE    0.21                      0.40  -0.19     0.00
  SINCE SEP 1      1.70                      5.35  -3.65     2.74
  SINCE JAN 1     40.38                     36.32   4.06    32.52

DEGREE DAYS
 HEATING
  TODAY            0                         4     -4        0
  MONTH TO DATE    0                        12    -12        3
  SINCE SEP 1      7                        53    -46       20
  SINCE JUL 1      7                        54    -47       20

 COOLING
  TODAY           10                         3      7        5
  MONTH TO DATE   30                         9     21        6
  SINCE SEP 1    252                       224     28      263
  SINCE JAN 1   1684                      1651     33     1750
..................................................................


WIND (MPH)
  HIGHEST WIND SPEED    20   HIGHEST WIND DIRECTION     S (170)
  HIGHEST GUST SPEED    33   HIGHEST GUST DIRECTION     S (200)


SKY COVER
  AVERAGE SKY COVER 0.9


WEATHER CONDITIONS
 THE FOLLOWING WEATHER WAS RECORDED TODAY.
  RAIN
  LIGHT RAIN
  FOG


RELATIVE HUMIDITY (PERCENT)
 HIGHEST   100           200 PM
 LOWEST     79          1200 AM
 AVERAGE    90

..........................................................


THE JOPLIN MO CLIMATE NORMALS FOR TOMORROW
                         NORMAL    RECORD    YEAR
 MAXIMUM TEMPERATURE (F)   75        91      1963
 MINIMUM TEMPERATURE (F)   52        34      1968


SUNRISE AND SUNSET
OCTOBER  3 2017.......SUNRISE   715 AM CDT   SUNSET   658 PM CDT
OCTOBER  4 2017.......SUNRISE   716 AM CDT   SUNSET   656 PM CDT


-  INDICATES NEGATIVE NUMBERS.
R  INDICATES RECORD WAS SET OR TIED.
MM INDICATES DATA IS MISSING.
T  INDICATES TRACE AMOUNT.




$$
