000
CDUS43 KSGF 222126
CLIJLN


CLIMATE REPORT
NATIONAL WEATHER SERVICE SPRINGFIELD MO
426 PM CDT MON JUN 22 2015


...................................

...THE JOPLIN MO CLIMATE SUMMARY FOR JUNE 22 2015...
VALID AS OF 0400 PM LOCAL TIME.

CLIMATE NORMAL PERIOD 1981 TO 2010
CLIMATE RECORD PERIOD 1902 TO 2015


WEATHER ITEM   OBSERVED TIME   RECORD YEAR NORMAL DEPARTURE LAST
                VALUE   (LST)  VALUE       VALUE  FROM      YEAR
                                                  NORMAL
..................................................................
TEMPERATURE (F)
 TODAY
  MAXIMUM         89    259 PM  97    1949  88      1       89
  MINIMUM         75    320 AM  53    1992  67      8       71
  AVERAGE         82                        77      5       80

PRECIPITATION (IN)
  TODAY            0.00          3.76 1985   0.21  -0.21     0.00
  MONTH TO DATE    6.26                      4.45   1.81     3.41
  SINCE JUN 1      6.26                      4.45   1.81     3.41
  SINCE JAN 1     23.97                     22.40   1.57    12.16

DEGREE DAYS
 HEATING
  TODAY            0                         0      0        0
  MONTH TO DATE    0                         2     -2        2
  SINCE JUN 1      0                         2     -2        2
  SINCE JUL 1   4290                      4071    219     4883

 COOLING
  TODAY           17                        12      5       15
  MONTH TO DATE  273                       212     61      207
  SINCE JUN 1    273                       212     61      207
  SINCE JAN 1    417                       392     25      420
..................................................................


WIND (MPH)
  HIGHEST WIND SPEED    28   HIGHEST WIND DIRECTION     S (200)
  HIGHEST GUST SPEED    38   HIGHEST GUST DIRECTION     S (200)


SKY COVER
  AVERAGE SKY COVER 0.3


WEATHER CONDITIONS
 THE FOLLOWING WEATHER WAS RECORDED TODAY.
  NO SIGNIFICANT WEATHER WAS OBSERVED.


RELATIVE HUMIDITY (PERCENT)
 HIGHEST    87           300 AM
 LOWEST     59          1200 PM
 AVERAGE    73

..........................................................


THE JOPLIN MO CLIMATE NORMALS FOR TOMORROW
                         NORMAL    RECORD    YEAR
 MAXIMUM TEMPERATURE (F)   88        98      2009
                                             1988
 MINIMUM TEMPERATURE (F)   67        52      2004


SUNRISE AND SUNSET
JUNE 22 2015..........SUNRISE   558 AM CDT   SUNSET   842 PM CDT
JUNE 23 2015..........SUNRISE   559 AM CDT   SUNSET   842 PM CDT


-  INDICATES NEGATIVE NUMBERS.
R  INDICATES RECORD WAS SET OR TIED.
MM INDICATES DATA IS MISSING.
T  INDICATES TRACE AMOUNT.




$$
