000
CDUS43 KSGF 110633
CLIJLN


CLIMATE REPORT
NATIONAL WEATHER SERVICE SPRINGFIELD MO
1232 AM CST SAT MAR 11 2017


...................................

...THE JOPLIN MO CLIMATE SUMMARY FOR MARCH 10 2017...

CLIMATE NORMAL PERIOD 1981 TO 2010
CLIMATE RECORD PERIOD 1902 TO 2017


WEATHER ITEM   OBSERVED TIME   RECORD YEAR NORMAL DEPARTURE LAST
                VALUE   (LST)  VALUE       VALUE  FROM      YEAR
                                                  NORMAL
..................................................................
TEMPERATURE (F)
 YESTERDAY
  MAXIMUM         51    341 PM  82    1972  58     -7       62
  MINIMUM         34    657 AM   4    1948  36     -2       45
  AVERAGE         43                        47     -4       54

PRECIPITATION (IN)
  YESTERDAY        0.00          2.81 1974   0.10  -0.10      T
  MONTH TO DATE    1.08                      1.03   0.05     0.74
  SINCE MAR 1      1.08                      1.03   0.05     0.74
  SINCE JAN 1      5.07                      5.38  -0.31     1.41

DEGREE DAYS
 HEATING
  YESTERDAY       22                        18      4       11
  MONTH TO DATE  125                       195    -70      107
  SINCE MAR 1    125                       195    -70      107
  SINCE JUL 1   2677                      3449   -772     2857

 COOLING
  YESTERDAY        0                         0      0        0
  MONTH TO DATE    0                         0      0        1
  SINCE MAR 1      0                         0      0        1
  SINCE JAN 1     10                         1      9        2
..................................................................


WIND (MPH)
  HIGHEST WIND SPEED    18   HIGHEST WIND DIRECTION    NE (40)
  HIGHEST GUST SPEED    33   HIGHEST GUST DIRECTION     S (190)
  AVERAGE WIND SPEED    11.0


SKY COVER
  AVERAGE SKY COVER 0.2


WEATHER CONDITIONS
 THE FOLLOWING WEATHER WAS RECORDED YESTERDAY.
  NO SIGNIFICANT WEATHER WAS OBSERVED.


RELATIVE HUMIDITY (PERCENT)
 HIGHEST    76           500 AM
 LOWEST     36           500 PM
 AVERAGE    56

..........................................................


THE JOPLIN MO CLIMATE NORMALS FOR TODAY
                         NORMAL    RECORD    YEAR
 MAXIMUM TEMPERATURE (F)   58        85      1967
 MINIMUM TEMPERATURE (F)   36        -5      1948


SUNRISE AND SUNSET
MARCH 11 2017.........SUNRISE   634 AM CST   SUNSET   622 PM CST
MARCH 12 2017.........SUNRISE   733 AM CDT   SUNSET   723 PM CDT


-  INDICATES NEGATIVE NUMBERS.
R  INDICATES RECORD WAS SET OR TIED.
MM INDICATES DATA IS MISSING.
T  INDICATES TRACE AMOUNT.




$$
