000
CDUS43 KSGF 102225
CLIJLN


CLIMATE REPORT
NATIONAL WEATHER SERVICE SPRINGFIELD MO
525 PM CDT SAT SEP 10 2016


...................................

...THE JOPLIN MO CLIMATE SUMMARY FOR SEPTEMBER 10 2016...
VALID TODAY AS OF 0500 PM LOCAL TIME.

CLIMATE NORMAL PERIOD 1981 TO 2010
CLIMATE RECORD PERIOD 1902 TO 2016


WEATHER ITEM   OBSERVED TIME   RECORD YEAR NORMAL DEPARTURE LAST
                VALUE   (LST)  VALUE       VALUE  FROM      YEAR
                                                  NORMAL
..................................................................
TEMPERATURE (F)
 TODAY
  MAXIMUM         76    256 PM  96    2000  85     -9       87
  MINIMUM         62    703 AM  43    1976  62      0       65
  AVERAGE         69                        73     -4       76

PRECIPITATION (IN)
  TODAY            0.92          1.43 1975   0.16   0.76     0.02
  MONTH TO DATE    2.62                      1.59   1.03     0.66
  SINCE SEP 1      2.62                      1.59   1.03     0.66
  SINCE JAN 1     32.40                     32.56  -0.16    39.36

DEGREE DAYS
 HEATING
  TODAY            0                         0      0        0
  MONTH TO DATE    0                         0      0        0
  SINCE SEP 1      0                         0      0        0
  SINCE JUL 1      0                         1     -1        1

 COOLING
  TODAY            4                         9     -5       11
  MONTH TO DATE  108                       102      6      147
  SINCE SEP 1    108                       102      6      147
  SINCE JAN 1   1595                      1529     66     1533
..................................................................


WIND (MPH)
  HIGHEST WIND SPEED    21   HIGHEST WIND DIRECTION     N (340)
  HIGHEST GUST SPEED    28   HIGHEST GUST DIRECTION    NW (330)


SKY COVER
  AVERAGE SKY COVER 0.4


WEATHER CONDITIONS
 THE FOLLOWING WEATHER WAS RECORDED TODAY.
  THUNDERSTORM
  HEAVY RAIN
  RAIN
  LIGHT RAIN
  FOG


RELATIVE HUMIDITY (PERCENT)
 HIGHEST   100           100 AM
 LOWEST     49           400 PM
 AVERAGE    75

..........................................................


THE JOPLIN MO CLIMATE NORMALS FOR TOMORROW
                         NORMAL    RECORD    YEAR
 MAXIMUM TEMPERATURE (F)   84       100      2000
 MINIMUM TEMPERATURE (F)   61        44      1968


SUNRISE AND SUNSET
SEPTEMBER 10 2016.....SUNRISE   656 AM CDT   SUNSET   732 PM CDT
SEPTEMBER 11 2016.....SUNRISE   657 AM CDT   SUNSET   731 PM CDT


-  INDICATES NEGATIVE NUMBERS.
R  INDICATES RECORD WAS SET OR TIED.
MM INDICATES DATA IS MISSING.
T  INDICATES TRACE AMOUNT.




$$
