000
CDUS43 KSGF 292326
CLIJLN


CLIMATE REPORT
NATIONAL WEATHER SERVICE SPRINGFIELD MO
526 PM CST FRI JAN 29 2016


...................................

...THE JOPLIN MO CLIMATE SUMMARY FOR JANUARY 29 2016...
VALID TODAY AS OF 0500 PM LOCAL TIME.

CLIMATE NORMAL PERIOD 1981 TO 2010
CLIMATE RECORD PERIOD 1902 TO 2016


WEATHER ITEM   OBSERVED TIME   RECORD YEAR NORMAL DEPARTURE LAST
                VALUE   (LST)  VALUE       VALUE  FROM      YEAR
                                                  NORMAL
..................................................................
TEMPERATURE (F)
 TODAY
  MAXIMUM         73R   226 PM  73    2011  46     27       61
  MINIMUM         27    427 AM  -4    1966  26      1       30
                                      1976
  AVERAGE         50                        36     14       46

PRECIPITATION (IN)
  TODAY            0.00          1.58 2013   0.06  -0.06     0.00
  MONTH TO DATE    0.30                      1.89  -1.59     0.45
  SINCE DEC 1     10.07                      4.71   5.36     2.29
  SINCE JAN 1      0.30                      1.89  -1.59     0.45

DEGREE DAYS
 HEATING
  TODAY           15                        29    -14       19
  MONTH TO DATE  853                       867    -14      862
  SINCE DEC 1   1490                      1727   -237     1635
  SINCE JUL 1   2108                      2484   -376     2548

 COOLING
  TODAY            0                         0      0        0
  MONTH TO DATE    0                         0      0        0
  SINCE DEC 1      3                         0      3        0
  SINCE JAN 1      0                         0      0        0
..................................................................


WIND (MPH)
  HIGHEST WIND SPEED    26   HIGHEST WIND DIRECTION     S (180)
  HIGHEST GUST SPEED    34   HIGHEST GUST DIRECTION     S (190)


SKY COVER
  AVERAGE SKY COVER 0.0


WEATHER CONDITIONS
 THE FOLLOWING WEATHER WAS RECORDED TODAY.
  NO SIGNIFICANT WEATHER WAS OBSERVED.


RELATIVE HUMIDITY (PERCENT)
 HIGHEST    85           300 AM
 LOWEST     22           200 PM
 AVERAGE    54

..........................................................


THE JOPLIN MO CLIMATE NORMALS FOR TOMORROW
                         NORMAL    RECORD    YEAR
 MAXIMUM TEMPERATURE (F)   46        66      2012
                                             1967
 MINIMUM TEMPERATURE (F)   26        -5      1949


SUNRISE AND SUNSET
JANUARY 29 2016.......SUNRISE   723 AM CST   SUNSET   539 PM CST
JANUARY 30 2016.......SUNRISE   723 AM CST   SUNSET   540 PM CST


-  INDICATES NEGATIVE NUMBERS.
R  INDICATES RECORD WAS SET OR TIED.
MM INDICATES DATA IS MISSING.
T  INDICATES TRACE AMOUNT.




$$
